000
CXUS54 KFWD 010730
CF6LUD
PRELIMINARY LOCAL CLIMATOLOGICAL DATA (WS FORM: F-6)
STATION: DECATUR
MONTH: OCTOBER
YEAR: 2022
LATITUDE: 33 15 N
LONGITUDE: 97 30 W
TEMPERATURE IN F: :PCPN: SNOW: WIND :SUNSHINE: SKY :PK WND
================================================================================
1 2 3 4 5 6A 6B 7 8 9 10 11 12 13 14 15 16 17 18
12Z AVG MX 2MIN
DY MAX MIN AVG DEP HDD CDD WTR SNW DPTH SPD SPD DIR MIN PSBL S-S WX SPD DR
================================================================================
1 M M M M M M M M M M M M M M M M M
2 M M M M M M M M M M M M M M M M M
3 M M M M M M M M M M M M M M M M M
4 M M M M M M M M M M M M M M M M M
5 M M M M M M M M M M M M M M M M M
6 M M M M M M M M M M M M M M M M M
7 M M M M M M M M M M M M M M M M M
8 M M M M M M M M M M M M M M M M M
9 M M M M M M M M M M M M M M M M M
10 M M M M M M M M M M M M M M M M M
11 78 69 74 8 0 9 0.02 M M 8.3 18 180 M M 4 24 180
12 89 66 78 13 0 13 0.00 M M 8.4 14 220 M M 0 21 220
13 80 56 68 3 0 3 0.00 M M 5.7 10 40 M M 0 M M
14 88 55 72 7 0 7 0.00 M M 6.5 13 220 M M 0 21 220
15 92 69 81 17 0 16 0.30 M M 10.4 20 270 M M 1 26 190
16 76 60 68 4 0 3 0.23 M M 7.2 17 40 M M 6 26 190
17 67 50 59 -5 6 0 0.00 M M 6.2 10 360 M M 2 17 360
18 63 41 52 -11 13 0 0.00 M M 4.6 9 20 M M 0 16 0
19 67 37 52 -11 13 0 0.00 M M 5.2 14 180 M M 0 22 180
20 82 55 69 6 0 4 0.00 M M 6.6 15 280 M M 0 18 280
21 91 59 75 12 0 10 0.00 M M 9.2 15 180 M M 0 22 180
22 88 62 75 13 0 10 0.00 M M 13.7 20 180 M M 0 28 190
23 84 67 76 14 0 11 0.00 M M 17.5 24 160 M M 1 36 160
24 75 55 65 3 0 0 0.88 M M 10.2 22 290 M M 8 1 33 290
25 68 47 58 -3 7 0 0.01 M M 8.6 21 270 M M 3 35 280
26 71 47 59 -2 6 0 0.00 M M 5.1 9 130 M M 0 16 130
27 73 50 62 1 3 0 0.00 M M 10.3 16 150 M M 1 24 150
28 60 50 55 -5 10 0 1.67 M M 8.5 25 90 M M 10 1 35 90
29 62 52 57 -3 8 0 0.04 M M 5.0 8 320 M M 9 1 M M
30 73 50 62 2 3 0 0.00 M M 4.3 9 320 M M 0 16 270
31 75 52 64 4 1 0 0.00 M M 1.7 6 140 M M 0 M M
================================================================================
SM 1602 1149 70 86 3.15 M 163.5 M 45
================================================================================
AV 76.3 54.7 7.8 FASTST M M 2 MAX(MPH)
MISC ----> 25 90 36 160
================================================================================
NOTES:
# LAST OF SEVERAL OCCURRENCES
COLUMN 17 PEAK WIND IN M.P.H.
PRELIMINARY LOCAL CLIMATOLOGICAL DATA (WS FORM: F-6) , PAGE 2
STATION: DECATUR
MONTH: OCTOBER
YEAR: 2022
LATITUDE: 33 15 N
LONGITUDE: 97 30 W
[TEMPERATURE DATA] [PRECIPITATION DATA] SYMBOLS USED IN COLUMN 16
AVERAGE MONTHLY: 65.5 TOTAL FOR MONTH: 3.15 1 = FOG OR MIST
DPTR FM NORMAL: 1.4 DPTR FM NORMAL: -1.34 2 = FOG REDUCING VISIBILITY
HIGHEST: 92 ON 15 GRTST 24HR 1.67 ON 28-28 TO 1/4 MILE OR LESS
LOWEST: 37 ON 19 3 = THUNDER
SNOW, ICE PELLETS, HAIL 4 = ICE PELLETS
TOTAL MONTH: M 5 = HAIL
GRTST 24HR M ON M 6 = FREEZING RAIN OR DRIZZLE
GRTST DEPTH: M ON M 7 = DUSTSTORM OR SANDSTORM:
VSBY 1/2 MILE OR LESS
8 = SMOKE OR HAZE
[NO. OF DAYS WITH] [WEATHER - DAYS WITH] 9 = BLOWING SNOW
X = TORNADO
MAX 32 OR BELOW: 0 0.01 INCH OR MORE: 7
MAX 90 OR ABOVE: 2 0.10 INCH OR MORE: 4
MIN 32 OR BELOW: 0 0.50 INCH OR MORE: 2
MIN 0 OR BELOW: 0 1.00 INCH OR MORE: 1
[HDD (BASE 65) ]
TOTAL THIS MO. 70 CLEAR (SCALE 0-3) 16
DPTR FM NORMAL -39 PTCLDY (SCALE 4-7) 3
TOTAL FM JUL 1 73 CLOUDY (SCALE 8-10) 12
DPTR FM NORMAL -50
[CDD (BASE 65) ]
TOTAL THIS MO. 86
DPTR FM NORMAL 6 [PRESSURE DATA]
TOTAL FM JAN 1 3034 HIGHEST SLP M ON M
DPTR FM NORMAL 948 LOWEST SLP M ON M
[REMARKS]
#FINAL-10-22#