000
CXUS54 KHGX 011410
CF6LVJ
PRELIMINARY LOCAL CLIMATOLOGICAL DATA (WS FORM: F-6)
STATION: HOUSTON/CLOVER_FIELD
MONTH: MAY
YEAR: 2023
LATITUDE: 29 31 N
LONGITUDE: 95 14 W
TEMPERATURE IN F: :PCPN: SNOW: WIND :SUNSHINE: SKY :PK WND
================================================================================
1 2 3 4 5 6A 6B 7 8 9 10 11 12 13 14 15 16 17 18
12Z AVG MX 2MIN
DY MAX MIN AVG DEP HDD CDD WTR SNW DPTH SPD SPD DIR MIN PSBL S-S WX SPD DR
================================================================================
1 86 59 73 -1 0 8 0.00 0.0 0 3.4 13 130 M M 2 20 110
2 82 66 74 0 0 9 0.00 0.0 0 4.3 15 130 M M 2 20 140
3 86 64 75 1 0 10 0.00 0.0 0 4.6 16 100 M M 0 18 23 110
4 84 67 76 1 0 11 T 0.0 0 7.0 16 140 M M 8 24 140
5 91 77 84 9 0 19 0.02 0.0 0 7.5 16 150 M M 5 18 22 180
6 89 73 81 6 0 16 T 0.0 0 11.2 18 150 M M 6 138 27 140
7 80 78 79 4 0 14 0.04 0.0 0 7.3 18 120 M M 7 138 28 120
8 86 75 81 5 0 16 T 0.0 0 9.7 21 20 M M 7 18 28 10
9 80 70 75 -1 0 10 0.19 0.0 0 6.6 20 190 M M M 3 28 190
10 78 67 73 -3 0 8 1.80 0.0 0 7.0 17 230 M M 8 13 29 230
11 88 77 83 7 0 18 0.00 0.0 0 11.0 17 180 M M 8 18 24 190
12 87 79 83 6 0 18 T 0.0 0 12.1 17 140 M M 10 8 26 120
13 84 73 79 2 0 14 0.03 0.0 0 9.8 20 130 M M 8 3 26 130
14 86 71 79 2 0 14 0.82 0.0 0 8.5 23 150 M M 7 138 34 220
15 89 74 82 4 0 17 0.00 0.0 0 4.0 14 120 M M 2 19 140
16 91 70 81 3 0 16 0.13 0.0 0 4.2 15 150 M M 4 138 25 170
17 89 68 79 1 0 14 0.00 0.0 0 2.7 10 150 M M 3 14 360
18 91 69 80 2 0 15 0.00 0.0 0 3.2 12 140 M M 0 16 140
19 93 72 83 4 0 18 0.00 0.0 0 4.6 14 160 M M 1 1 23 160
20 93 74 84 5 0 19 T 0.0 0 4.7 24 10 M M 2 36 20
21 82 72 77 -2 0 12 0.00 0.0 0 5.4 13 20 M M 6 8 18 20
22 88 73 81 2 0 16 0.00 0.0 0 3.1 9 180 M M 8 8 12 70
23 91 71 81 1 0 16 0.00 0.0 0 2.4 12 50 M M 2 18 16 60
24 91 72 82 2 0 17 0.00 0.0 0 3.9 16 60 M M 2 8 26 30
25 88 71 80 0 0 15 0.00 0.0 0 4.7 12 20 M M 2 17 60
26 91 70 81 1 0 16 0.00 0.0 0 4.0 13 80 M M 1 18 19 50
27 91 71 81 0 0 16 0.00 0.0 0 3.0 12 120 M M 2 18 19 90
28 89 69 79 -2 0 14 T 0.0 0 3.9 15 110 M M 3 18 21 130
29 88 73 81 0 0 16 T 0.0 0 4.1 15 130 M M 2 3 20 140
30 90 72 81 0 0 16 0.00 0.0 0 5.5 14 150 M M 1 19 120
31 91 71 81 -1 0 16 0.00 0.0 0 0.0 5 140 M M 1 3 7 150
================================================================================
SM 2713 2208 0 454 3.03 0.0 173.4 M 120
================================================================================
AV 87.5 71.2 5.6 FASTST M M 4 MAX(MPH)
MISC ----> 24 10 36 20
================================================================================
NOTES:
# LAST OF SEVERAL OCCURRENCES
COLUMN 17 PEAK WIND IN M.P.H.
PRELIMINARY LOCAL CLIMATOLOGICAL DATA (WS FORM: F-6) , PAGE 2
STATION: HOUSTON/CLOVER_FIELD
MONTH: MAY
YEAR: 2023
LATITUDE: 29 31 N
LONGITUDE: 95 14 W
[TEMPERATURE DATA] [PRECIPITATION DATA] SYMBOLS USED IN COLUMN 16
AVERAGE MONTHLY: 79.4 TOTAL FOR MONTH: 3.03 1 = FOG OR MIST
DPTR FM NORMAL: 1.7 DPTR FM NORMAL: -2.10 2 = FOG REDUCING VISIBILITY
HIGHEST: 93 ON 20,19 GRTST 24HR 1.90 ON 9-10 TO 1/4 MILE OR LESS
LOWEST: 59 ON 1 3 = THUNDER
SNOW, ICE PELLETS, HAIL 4 = ICE PELLETS
TOTAL MONTH: 0.0 INCH 5 = HAIL
GRTST 24HR 0.0 6 = FREEZING RAIN OR DRIZZLE
GRTST DEPTH: 0 7 = DUSTSTORM OR SANDSTORM:
VSBY 1/2 MILE OR LESS
8 = SMOKE OR HAZE
[NO. OF DAYS WITH] [WEATHER - DAYS WITH] 9 = BLOWING SNOW
X = TORNADO
MAX 32 OR BELOW: 0 0.01 INCH OR MORE: 7
MAX 90 OR ABOVE: 11 0.10 INCH OR MORE: 4
MIN 32 OR BELOW: 0 0.50 INCH OR MORE: 2
MIN 0 OR BELOW: 0 1.00 INCH OR MORE: 1
[HDD (BASE 65) ]
TOTAL THIS MO. 0 CLEAR (SCALE 0-3) 17
DPTR FM NORMAL -1 PTCLDY (SCALE 4-7) 12
TOTAL FM JUL 1 920 CLOUDY (SCALE 8-10) 2
DPTR FM NORMAL -151
[CDD (BASE 65) ]
TOTAL THIS MO. 454
DPTR FM NORMAL 58 [PRESSURE DATA]
TOTAL FM JAN 1 983 HIGHEST SLP 30.18 ON 15
DPTR FM NORMAL 244 LOWEST SLP 29.80 ON 17
[REMARKS]
#FINAL-05-23#