000
CXUS53 KDMX 040040
CF6LWD
PRELIMINARY LOCAL CLIMATOLOGICAL DATA (WS FORM: F-6)
STATION: LAMONI IA
MONTH: OCTOBER
YEAR: 2020
LATITUDE: 40 37 N
LONGITUDE: 93 56 W
TEMPERATURE IN F: :PCPN: SNOW: WIND :SUNSHINE: SKY :PK WND
================================================================================
1 2 3 4 5 6A 6B 7 8 9 10 11 12 13 14 15 16 17 18
12Z AVG MX 2MIN
DY MAX MIN AVG DEP HDD CDD WTR SNW DPTH SPD SPD DIR MIN PSBL S-S WX SPD DR
================================================================================
1 61 42 52 -7 13 0 0.00 0.0 0 11.3 22 330 M M 5 32 330
2 59 35 47 -11 18 0 T 0.0 0 3.6 13 330 M M 3 20 290
3 53 37 45 -13 20 0 0.26 0.0 0 6.8 18 40 M M 8 1 27 60
4 60 36 48 -10 17 0 0.00 0.0 0 4.0 9 170 M M 3 1 13 160
5 69 41 55 -2 10 0 0.00 0.0 0 12.8 24 180 M M 0 34 170
6 80 50 65 8 0 0 0.00 0.0 0 8.1 15 260 M M 0 8 21 240
7 82 54 68 12 0 3 0.00 0.0 0 6.1 14 30 M M 0 8 18 30
8 77 54 66 10 0 1 0.00 0.0 0 7.3 13 120 M M 0 23 130
9 84 58 71 15 0 6 0.00 0.0 0 12.3 24 200 M M 0 1 33 210
10 81 59 70 15 0 5 0.00 0.0 0 5.5 12 310 M M 1 18 16 290
11 82 61 72 17 0 7 T 0.0 0 11.6 30 280 M M 0 1 43 300
12 68 49 59 5 6 0 T 0.0 0 13.5 25 320 M M 2 39 330
13 73 48 61 7 4 0 0.00 0.0 0 7.9 16 320 M M 0 24 310
14 78 50 64 10 1 0 0.00 0.0 0 13.2 26 240 M M 2 38 230
15 56 37 47 -6 18 0 0.00 0.0 0 11.1 23 350 M M 1 8 32 330
16 57 34 46 -7 19 0 0.00 0.0 0 10.4 25 300 M M 2 37 260
17 68 48 58 5 7 0 0.00 0.0 0 13.9 30 210 M M 3 40 220
18 48 34 41 -11 24 0 T M 0 11.4 24 10 M M 5 33 10
19 42 33 38 -14 27 0 0.00 0.0 0 7.8 14 40 M M 9 20 60
20 44 35 40 -12 25 0 0.05 0.0 0 6.7 12 300 M M 10 18 17 80
21 49 33 41 -10 24 0 0.13 0.0 0 4.6 13 100 M M 8 123 19 110
22 79 37 58 7 7 0 0.82 0.0 0 13.1 26 210 M M 8 123 36 210
23 41 33 37 -13 28 0 0.52 0.0 0 15.5 25 330 M M 10 13 38 330
24 37 31 34 -16 31 0 0.00 0.0 0 6.9 12 50 M M 10 18 50
25 37 30 34 -16 31 0 T M 0 12.0 20 20 M M 10 168 27 30
26 32 25 29 -20 36 0 0.01 M M 10.5 20 20 M M 10 1 27 30
27 36 27 32 -17 33 0 0.00 0.0 0 4.2 10 190 M M 7 14 20
28 48 26 37 -11 28 0 0.00 0.0 0 7.1 20 10 M M 0 26 360
29 46 29 38 -10 27 0 0.00 0.0 0 12.6 23 350 M M 4 35 10
30 54 26 40 -8 25 0 0.00 0.0 0 6.0 13 150 M M 0 8 19 150
31 68 38 53 6 12 0 0.00 0.0 0 14.8 30 220 M M 0 40 220
================================================================================
SM 1849 1230 491 22 1.79 0.0 292.6 M 121
================================================================================
AV 59.6 39.7 9.4 FASTST M M 4 MAX(MPH)
MISC ----> # 30 280 43 300
================================================================================
NOTES:
# LAST OF SEVERAL OCCURRENCES
COLUMN 17 PEAK WIND IN M.P.H.
PRELIMINARY LOCAL CLIMATOLOGICAL DATA (WS FORM: F-6) , PAGE 2
STATION: LAMONI IA
MONTH: OCTOBER
YEAR: 2020
LATITUDE: 40 37 N
LONGITUDE: 93 56 W
[TEMPERATURE DATA] [PRECIPITATION DATA] SYMBOLS USED IN COLUMN 16
AVERAGE MONTHLY: 49.7 TOTAL FOR MONTH: 1.79 1 = FOG OR MIST
DPTR FM NORMAL: -3.3 DPTR FM NORMAL: -1.17 2 = FOG REDUCING VISIBILITY
HIGHEST: 84 ON 9 GRTST 24HR 1.34 ON 22-23 TO 1/4 MILE OR LESS
LOWEST: 25 ON 26 3 = THUNDER
SNOW, ICE PELLETS, HAIL 4 = ICE PELLETS
TOTAL MONTH: 0.0 INCH 5 = HAIL
GRTST 24HR 0.0 6 = FREEZING RAIN OR DRIZZLE
GRTST DEPTH: 0 7 = DUSTSTORM OR SANDSTORM:
VSBY 1/2 MILE OR LESS
8 = SMOKE OR HAZE
[NO. OF DAYS WITH] [WEATHER - DAYS WITH] 9 = BLOWING SNOW
X = TORNADO
MAX 32 OR BELOW: 1 0.01 INCH OR MORE: 6
MAX 90 OR ABOVE: 0 0.10 INCH OR MORE: 4
MIN 32 OR BELOW: 7 0.50 INCH OR MORE: 2
MIN 0 OR BELOW: 0 1.00 INCH OR MORE: 0
[HDD (BASE 65) ]
TOTAL THIS MO. 491 CLEAR (SCALE 0-3) 16
DPTR FM NORMAL 107 PTCLDY (SCALE 4-7) 8
TOTAL FM JUL 1 603 CLOUDY (SCALE 8-10) 7
DPTR FM NORMAL 119
[CDD (BASE 65) ]
TOTAL THIS MO. 22
DPTR FM NORMAL 9 [PRESSURE DATA]
TOTAL FM JAN 1 1110 HIGHEST SLP 30.44 ON 26
DPTR FM NORMAL 164 LOWEST SLP 29.56 ON 11
[REMARKS]
#FINAL-10-20#