000
CXUS56 KOTX 011145
CF6LWS
PRELIMINARY LOCAL CLIMATOLOGICAL DATA (WS FORM: F-6)
STATION: LEWISTON ID AIRPORT
MONTH: NOVEMBER
YEAR: 2020
LATITUDE: 46 22 N
LONGITUDE: 117 1 W
TEMPERATURE IN F: :PCPN: SNOW: WIND :SUNSHINE: SKY :PK WND
================================================================================
1 2 3 4 5 6A 6B 7 8 9 10 11 12 13 14 15 16 17 18
12Z AVG MX 2MIN
DY MAX MIN AVG DEP HDD CDD WTR SNW DPTH SPD SPD DIR MIN PSBL S-S WX SPD DR
================================================================================
1 60 36 48 2 17 0 0.00 0.0 0 2.8 8 70 M M 0 8 10 10
2 62 37 50 4 15 0 0.00 0.0 0 2.0 6 140 M M 0 8 21 80
3 58 35 47 2 18 0 0.01 0.0 0 2.6 10 100 M M 2 8 15 110
4 59 44 52 7 13 0 0.00 0.0 0 2.3 8 170 M M 4 18 11 100
5 54 44 49 4 16 0 0.40 0.0 0 3.1 13 70 M M 8 18 16 150
6 52 46 49 5 16 0 0.55 0.0 0 5.8 13 290 M M 9 12 16 240
7 46 39 43 -1 22 0 0.03 0.0 0 3.2 13 120 M M 10 15 130
8 39 30 35 -9 30 0 0.14 2.6 T 7.1 17 40 M M 10 18 28 70
9 35 23 29 -14 36 0 T 0.0 1 4.4 13 70 M M 2 21 190
10 44 32 38 -5 27 0 0.33 T 1 4.3 12 200 M M 8 1 16 200
11 42 32 37 -6 28 0 T 0.0 0 4.7 12 270 M M 8 1 16 330
12 40 27 34 -8 31 0 0.00 0.0 0 6.9 16 90 M M 3 20 100
13 50 35 43 1 22 0 0.01 0.0 0 10.4 35 210 M M 7 46 210
14 50 38 44 2 21 0 T 0.0 0 8.2 24 250 M M 6 33 260
15 59 38 49 8 16 0 0.00 0.0 0 12.4 25 180 M M 6 32 170
16 48 41 45 4 20 0 0.01 0.0 0 7.6 18 70 M M 5 23 80
17 55 44 50 9 15 0 0.03 0.0 0 6.5 15 80 M M 4 19 90
18 58 40 49 9 16 0 0.09 0.0 0 5.6 25 280 M M 6 32 270
19 52 36 44 4 21 0 T 0.0 0 5.1 18 240 M M 6 1 23 250
20 49 29 39 -1 26 0 0.00 0.0 0 3.0 8 90 M M 0 28 11 40
21 48 29 39 0 26 0 0.00 0.0 0 6.1 16 70 M M 0 21 70
22 49 31 40 1 25 0 0.00 0.0 0 6.6 17 100 M M 0 22 70
23 40 30 35 -4 30 0 0.07 0.2 0 2.3 9 50 M M 9 12 11 40
24 48 34 41 3 24 0 0.00 0.0 0 4.8 21 190 M M 6 12 28 180
25 48 35 42 4 23 0 0.15 0.0 0 3.9 16 270 M M 9 20 290
26 38 33 36 -2 29 0 0.00 0.0 0 1.0 6 290 M M 10 12 9 130
27 50 30 40 3 25 0 T 0.0 0 7.3 28 160 M M 4 12 35 150
28 49 35 42 5 23 0 0.00 0.0 0 12.3 31 190 M M 5 42 180
29 49 29 39 2 26 0 0.00 0.0 0 9.8 20 120 M M 0 23 90
30 51 34 43 7 22 0 0.00 0.0 0 9.1 24 190 M M 4 33 190
================================================================================
SM 1482 1046 679 0 1.82 2.8 171.2 M 151
================================================================================
AV 49.4 34.9 5.7 FASTST M M 5 MAX(MPH)
MISC ----> 35 210 46 210
================================================================================
NOTES:
# LAST OF SEVERAL OCCURRENCES
COLUMN 17 PEAK WIND IN M.P.H.
PRELIMINARY LOCAL CLIMATOLOGICAL DATA (WS FORM: F-6) , PAGE 2
STATION: LEWISTON ID AIRPORT
MONTH: NOVEMBER
YEAR: 2020
LATITUDE: 46 22 N
LONGITUDE: 117 1 W
[TEMPERATURE DATA] [PRECIPITATION DATA] SYMBOLS USED IN COLUMN 16
AVERAGE MONTHLY: 42.1 TOTAL FOR MONTH: 1.82 1 = FOG OR MIST
DPTR FM NORMAL: 1.0 DPTR FM NORMAL: 0.64 2 = FOG REDUCING VISIBILITY
HIGHEST: 62 ON 2 GRTST 24HR 0.94 ON 5- 6 TO 1/4 MILE OR LESS
LOWEST: 23 ON 9 3 = THUNDER
SNOW, ICE PELLETS, HAIL 4 = ICE PELLETS
TOTAL MONTH: 2.8 INCHES 5 = HAIL
GRTST 24HR 2.6 ON 8- 8 6 = FREEZING RAIN OR DRIZZLE
GRTST DEPTH: 1 ON 10, 9 7 = DUSTSTORM OR SANDSTORM:
VSBY 1/2 MILE OR LESS
8 = SMOKE OR HAZE
[NO. OF DAYS WITH] [WEATHER - DAYS WITH] 9 = BLOWING SNOW
X = TORNADO
MAX 32 OR BELOW: 0 0.01 INCH OR MORE: 12
MAX 90 OR ABOVE: 0 0.10 INCH OR MORE: 5
MIN 32 OR BELOW: 11 0.50 INCH OR MORE: 1
MIN 0 OR BELOW: 0 1.00 INCH OR MORE: 0
[HDD (BASE 65) ]
TOTAL THIS MO. 679 CLEAR (SCALE 0-3) 9
DPTR FM NORMAL -36 PTCLDY (SCALE 4-7) 15
TOTAL FM JUL 1 1083 CLOUDY (SCALE 8-10) 6
DPTR FM NORMAL -157
[CDD (BASE 65) ]
TOTAL THIS MO. 0
DPTR FM NORMAL 0 [PRESSURE DATA]
TOTAL FM JAN 1 943 HIGHEST SLP 30.56 ON 21
DPTR FM NORMAL 136 LOWEST SLP 29.38 ON 13
[REMARKS]
#FINAL-11-20#