000
CXUS55 KEAX 010736
CF6LXT
PRELIMINARY LOCAL CLIMATOLOGICAL DATA (WS FORM: F-6)
STATION: LEE`S SUMMIT MO
MONTH: AUGUST
YEAR: 2020
LATITUDE: 38 57 N
LONGITUDE: 94 22 W
TEMPERATURE IN F: :PCPN: SNOW: WIND :SUNSHINE: SKY :PK WND
================================================================================
1 2 3 4 5 6A 6B 7 8 9 10 11 12 13 14 15 16 17 18
12Z AVG MX 2MIN
DY MAX MIN AVG DEP HDD CDD WTR SNW DPTH SPD SPD DIR MIN PSBL S-S WX SPD DR
================================================================================
1 85 63 74 -5 0 9 0.00 M M 3.6 13 330 M M 3 1 17 320
2 84 67 76 -3 0 11 0.00 M M 8.1 17 30 M M 6 22 30
3 78 60 69 -10 0 4 0.00 M M 9.0 18 10 M M 3 26 10
4 76 54 65 -14 0 0 0.00 M M 4.7 14 40 M M 1 22 20
5 80 59 70 -8 0 5 0.00 M M 6.1 13 170 M M 2 17 110
6 85 67 76 -2 0 11 0.00 M M 8.4 16 180 M M 2 22 180
7 89 71 80 2 0 15 0.07 M M 11.8 24 210 M M 3 3 34 200
8 89 73 81 3 0 16 0.42 M M 10.5 20 210 M M 5 138 28 200
9 84 76 80 2 0 15 0.12 M M 10.4 29 160 M M 1 13 40 170
10 87 73 80 2 0 15 0.01 M M 8.9 18 200 M M 2 3 25 200
11 86 71 79 1 0 14 0.00 M M 6.2 18 170 M M 4 29 170
12 89 69 79 1 0 14 0.00 M M 6.2 13 90 M M 1 18 110
13 88 73 81 3 0 16 0.00 M M 6.6 14 140 M M 1 19 110
14 90 72 81 3 0 16 0.00 M M 6.5 14 150 M M 1 20 90
15 87 67 77 -1 0 12 T M M 8.2 28 40 M M 2 3 39 40
16 85 62 74 -3 0 9 0.00 M M 3.9 12 250 M M 1 14 250
17 88 65 77 0 0 12 0.00 M M 9.6 25 330 M M 0 37 340
18 82 60 71 -6 0 6 0.00 M M 5.7 17 20 M M 0 23 10
19 84 61 73 -4 0 8 0.00 M M 5.1 12 90 M M 1 16 100
20 86 63 75 -2 0 10 0.00 M M 6.8 10 110 M M 0 17 260
21 89 65 77 0 0 12 0.00 M M 6.1 12 130 M M 0 27 270
22 92 67 80 4 0 15 0.00 M M 6.4 14 210 M M 0 17 200
23 95 70 83 7 0 18 0.00 M M 8.8 13 180 M M 0 19 250
24 95 73 84 8 0 19 0.00 M M 7.1 14 250 M M 0 18 210
25 96 73 85 9 0 20 0.00 M M 6.4 13 200 M M 0 18 220
26 95 73 84 9 0 19 0.00 M M 10.8 17 150 M M 1 24 160
27 92 71 82 7 0 17 0.00 M M 8.2 22 150 M M 0 31 150
28 95 69 82 7 0 17 0.00 M M 4.5 15 10 M M 0 1 22 290
29 81 64 73 -2 0 8 0.54 M M 5.3 18 350 M M 4 13 27 330
30 83 62 73 -1 0 8 0.00 M M 7.1 14 110 M M 2 12 20 110
31 77 69 73 -1 0 8 1.03 M M 7.9 24 340 M M 8 13 32 340
================================================================================
SM 2692 2082 0 379 2.19 M 224.9 M 54
================================================================================
AV 86.8 67.2 7.3 FASTST M M 2 MAX(MPH)
MISC ----> 29 160 40 170
================================================================================
NOTES:
# LAST OF SEVERAL OCCURRENCES
COLUMN 17 PEAK WIND IN M.P.H.
PRELIMINARY LOCAL CLIMATOLOGICAL DATA (WS FORM: F-6) , PAGE 2
STATION: LEE`S SUMMIT MO
MONTH: AUGUST
YEAR: 2020
LATITUDE: 38 57 N
LONGITUDE: 94 22 W
[TEMPERATURE DATA] [PRECIPITATION DATA] SYMBOLS USED IN COLUMN 16
AVERAGE MONTHLY: 77.0 TOTAL FOR MONTH: 2.19 1 = FOG OR MIST
DPTR FM NORMAL: -0.1 DPTR FM NORMAL: -2.31 2 = FOG REDUCING VISIBILITY
HIGHEST: 96 ON 25 GRTST 24HR 1.03 ON 31-31 TO 1/4 MILE OR LESS
LOWEST: 54 ON 4 3 = THUNDER
SNOW, ICE PELLETS, HAIL 4 = ICE PELLETS
TOTAL MONTH: M 5 = HAIL
GRTST 24HR M ON M 6 = FREEZING RAIN OR DRIZZLE
GRTST DEPTH: M ON M 7 = DUSTSTORM OR SANDSTORM:
VSBY 1/2 MILE OR LESS
8 = SMOKE OR HAZE
[NO. OF DAYS WITH] [WEATHER - DAYS WITH] 9 = BLOWING SNOW
X = TORNADO
MAX 32 OR BELOW: 0 0.01 INCH OR MORE: 6
MAX 90 OR ABOVE: 8 0.10 INCH OR MORE: 4
MIN 32 OR BELOW: 0 0.50 INCH OR MORE: 2
MIN 0 OR BELOW: 0 1.00 INCH OR MORE: 1
[HDD (BASE 65) ]
TOTAL THIS MO. 0 CLEAR (SCALE 0-3) 25
DPTR FM NORMAL -2 PTCLDY (SCALE 4-7) 5
TOTAL FM JUL 1 0 CLOUDY (SCALE 8-10) 1
DPTR FM NORMAL 0
[CDD (BASE 65) ]
TOTAL THIS MO. 379
DPTR FM NORMAL 4 [PRESSURE DATA]
TOTAL FM JAN 1 1380 HIGHEST SLP M ON M
DPTR FM NORMAL 238 LOWEST SLP 29.67 ON 31
[REMARKS]
#FINAL-08-20#