000
CXUS51 KRNK 010741
CF6LYH
PRELIMINARY LOCAL CLIMATOLOGICAL DATA (WS FORM: F-6)
STATION: LYNCHBURG VA
MONTH: NOVEMBER
YEAR: 2023
LATITUDE: 37 19 N
LONGITUDE: 79 12 W
TEMPERATURE IN F: :PCPN: SNOW: WIND :SUNSHINE: SKY :PK WND
================================================================================
1 2 3 4 5 6A 6B 7 8 9 10 11 12 13 14 15 16 17 18
12Z AVG MX 2MIN
DY MAX MIN AVG DEP HDD CDD WTR SNW DPTH SPD SPD DIR MIN PSBL S-S WX SPD DR
================================================================================
1 48 25 37 -14 28 0 0.00 0.0 0 5.9 16 320 M M 0 27 320
2 52 21 37 -14 28 0 0.00 0.0 0 1.5 10 200 M M 0 14 220
3 62 25 44 -7 21 0 0.00 0.0 0 1.7 12 180 M M 0 15 220
4 71 28 50 0 15 0 0.00 0.0 0 1.2 9 20 M M 0 14 10
5 73 39 56 6 9 0 0.00 0.0 0 2.2 10 10 M M 0 16 200
6 68 46 57 7 8 0 0.00 0.0 0 4.8 12 190 M M 0 19 40
7 80 49 65 16 0 0 0.00 0.0 0 6.4 15 280 M M 0 27 280
8 73 44 59 10 6 0 0.00 0.0 0 3.1 14 140 M M 0 1 19 140
9 83 46 65 17 0 0 T 0.0 0 4.7 14 230 M M 1 23 220
10 68 33 51 3 14 0 T 0.0 0 6.5 17 70 M M 8 1 25 70
11 62 32 47 -1 18 0 0.00 0.0 0 1.7 9 150 M M 0 1 12 150
12 57 34 46 -2 19 0 0.00 0.0 0 3.9 14 30 M M 0 20 20
13 62 29 46 -1 19 0 0.00 0.0 0 3.3 13 200 M M 0 19 220
14 63 31 47 0 18 0 0.00 0.0 0 1.3 12 30 M M 1 8 17 10
15 58 33 46 0 19 0 0.00 0.0 0 1.6 12 180 M M 0 14 230
16 70 30 50 4 15 0 0.00 0.0 0 2.3 10 200 M M 0 17 200
17 68 41 55 9 10 0 0.02 0.0 0 2.6 16 180 M M 4 20 170
18 67 43 55 9 10 0 0.01 0.0 0 3.3 14 10 M M 2 128 25 340
19 61 28 45 0 20 0 0.00 0.0 0 1.7 9 200 M M 1 8 13 200
20 55 33 44 -1 21 0 T 0.0 0 6.8 16 50 M M 2 8 25 50
21 48 39 44 -1 21 0 2.23 0.0 0 7.7 15 20 M M 10 1 22 20
22 62 38 50 6 15 0 T 0.0 0 2.9 13 310 M M 5 18 21 280
23 59 30 45 1 20 0 0.00 0.0 0 2.4 10 200 M M 0 14 210
24 55 32 44 0 21 0 0.00 0.0 0 3.7 14 40 M M 0 18 60
25 43 28 36 -8 29 0 0.00 0.0 0 5.3 17 50 M M 6 25 50
26 49 24 37 -6 28 0 T 0.0 0 2.9 9 160 M M 4 12 160
27 50 31 41 -2 24 0 0.00 0.0 0 6.5 14 300 M M 0 26 240
28 45 20 33 -10 32 0 0.00 0.0 0 5.7 17 310 M M 2 34 290
29 45 21 33 -9 32 0 0.00 0.0 0 5.1 14 190 M M 0 20 200
30 59 24 42 0 23 0 0.00 0.0 0 3.3 13 200 M M 0 21 230
================================================================================
SM 1816 977 543 0 2.26 0.0 112.0 M 46
================================================================================
AV 60.5 32.6 3.7 FASTST M M 2 MAX(MPH)
MISC ----> # 17 70 34 290
================================================================================
NOTES:
# LAST OF SEVERAL OCCURRENCES
COLUMN 17 PEAK WIND IN M.P.H.
PRELIMINARY LOCAL CLIMATOLOGICAL DATA (WS FORM: F-6) , PAGE 2
STATION: LYNCHBURG VA
MONTH: NOVEMBER
YEAR: 2023
LATITUDE: 37 19 N
LONGITUDE: 79 12 W
[TEMPERATURE DATA] [PRECIPITATION DATA] SYMBOLS USED IN COLUMN 16
AVERAGE MONTHLY: 46.6 TOTAL FOR MONTH: 2.26 1 = FOG OR MIST
DPTR FM NORMAL: 0.0 DPTR FM NORMAL: -1.13 2 = FOG REDUCING VISIBILITY
HIGHEST: 83 ON 9 GRTST 24HR 2.23 ON 20-21 TO 1/4 MILE OR LESS
LOWEST: 20 ON 28 3 = THUNDER
SNOW, ICE PELLETS, HAIL 4 = ICE PELLETS
TOTAL MONTH: 0.0 INCH 5 = HAIL
GRTST 24HR 0.0 6 = FREEZING RAIN OR DRIZZLE
GRTST DEPTH: 0 7 = DUSTSTORM OR SANDSTORM:
VSBY 1/2 MILE OR LESS
8 = SMOKE OR HAZE
[NO. OF DAYS WITH] [WEATHER - DAYS WITH] 9 = BLOWING SNOW
X = TORNADO
MAX 32 OR BELOW: 0 0.01 INCH OR MORE: 3
MAX 90 OR ABOVE: 0 0.10 INCH OR MORE: 1
MIN 32 OR BELOW: 17 0.50 INCH OR MORE: 1
MIN 0 OR BELOW: 0 1.00 INCH OR MORE: 1
[HDD (BASE 65) ]
TOTAL THIS MO. 543 CLEAR (SCALE 0-3) 24
DPTR FM NORMAL -13 PTCLDY (SCALE 4-7) 4
TOTAL FM JUL 1 776 CLOUDY (SCALE 8-10) 2
DPTR FM NORMAL -96
[CDD (BASE 65) ]
TOTAL THIS MO. 0
DPTR FM NORMAL -1 [PRESSURE DATA]
TOTAL FM JAN 1 1129 HIGHEST SLP M ON M
DPTR FM NORMAL 14 LOWEST SLP 29.73 ON 22
[REMARKS]
#FINAL-11-23#