000
CXUS54 KMAF 012306
CF6MAF
PRELIMINARY LOCAL CLIMATOLOGICAL DATA (WS FORM: F-6)
STATION: MIDLAND INTERNATIONAL AIRPORT
MONTH: MARCH
YEAR: 2023
LATITUDE: 31 57 N
LONGITUDE: 102 11 W
TEMPERATURE IN F: :PCPN: SNOW: WIND :SUNSHINE: SKY :PK WND
================================================================================
1 2 3 4 5 6A 6B 7 8 9 10 11 12 13 14 15 16 17 18
12Z AVG MX 2MIN
DY MAX MIN AVG DEP HDD CDD WTR SNW DPTH SPD SPD DIR MIN PSBL S-S WX SPD DR
================================================================================
1 74 46 60 6 5 0 0.00 0.0 0 8.8 17 210 M M 0 8 23 210
2 79 42 61 7 4 0 0.00 0.0 0 18.7 48 290 M M 1 8 63 290
3 67 36 52 -2 13 0 0.00 0.0 0 11.3 21 220 M M 0 29 220
4 71 34 53 -1 12 0 0.00 0.0 0 6.9 21 350 M M 0 26 350
5 81 45 63 8 2 0 0.00 0.0 0 10.4 22 230 M M 0 28 230
6 84 52 68 13 0 3 0.00 0.0 0 8.9 18 230 M M 0 25 230
7 82 48 65 10 0 0 0.00 0.0 0 6.6 23 10 M M 0 8 30 50
8 55 43 49 -7 16 0 T 0.0 0 11.5 20 50 M M 7 18 24 40
9 69 43 56 0 9 0 0.00 0.0 0 7.0 21 80 M M 6 18 27 80
10 69 46 58 2 7 0 0.00 0.0 0 12.8 22 170 M M 5 18 29 160
11 87 55 71 14 0 6 0.00 0.0 0 17.3 32 270 M M 0 18 42 250
12 70 48 59 2 6 0 0.00 0.0 0 11.8 26 80 M M 0 34 90
13 65 39 52 -5 13 0 0.00 0.0 0 14.4 21 70 M M 0 34 160
14 69 38 54 -4 11 0 0.00 0.0 0 10.1 20 150 M M 1 26 160
15 71 50 61 3 4 0 0.00 0.0 0 19.3 28 170 M M 3 1 36 160
16 75 40 58 0 7 0 T 0.0 0 21.7 37 260 M M 6 78 49 260
17 50 36 43 -15 22 0 0.00 0.0 0 12.3 29 30 M M 4 37 30
18 53 33 43 -16 22 0 0.00 0.0 0 8.6 21 90 M M 3 8 28 90
19 57 30 44 -15 21 0 0.00 0.0 0 11.6 24 170 M M 0 32 140
20 65 37 51 -8 14 0 0.00 0.0 0 18.6 28 170 M M 1 37 170
21 79 46 63 3 2 0 0.00 0.0 0 15.2 26 180 M M 2 1 35 180
22 85 55 70 10 0 5 0.00 0.0 0 9.6 18 230 M M 0 25 240
23 86 56 71 11 0 6 0.00 0.0 0 8.0 21 310 M M 1 18 29 300
24 70 47 59 -1 6 0 0.00 0.0 0 17.6 44 280 M M 1 8 58 290
25 69 40 55 -6 10 0 0.00 0.0 0 11.8 29 320 M M 0 8 39 330
26 73 38 56 -5 9 0 0.00 0.0 0 8.7 22 240 M M 0 8 28 260
27 73 36 55 -6 10 0 0.00 0.0 0 8.9 16 90 M M 0 8 22 80
28 60 38 49 -13 16 0 0.00 0.0 0 15.9 32 30 M M 3 8 41 30
29 75 45 60 -2 5 0 0.00 0.0 0 13.2 23 160 M M 4 28 170
30 79 52 66 4 0 1 0.00 0.0 0 18.9 29 170 M M 0 18 37 170
31 74 47 61 -1 4 0 0.00 0.0 0 14.3 39 290 M M 0 18 62 300
================================================================================
SM 2216 1341 250 21 T 0.0 390.7 M 48
================================================================================
AV 71.5 43.3 12.6 FASTST M M 2 MAX(MPH)
MISC ----> 48 290 63 290
================================================================================
NOTES:
# LAST OF SEVERAL OCCURRENCES
COLUMN 17 PEAK WIND IN M.P.H.
PRELIMINARY LOCAL CLIMATOLOGICAL DATA (WS FORM: F-6) , PAGE 2
STATION: MIDLAND INTERNATIONAL AIRPORT
MONTH: MARCH
YEAR: 2023
LATITUDE: 31 57 N
LONGITUDE: 102 11 W
[TEMPERATURE DATA] [PRECIPITATION DATA] SYMBOLS USED IN COLUMN 16
AVERAGE MONTHLY: 57.4 TOTAL FOR MONTH: T 1 = FOG OR MIST
DPTR FM NORMAL: -0.6 DPTR FM NORMAL: -0.68 2 = FOG REDUCING VISIBILITY
HIGHEST: 87 ON 11 GRTST 24HR T ON 8- 8 TO 1/4 MILE OR LESS
LOWEST: 30 ON 19 3 = THUNDER
SNOW, ICE PELLETS, HAIL 4 = ICE PELLETS
TOTAL MONTH: 0.0 INCH 5 = HAIL
GRTST 24HR 0.0 6 = FREEZING RAIN OR DRIZZLE
GRTST DEPTH: 0 7 = DUSTSTORM OR SANDSTORM:
VSBY 1/2 MILE OR LESS
8 = SMOKE OR HAZE
[NO. OF DAYS WITH] [WEATHER - DAYS WITH] 9 = BLOWING SNOW
X = TORNADO
MAX 32 OR BELOW: 0 0.01 INCH OR MORE: 0
MAX 90 OR ABOVE: 0 0.10 INCH OR MORE: 0
MIN 32 OR BELOW: 1 0.50 INCH OR MORE: 0
MIN 0 OR BELOW: 0 1.00 INCH OR MORE: 0
[HDD (BASE 65) ]
TOTAL THIS MO. 250 CLEAR (SCALE 0-3) 25
DPTR FM NORMAL 1 PTCLDY (SCALE 4-7) 6
TOTAL FM JUL 1 2332 CLOUDY (SCALE 8-10) 0
DPTR FM NORMAL 62
[CDD (BASE 65) ]
TOTAL THIS MO. 21
DPTR FM NORMAL -12 [PRESSURE DATA]
TOTAL FM JAN 1 24 HIGHEST SLP 30.43 ON 19
DPTR FM NORMAL -13 LOWEST SLP 29.37 ON 2
[REMARKS]
#FINAL-03-23#