000
CXUS52 KTAE 010800
CF6MAI
PRELIMINARY LOCAL CLIMATOLOGICAL DATA (WS FORM: F-6)
STATION: MARIANNA
MONTH: AUGUST
YEAR: 2021
LATITUDE: 30 50 N
LONGITUDE: 85 11 W
TEMPERATURE IN F: :PCPN: SNOW: WIND :SUNSHINE: SKY :PK WND
================================================================================
1 2 3 4 5 6A 6B 7 8 9 10 11 12 13 14 15 16 17 18
12Z AVG MX 2MIN
DY MAX MIN AVG DEP HDD CDD WTR SNW DPTH SPD SPD DIR MIN PSBL S-S WX SPD DR
================================================================================
1 95 75 85 2 0 20 T 0.0 M 6.4 22 200 M M 1 26 200
2 94 74 84 1 0 19 0.59 0.0 0 6.1 22 240 M M 5 13 27 240
3 88 73 81 -2 0 16 0.00 0.0 0 3.3 12 320 M M 5 14 330
4 88 72 80 -3 0 15 0.00 0.0 0 5.8 15 70 M M 6 12 20 40
5 88 71 80 -3 0 15 T 0.0 0 7.8 16 60 M M 6 22 60
6 86 69 78 -5 0 13 0.00 0.0 0 3.3 9 40 M M 6 1 11 50
7 92 73 83 0 0 18 0.00 0.0 0 3.1 12 270 M M 2 14 270
8 94 72 83 0 0 18 0.00 0.0 0 3.2 16 220 M M 1 20 210
9 95 73 84 2 0 19 0.00 0.0 0 2.6 15 220 M M 1 20 220
10 95 75 85 3 0 20 0.13 M M 2.6 23 150 M M 3 13 30 140
11 94 73 84 2 0 19 T M M 3.2 21 230 M M 2 3 25 230
12 94 71 83 1 0 18 0.51 0.0 M 5.3 29 180 M M 1 13 34 180
13 94 70 82 0 0 17 T 0.0 0 3.1 16 220 M M 1 3 20 220
14 93 73 83 1 0 18 0.01 0.0 0 4.1 17 340 M M 2 3 23 340
15 89 72 81 -1 0 16 0.00 0.0 M 6.5 14 80 M M 1 19 110
16 79 72 76 -6 0 11 3.17 0.0 0 17.6 39 40 M M 8 1 55 50
17 90 72 81 -1 0 16 0.00 0.0 0 5.8 17 200 M M 4 23 210
18 93 73 83 1 0 18 0.09 0.0 0 2.0 17 180 M M 1 3 21 180
19 93 73 83 1 0 18 0.00 0.0 0 3.0 9 230 M M 2 12 11 290
20 92 75 84 2 0 19 T 0.0 0 4.2 23 310 M M 1 3 28 300
21 90 73 82 0 0 17 T 0.0 0 4.7 24 260 M M 1 31 260
22 91 73 82 0 0 17 0.01 0.0 0 7.6 24 290 M M 1 3 29 290
23 93 75 84 2 0 19 1.03 0.0 0 6.1 20 60 M M 4 13 23 60
24 94 74 84 2 0 19 T 0.0 0 3.5 21 150 M M 2 3 31 130
25 90 73 82 0 0 17 0.43 0.0 0 3.4 23 170 M M 3 123 30 180
26 91 71 81 -1 0 16 0.05 0.0 0 6.0 17 140 M M 3 1 28 140
27 91 72 82 1 0 17 0.01 0.0 0 6.7 20 90 M M 3 28 90
28 89 72 81 0 0 16 0.40 0.0 0 7.9 15 80 M M 4 13 22 80
29 85 74 80 -1 0 15 0.67 0.0 0 5.8 22 170 M M 5 13 27 180
30 86 74 80 -1 0 15 0.01 0.0 0 7.7 20 250 M M 2 25 230
31 84 72 78 -3 0 13 2.50 0.0 M 11.5 24 200 M M 6 13 31 190
================================================================================
SM 2810 2254 0 524 9.61 0.0 169.9 M 93
================================================================================
AV 90.6 72.7 5.5 FASTST M M 3 MAX(MPH)
MISC ----> 39 40 55 50
================================================================================
NOTES:
# LAST OF SEVERAL OCCURRENCES
COLUMN 17 PEAK WIND IN M.P.H.
PRELIMINARY LOCAL CLIMATOLOGICAL DATA (WS FORM: F-6) , PAGE 2
STATION: MARIANNA
MONTH: AUGUST
YEAR: 2021
LATITUDE: 30 50 N
LONGITUDE: 85 11 W
[TEMPERATURE DATA] [PRECIPITATION DATA] SYMBOLS USED IN COLUMN 16
AVERAGE MONTHLY: 81.7 TOTAL FOR MONTH: 9.61 1 = FOG OR MIST
DPTR FM NORMAL: -0.4 DPTR FM NORMAL: 4.68 2 = FOG REDUCING VISIBILITY
HIGHEST: 95 ON 10, 9 GRTST 24HR 3.17 ON 16-16 TO 1/4 MILE OR LESS
LOWEST: 69 ON 6 3 = THUNDER
SNOW, ICE PELLETS, HAIL 4 = ICE PELLETS
TOTAL MONTH: 0.0 INCH 5 = HAIL
GRTST 24HR 0.0 6 = FREEZING RAIN OR DRIZZLE
GRTST DEPTH: 0 7 = DUSTSTORM OR SANDSTORM:
VSBY 1/2 MILE OR LESS
8 = SMOKE OR HAZE
[NO. OF DAYS WITH] [WEATHER - DAYS WITH] 9 = BLOWING SNOW
X = TORNADO
MAX 32 OR BELOW: 0 0.01 INCH OR MORE: 15
MAX 90 OR ABOVE: 21 0.10 INCH OR MORE: 9
MIN 32 OR BELOW: 0 0.50 INCH OR MORE: 6
MIN 0 OR BELOW: 0 1.00 INCH OR MORE: 3
[HDD (BASE 65) ]
TOTAL THIS MO. 0 CLEAR (SCALE 0-3) 18
DPTR FM NORMAL 0 PTCLDY (SCALE 4-7) 13
TOTAL FM JUL 1 0 CLOUDY (SCALE 8-10) 0
DPTR FM NORMAL 0
[CDD (BASE 65) ]
TOTAL THIS MO. 524
DPTR FM NORMAL -6 [PRESSURE DATA]
TOTAL FM JAN 1 1980 HIGHEST SLP M ON M
DPTR FM NORMAL -127 LOWEST SLP 29.49 ON 16
[REMARKS]
#FINAL-08-21#