000
CXUS53 KABR 011422
CF6MBG
PRELIMINARY LOCAL CLIMATOLOGICAL DATA (WS FORM: F-6)
STATION: MOBRIDGE SD
MONTH: DECEMBER
YEAR: 2021
LATITUDE: 45 32 N
LONGITUDE: 100 25 W
TEMPERATURE IN F: :PCPN: SNOW: WIND :SUNSHINE: SKY :PK WND
================================================================================
1 2 3 4 5 6A 6B 7 8 9 10 11 12 13 14 15 16 17 18
12Z AVG MX 2MIN
DY MAX MIN AVG DEP HDD CDD WTR SNW DPTH SPD SPD DIR MIN PSBL S-S WX SPD DR
================================================================================
1 71 29 50 23 15 0 0.00 0.0 0 8.5 25 300 M M 2 35 300
2 49 33 41 15 24 0 0.04 0.0 0 5.3 16 170 M M 7 19 170
3 49 30 40 14 25 0 0.00 0.0 0 9.4 21 350 M M 5 8 30 350
4 37 28 33 7 32 0 0.06 T 0 12.9 30 130 M M 10 18 38 120
5 37 12 25 0 40 0 T T T 19.6 39 330 M M 8 56 330
6 19 6 13 -12 52 0 0.02 0.1 T 11.7 30 320 M M 5 38 320
7 25 7 16 -8 49 0 T T T 4.5 15 70 M M 6 20 60
8 40 16 28 4 37 0 0.00 0.0 T 9.8 17 140 M M 2 22 150
9 42 22 32 8 33 0 0.00 0.0 0 8.6 24 320 M M 1 31 340
10 39 20 30 7 35 0 0.00 0.0 0 4.4 10 330 M M 4 13 320
11 44 14 29 6 36 0 0.00 0.0 0 8.5 20 240 M M 0 29 250
12 46 23 35 12 30 0 0.00 0.0 0 5.6 14 160 M M 0 16 160
13 48 19 34 12 31 0 0.00 0.0 0 6.5 18 140 M M 0 24 150
14 51 31 41 19 24 0 0.00 0.0 0 12.2 17 150 M M 0 21 150
15 35 17 26 4 39 0 T T 0 19.6 37 330 M M 5 18 51 330
16 26 14 20 -2 45 0 0.00 0.0 T 15.0 29 310 M M 3 38 320
17 21 12 17 -4 48 0 T T 0 10.3 16 70 M M 6 8 22 330
18 18 -1 9 -12 56 0 0.01 T T 11.6 22 160 M M 3 8 27 170
19 40 18 29 8 36 0 0.00 0.0 T 10.6 28 360 M M 4 35 360
20 23 12 18 -2 47 0 T T T 13.1 24 160 M M 5 32 180
21 31 12 22 2 43 0 0.05 0.2 T 10.3 36 310 M M 6 1 52 310
22 41 13 27 7 38 0 0.00 0.0 T 4.6 12 100 M M 4 14 90
23 47 20 34 14 31 0 0.00 0.0 T 7.9 20 150 M M 0 25 150
24 47 19 33 14 32 0 0.00 0.0 T 10.5 23 320 M M 2 31 310
25 20 2 11 -8 54 0 0.11 1.1 1 9.1 24 70 M M 9 8 32 60
26 26 1 14 -5 51 0 0.23 2.5 1 11.2 22 70 M M 8 128 29 60
27 22 -7 8 -11 57 0 T T 4 16.2 31 300 M M 4 189 43 300
28 1 -16 -7 -25 72 0 0.09 1.0 4 7.3 16 340 M M 4 22 340
29 5 -16 -5 -23 70 0 0.06 T 4 6.7 16 10 M M 8 8 22 20
30 13 -14 0 -18 65 0 0.00 0.0 4 2.6 12 100 M M 6 18 13 140
31 13 -12 1 -17 64 0 T T 2 12.5 21 360 M M 6 28 350
================================================================================
SM 1026 364 1311 0 0.67 4.9 306.6 M 133
================================================================================
AV 33.1 11.7 9.9 FASTST M M 4 MAX(MPH)
MISC ----> 39 330 56 330
================================================================================
NOTES:
# LAST OF SEVERAL OCCURRENCES
COLUMN 17 PEAK WIND IN M.P.H.
PRELIMINARY LOCAL CLIMATOLOGICAL DATA (WS FORM: F-6) , PAGE 2
STATION: MOBRIDGE SD
MONTH: DECEMBER
YEAR: 2021
LATITUDE: 45 32 N
LONGITUDE: 100 25 W
[TEMPERATURE DATA] [PRECIPITATION DATA] SYMBOLS USED IN COLUMN 16
AVERAGE MONTHLY: 22.4 TOTAL FOR MONTH: 0.67 1 = FOG OR MIST
DPTR FM NORMAL: 0.6 DPTR FM NORMAL: 0.16 2 = FOG REDUCING VISIBILITY
HIGHEST: 71 ON 1 GRTST 24HR 0.23 ON 26-26 TO 1/4 MILE OR LESS
LOWEST: -16 ON 29,28 3 = THUNDER
SNOW, ICE PELLETS, HAIL 4 = ICE PELLETS
TOTAL MONTH: 4.9 INCHES 5 = HAIL
GRTST 24HR 2.5 ON 26-26 6 = FREEZING RAIN OR DRIZZLE
GRTST DEPTH: 4 ON 30,29 7 = DUSTSTORM OR SANDSTORM:
VSBY 1/2 MILE OR LESS
8 = SMOKE OR HAZE
[NO. OF DAYS WITH] [WEATHER - DAYS WITH] 9 = BLOWING SNOW
X = TORNADO
MAX 32 OR BELOW: 14 0.01 INCH OR MORE: 9
MAX 90 OR ABOVE: 0 0.10 INCH OR MORE: 2
MIN 32 OR BELOW: 30 0.50 INCH OR MORE: 0
MIN 0 OR BELOW: 6 1.00 INCH OR MORE: 0
[HDD (BASE 65) ]
TOTAL THIS MO. 1311 CLEAR (SCALE 0-3) 11
DPTR FM NORMAL -28 PTCLDY (SCALE 4-7) 18
TOTAL FM JUL 1 2537 CLOUDY (SCALE 8-10) 2
DPTR FM NORMAL -424
[CDD (BASE 65) ]
TOTAL THIS MO. 0
DPTR FM NORMAL 0 [PRESSURE DATA]
TOTAL FM JAN 1 1133 HIGHEST SLP 30.49 ON 18
DPTR FM NORMAL 321 LOWEST SLP 29.09 ON 24
[REMARKS]
#FINAL-12-21#