000
CXUS54 KLIX 010810
CF6MCB
PRELIMINARY LOCAL CLIMATOLOGICAL DATA (WS FORM: F-6)
STATION: MCCOMB
MONTH: MAY
YEAR: 2021
LATITUDE: 31 10 N
LONGITUDE: 90 28 W
TEMPERATURE IN F: :PCPN: SNOW: WIND :SUNSHINE: SKY :PK WND
================================================================================
1 2 3 4 5 6A 6B 7 8 9 10 11 12 13 14 15 16 17 18
12Z AVG MX 2MIN
DY MAX MIN AVG DEP HDD CDD WTR SNW DPTH SPD SPD DIR MIN PSBL S-S WX SPD DR
================================================================================
1 80 61 71 2 0 6 0.00 0.0 M 4.8 14 140 M M 2 19 100
2 78 65 72 3 0 7 0.55 0.0 M 11.2 21 160 M M 7 13 27 150
3 87 70 79 9 0 14 0.03 0.0 M 10.3 18 190 M M 9 13 25 190
4 86 68 77 7 0 12 1.66 0.0 M 7.6 25 310 M M 9 13 36 280
5 72 57 65 -5 0 0 0.00 M M 6.0 14 360 M M 8 19 360
6 80 55 68 -2 0 3 0.00 M M 4.8 15 360 M M 0 20 340
7 82 54 68 -3 0 3 0.00 M M 5.2 16 310 M M 0 21 330
8 84 52 68 -3 0 3 0.00 M M 7.6 18 170 M M 0 25 160
9 84 61 73 2 0 8 0.43 0.0 M 8.2 18 190 M M 6 13 25 170
10 81 66 74 2 0 9 1.21 M M 4.5 13 150 M M 6 13 16 150
11 73 68 71 -1 0 6 1.40 M M 4.4 14 150 M M 8 13 19 150
12 73 62 68 -4 0 3 0.09 M M 4.7 14 110 M M 10 1 19 120
13 77 60 69 -3 0 4 0.00 M M 6.5 14 350 M M 5 22 40
14 79 56 68 -5 0 3 0.00 0.0 M 3.4 9 130 M M 1 13 130
15 81 54 68 -5 0 3 0.00 0.0 M 3.5 12 140 M M 1 17 150
16 83 60 72 -1 0 7 0.00 M M 7.1 15 170 M M 1 1 21 160
17 75 69 72 -1 0 7 0.73 M M 10.3 36 160 M M 8 1 48 160
18 77 70 74 0 0 9 0.01 0.0 M 7.7 31 160 M M 8 1 39 160
19 80 69 75 1 0 10 0.06 M M 10.0 24 140 M M 9 1 38 140
20 79 68 74 0 0 9 0.07 M M 8.6 21 140 M M 8 1 28 130
21 81 65 73 -1 0 8 0.00 M M 8.1 21 140 M M 4 29 140
22 86 64 75 0 0 10 0.00 M M 6.2 17 130 M M 1 26 130
23 85 61 73 -2 0 8 0.00 0.0 M 4.5 17 150 M M 1 1 22 150
24 86 63 75 0 0 10 0.00 0.0 M 2.9 13 160 M M 1 1 16 160
25 87 63 75 -1 0 10 0.00 0.0 M 6.2 17 180 M M 3 12 20 170
26 88 67 78 2 0 13 0.00 0.0 M 4.4 14 170 M M 2 1 21 160
27 89 65 77 1 0 12 0.00 0.0 M 3.7 12 180 M M 3 1 17 180
28 86 66 76 0 0 11 T M M 6.5 18 300 M M 3 1 22 310
29 83 64 74 -2 0 9 0.00 M M 6.3 14 10 M M 2 18 350
30 81 56 69 -8 0 4 0.00 M M 5.2 13 30 M M 0 18 20
31 87 59 73 -4 0 8 0.00 M M 3.0 10 140 M M 0 13 150
================================================================================
SM 2530 1938 0 229 6.24 0.0 193.4 M 126
================================================================================
AV 81.6 62.5 6.2 FASTST M M 4 MAX(MPH)
MISC ----> 36 160 48 160
================================================================================
NOTES:
# LAST OF SEVERAL OCCURRENCES
COLUMN 17 PEAK WIND IN M.P.H.
PRELIMINARY LOCAL CLIMATOLOGICAL DATA (WS FORM: F-6) , PAGE 2
STATION: MCCOMB
MONTH: MAY
YEAR: 2021
LATITUDE: 31 10 N
LONGITUDE: 90 28 W
[TEMPERATURE DATA] [PRECIPITATION DATA] SYMBOLS USED IN COLUMN 16
AVERAGE MONTHLY: 72.1 TOTAL FOR MONTH: 6.24 1 = FOG OR MIST
DPTR FM NORMAL: -1.0 DPTR FM NORMAL: 1.69 2 = FOG REDUCING VISIBILITY
HIGHEST: 89 ON 27 GRTST 24HR 1.66 ON 4- 4 TO 1/4 MILE OR LESS
LOWEST: 52 ON 8 3 = THUNDER
SNOW, ICE PELLETS, HAIL 4 = ICE PELLETS
TOTAL MONTH: 0.0 INCH 5 = HAIL
GRTST 24HR 0.0 6 = FREEZING RAIN OR DRIZZLE
GRTST DEPTH: M ON M 7 = DUSTSTORM OR SANDSTORM:
VSBY 1/2 MILE OR LESS
8 = SMOKE OR HAZE
[NO. OF DAYS WITH] [WEATHER - DAYS WITH] 9 = BLOWING SNOW
X = TORNADO
MAX 32 OR BELOW: 0 0.01 INCH OR MORE: 11
MAX 90 OR ABOVE: 0 0.10 INCH OR MORE: 6
MIN 32 OR BELOW: 0 0.50 INCH OR MORE: 5
MIN 0 OR BELOW: 0 1.00 INCH OR MORE: 3
[HDD (BASE 65) ]
TOTAL THIS MO. 0 CLEAR (SCALE 0-3) 17
DPTR FM NORMAL -9 PTCLDY (SCALE 4-7) 9
TOTAL FM JUL 1 1830 CLOUDY (SCALE 8-10) 5
DPTR FM NORMAL -89
[CDD (BASE 65) ]
TOTAL THIS MO. 229
DPTR FM NORMAL -31 [PRESSURE DATA]
TOTAL FM JAN 1 423 HIGHEST SLP M ON M
DPTR FM NORMAL 10 LOWEST SLP 29.68 ON 2
[REMARKS]
#FINAL-05-21#