000
CXUS56 KHNX 120800 CCA
CF6MCE
PRELIMINARY LOCAL CLIMATOLOGICAL DATA (WS FORM: F-6)
STATION: MERCED CA AIRPORT
MONTH: JANUARY
YEAR: 2023
LATITUDE: 37 16 N
LONGITUDE: 120 36 W
TEMPERATURE IN F: :PCPN: SNOW: WIND :SUNSHINE: SKY :PK WND
================================================================================
1 2 3 4 5 6A 6B 7 8 9 10 11 12 13 14 15 16 17 18
12Z AVG MX 2MIN
DY MAX MIN AVG DEP HDD CDD WTR SNW DPTH SPD SPD DIR MIN PSBL S-S WX SPD DR
================================================================================
1 59 43 51 6 14 0 0.12 0.0 0 14.0 23 310 M M 4 1 28 310
2 49 38 44 -1 21 0 0.28 0.0 0 10.1 22 130 M M 5 1 27 120
3 59 44 52 7 13 0 0.00 0.0 0 5.9 13 120 M M 3 16 150
4 62 44 53 8 12 0 0.39 0.0 0 14.1 36 130 M M 7 1 44 130
5 58 44 51 6 14 0 0.91 0.0 0 10.8 26 150 M M 8 1 37 150
6 58 40 49 3 16 0 0.00 0.0 0 5.3 16 140 M M 1 19 130
7 63 45 54 8 11 0 0.25 0.0 0 12.6 39 140 M M 4 49 140
8 60 50 55 9 10 0 0.39 0.0 0 14.3 30 130 M M 8 38 130
9 59 53 56 10 9 0 1.80 0.0 0 13.3 35 130 M M 10 1 45 150
10 60 47 54 8 11 0 0.42 0.0 0 9.4 26 140 M M 6 13 33 140
11 55 49 52 6 13 0 0.04 0.0 0 12.7 24 140 M M 7 18 29 130
12 65 43 54 8 11 0 0.00 0.0 0 9.0 20 140 M M 0 24 140
13 61 52 57 11 8 0 0.11 0.0 0 12.2 22 130 M M 4 27 140
14 57 49 53 7 12 0 0.73 0.0 0 13.4 31 140 M M 9 1 38 140
15 53 44 49 3 16 0 0.32 0.0 0 9.9 24 150 M M 8 1 31 120
16 57 42 50 4 15 0 0.73 0.0 0 11.9 31 320 M M 7 13 42 320
17 52 37 45 -1 20 0 0.00 0.0 0 2.8 12 340 M M 5 12 14 350
18 54 34 44 -2 21 0 0.00 0.0 0 4.2 9 160 M M 2 1 M M
19 51 39 45 -1 20 0 0.14 0.0 0 9.8 21 320 M M 5 1 26 310
20 55 33 44 -2 21 0 0.00 0.0 0 2.5 8 340 M M 0 1 12 360
21 55 32 44 -3 21 0 0.00 0.0 0 1.4 6 250 M M 1 12 9 260
22 56 32 44 -3 21 0 0.00 0.0 0 8.5 23 330 M M 2 12 30 320
23 54 34 44 -3 21 0 0.00 0.0 0 2.0 8 140 M M 0 18 10 220
24 57 32 45 -2 20 0 0.00 0.0 0 1.3 6 230 M M 0 18 7 260
25 59 34 47 0 18 0 0.00 0.0 0 2.7 7 240 M M 0 18 10 280
26 62 33 48 1 17 0 0.00 0.0 0 2.2 8 150 M M 0 18 10 130
27 61 34 48 1 17 0 0.00 0.0 0 1.9 8 130 M M 0 18 9 140
28 61 36 49 2 16 0 0.00 0.0 0 2.9 9 360 M M 2 128 12 320
29 55 38 47 -1 18 0 0.07 0.0 0 6.3 20 130 M M 6 1 23 130
30 53 31 42 -6 23 0 0.00 0.0 0 8.6 17 340 M M 1 1 22 340
31 53 28 41 -7 24 0 0.00 0.0 0 2.8 8 180 M M 0 1 11 150
================================================================================
SM 1773 1234 504 0 6.70 0.0 238.8 M 115
================================================================================
AV 57.2 39.8 7.7 FASTST M M 4 MAX(MPH)
MISC ----> 39 140 49 140
================================================================================
NOTES:
# LAST OF SEVERAL OCCURRENCES
COLUMN 17 PEAK WIND IN M.P.H.
PRELIMINARY LOCAL CLIMATOLOGICAL DATA (WS FORM: F-6) , PAGE 2
STATION: MERCED CA AIRPORT
MONTH: JANUARY
YEAR: 2023
LATITUDE: 37 16 N
LONGITUDE: 120 36 W
[TEMPERATURE DATA] [PRECIPITATION DATA] SYMBOLS USED IN COLUMN 16
AVERAGE MONTHLY: 48.5 TOTAL FOR MONTH: 6.70 1 = FOG OR MIST
DPTR FM NORMAL: 2.2 DPTR FM NORMAL: 4.33 2 = FOG REDUCING VISIBILITY
HIGHEST: 65 ON 12 GRTST 24HR 1.87 ON 9-10 TO 1/4 MILE OR LESS
LOWEST: 28 ON 31 3 = THUNDER
SNOW, ICE PELLETS, HAIL 4 = ICE PELLETS
TOTAL MONTH: 0.0 INCH 5 = HAIL
GRTST 24HR 0.0 6 = FREEZING RAIN OR DRIZZLE
GRTST DEPTH: 0 7 = DUSTSTORM OR SANDSTORM:
VSBY 1/2 MILE OR LESS
8 = SMOKE OR HAZE
[NO. OF DAYS WITH] [WEATHER - DAYS WITH] 9 = BLOWING SNOW
X = TORNADO
MAX 32 OR BELOW: 0 0.01 INCH OR MORE: 15
MAX 90 OR ABOVE: 0 0.10 INCH OR MORE: 13
MIN 32 OR BELOW: 5 0.50 INCH OR MORE: 4
MIN 0 OR BELOW: 0 1.00 INCH OR MORE: 1
[HDD (BASE 65) ]
TOTAL THIS MO. 504 CLEAR (SCALE 0-3) 14
DPTR FM NORMAL -76 PTCLDY (SCALE 4-7) 15
TOTAL FM JUL 1 1589 CLOUDY (SCALE 8-10) 2
DPTR FM NORMAL -21
[CDD (BASE 65) ]
TOTAL THIS MO. 0
DPTR FM NORMAL 0 [PRESSURE DATA]
TOTAL FM JAN 1 0 HIGHEST SLP 30.50 ON 26
DPTR FM NORMAL 0 LOWEST SLP 29.30 ON 16
[REMARKS]
#FINAL-01-23#