000
CXUS56 KHNX 012312
CF6MCE
PRELIMINARY LOCAL CLIMATOLOGICAL DATA (WS FORM: F-6)
STATION: MERCED CA AIRPORT
MONTH: OCTOBER
YEAR: 2022
LATITUDE: 37 16 N
LONGITUDE: 120 36 W
TEMPERATURE IN F: :PCPN: SNOW: WIND :SUNSHINE: SKY :PK WND
================================================================================
1 2 3 4 5 6A 6B 7 8 9 10 11 12 13 14 15 16 17 18
12Z AVG MX 2MIN
DY MAX MIN AVG DEP HDD CDD WTR SNW DPTH SPD SPD DIR MIN PSBL S-S WX SPD DR
================================================================================
1 92 56 74 5 0 9 0.00 0.0 0 5.3 12 340 M M 0 8 15 310
2 85 57 71 2 0 6 0.00 0.0 0 8.3 15 330 M M 0 17 330
3 87 56 72 3 0 7 0.00 0.0 0 6.3 9 340 M M 0 M M
4 91 62 77 9 0 12 0.00 0.0 0 5.3 10 330 M M 0 14 330
5 93 54 74 6 0 9 0.00 0.0 0 3.5 9 330 M M 0 18 12 320
6 96 55 76 8 0 11 0.00 0.0 0 3.3 8 350 M M 0 8 13 350
7 95 55 75 8 0 10 0.00 0.0 0 3.6 12 330 M M 0 8 17 360
8 95 58 77 10 0 12 0.00 0.0 0 3.4 12 330 M M 0 8 17 310
9 93 58 76 9 0 11 0.00 0.0 0 4.9 12 320 M M 0 8 15 320
10 93 56 75 9 0 10 0.00 0.0 0 6.5 15 330 M M 0 8 18 340
11 94 55 75 9 0 10 0.00 0.0 0 4.7 15 340 M M 0 17 340
12 89 55 72 6 0 7 0.00 0.0 0 5.7 12 310 M M 0 8 15 330
13 86 55 71 6 0 6 0.00 0.0 0 5.1 12 340 M M 0 8 16 330
14 88 51 70 5 0 5 0.00 0.0 0 2.2 10 320 M M 0 18 12 310
15 84 51 68 3 0 3 0.00 0.0 0 7.2 14 330 M M 0 18 19 350
16 77 52 65 1 0 0 0.00 0.0 0 6.4 13 330 M M 0 18 16 330
17 81 51 66 2 0 1 0.00 0.0 0 4.9 14 320 M M 0 17 330
18 85 52 69 5 0 4 0.00 0.0 0 3.7 12 330 M M 0 18 16 320
19 89 51 70 7 0 5 0.00 0.0 0 3.8 10 350 M M 0 18 12 350
20 87 51 69 6 0 4 0.00 0.0 0 2.1 9 150 M M 0 8 13 160
21 91 53 72 9 0 7 0.00 0.0 0 2.3 9 270 M M 0 8 12 270
22 76 53 65 3 0 0 0.00 0.0 0 7.2 16 330 M M 2 8 20 320
23 72 44 58 -4 7 0 0.00 0.0 0 11.7 25 320 M M 0 32 320
24 73 39 56 -6 9 0 0.00 0.0 0 1.2 9 150 M M 0 8 13 140
25 77 42 60 -1 5 0 0.00 0.0 0 3.6 10 340 M M 0 8 12 310
26 72 45 59 -2 6 0 0.00 0.0 0 7.0 18 320 M M 0 24 350
27 73 37 55 -5 10 0 0.00 0.0 0 1.7 8 270 M M 0 11 320
28 75 40 58 -2 7 0 0.00 0.0 0 2.9 9 340 M M 0 11 330
29 76 45 61 1 4 0 0.00 0.0 0 5.0 15 340 M M 0 18 330
30 76 40 58 -2 7 0 0.00 0.0 0 1.9 8 320 M M 0 10 320
31 72 44 58 -1 7 0 0.00 0.0 0 2.3 7 280 M M 0 8 10 240
================================================================================
SM 2613 1573 62 149 0.00 0.0 143.0 M 2
================================================================================
AV 84.3 50.7 4.6 FASTST M M 0 MAX(MPH)
MISC ----> 25 320 32 320
================================================================================
NOTES:
# LAST OF SEVERAL OCCURRENCES
COLUMN 17 PEAK WIND IN M.P.H.
PRELIMINARY LOCAL CLIMATOLOGICAL DATA (WS FORM: F-6) , PAGE 2
STATION: MERCED CA AIRPORT
MONTH: OCTOBER
YEAR: 2022
LATITUDE: 37 16 N
LONGITUDE: 120 36 W
[TEMPERATURE DATA] [PRECIPITATION DATA] SYMBOLS USED IN COLUMN 16
AVERAGE MONTHLY: 67.5 TOTAL FOR MONTH: 0.00 1 = FOG OR MIST
DPTR FM NORMAL: 3.2 DPTR FM NORMAL: -0.64 2 = FOG REDUCING VISIBILITY
HIGHEST: 96 ON 6 GRTST 24HR 0.00 ON 1- 1 TO 1/4 MILE OR LESS
LOWEST: 37 ON 27 3 = THUNDER
SNOW, ICE PELLETS, HAIL 4 = ICE PELLETS
TOTAL MONTH: 0.0 INCH 5 = HAIL
GRTST 24HR 0.0 6 = FREEZING RAIN OR DRIZZLE
GRTST DEPTH: 0 7 = DUSTSTORM OR SANDSTORM:
VSBY 1/2 MILE OR LESS
8 = SMOKE OR HAZE
[NO. OF DAYS WITH] [WEATHER - DAYS WITH] 9 = BLOWING SNOW
X = TORNADO
MAX 32 OR BELOW: 0 0.01 INCH OR MORE: 0
MAX 90 OR ABOVE: 10 0.10 INCH OR MORE: 0
MIN 32 OR BELOW: 0 0.50 INCH OR MORE: 0
MIN 0 OR BELOW: 0 1.00 INCH OR MORE: 0
[HDD (BASE 65) ]
TOTAL THIS MO. 62 CLEAR (SCALE 0-3) 31
DPTR FM NORMAL -23 PTCLDY (SCALE 4-7) 0
TOTAL FM JUL 1 62 CLOUDY (SCALE 8-10) 0
DPTR FM NORMAL -32
[CDD (BASE 65) ]
TOTAL THIS MO. 149
DPTR FM NORMAL 85 [PRESSURE DATA]
TOTAL FM JAN 1 2178 HIGHEST SLP 30.23 ON 29
DPTR FM NORMAL 596 LOWEST SLP 29.66 ON 22
[REMARKS]
#FINAL-10-22#