000
CXUS56 KHNX 011539
CF6MCE
PRELIMINARY LOCAL CLIMATOLOGICAL DATA (WS FORM: F-6)
STATION: MERCED CA AIRPORT
MONTH: FEBRUARY
YEAR: 2022
LATITUDE: 37 16 N
LONGITUDE: 120 36 W
TEMPERATURE IN F: :PCPN: SNOW: WIND :SUNSHINE: SKY :PK WND
================================================================================
1 2 3 4 5 6A 6B 7 8 9 10 11 12 13 14 15 16 17 18
12Z AVG MX 2MIN
DY MAX MIN AVG DEP HDD CDD WTR SNW DPTH SPD SPD DIR MIN PSBL S-S WX SPD DR
================================================================================
1 57 28 43 -5 22 0 0.00 0.0 0 4.9 17 330 M M 2 12 20 330
2 60 30 45 -3 20 0 0.00 0.0 0 2.8 10 40 M M 0 18 13 10
3 59 29 44 -4 21 0 0.00 0.0 0 2.8 9 130 M M 0 18 11 110
4 65 31 48 0 17 0 0.00 0.0 0 2.1 7 170 M M 0 18 9 190
5 64 29 47 -2 18 0 0.00 0.0 0 0.9 6 10 M M 0 18 7 20
6 67 32 50 1 15 0 0.00 0.0 0 2.2 6 350 M M 0 18 9 320
7 69 34 52 3 13 0 0.00 0.0 0 1.5 8 350 M M 0 18 11 330
8 70 32 51 2 14 0 0.00 0.0 0 1.6 7 130 M M 1 128 9 270
9 72 36 54 5 11 0 0.00 0.0 0 2.2 7 350 M M 0 18 9 10
10 73 36 55 5 10 0 0.00 0.0 0 2.4 6 250 M M 0 18 8 300
11 76 39 58 8 7 0 0.00 0.0 0 3.1 7 350 M M 0 18 9 350
12 76 38 57 7 8 0 0.00 0.0 0 2.3 8 270 M M 0 18 10 270
13 80 38 59 9 6 0 0.00 0.0 0 1.8 7 270 M M 0 128 8 280
14 74 39 57 7 8 0 0.00 0.0 0 4.1 15 330 M M 0 18 340
15 62 35 49 -2 16 0 0.00 0.0 0 9.4 23 310 M M 1 29 310
16 64 30 47 -4 18 0 0.00 0.0 0 3.5 13 350 M M 0 17 280
17 67 32 50 -1 15 0 0.00 0.0 0 2.9 8 160 M M 0 12 150
18 71 35 53 2 12 0 0.00 0.0 0 2.2 9 20 M M 0 12 40
19 73 34 54 3 11 0 0.00 0.0 0 2.8 9 350 M M 0 8 12 350
20 71 35 53 1 12 0 0.00 0.0 0 4.4 13 130 M M 0 18 150
21 60 36 48 -4 17 0 0.00 0.0 0 4.6 17 340 M M 5 22 330
22 55 34 45 -7 20 0 0.02 0.0 0 4.6 22 340 M M 7 26 350
23 56 32 44 -8 21 0 0.00 0.0 0 9.3 22 340 M M 1 1 27 330
24 59 28 44 -8 21 0 0.00 0.0 0 3.5 14 140 M M 0 16 120
25 62 26 44 -9 21 0 0.00 0.0 0 3.0 10 340 M M 0 15 320
26 65 28 47 -6 18 0 0.00 0.0 0 2.0 7 150 M M 0 10 90
27 72 37 55 2 10 0 0.00 0.0 0 4.1 12 320 M M 0 18 15 320
28 75 35 55 2 10 0 0.00 0.0 0 3.3 10 340 M M 0 18 14 330
================================================================================
SM 1874 928 412 0 0.02 0.0 94.3 M 17
================================================================================
AV 66.9 33.1 3.4 FASTST M M 1 MAX(MPH)
MISC ----> 23 310 29 310
================================================================================
NOTES:
# LAST OF SEVERAL OCCURRENCES
COLUMN 17 PEAK WIND IN M.P.H.
PRELIMINARY LOCAL CLIMATOLOGICAL DATA (WS FORM: F-6) , PAGE 2
STATION: MERCED CA AIRPORT
MONTH: FEBRUARY
YEAR: 2022
LATITUDE: 37 16 N
LONGITUDE: 120 36 W
[TEMPERATURE DATA] [PRECIPITATION DATA] SYMBOLS USED IN COLUMN 16
AVERAGE MONTHLY: 50.0 TOTAL FOR MONTH: 0.02 1 = FOG OR MIST
DPTR FM NORMAL: -0.5 DPTR FM NORMAL: -2.18 2 = FOG REDUCING VISIBILITY
HIGHEST: 80 ON 13 GRTST 24HR 0.02 ON 22-22 TO 1/4 MILE OR LESS
LOWEST: 26 ON 25 3 = THUNDER
SNOW, ICE PELLETS, HAIL 4 = ICE PELLETS
TOTAL MONTH: 0.0 INCH 5 = HAIL
GRTST 24HR 0.0 6 = FREEZING RAIN OR DRIZZLE
GRTST DEPTH: 0 7 = DUSTSTORM OR SANDSTORM:
VSBY 1/2 MILE OR LESS
8 = SMOKE OR HAZE
[NO. OF DAYS WITH] [WEATHER - DAYS WITH] 9 = BLOWING SNOW
X = TORNADO
MAX 32 OR BELOW: 0 0.01 INCH OR MORE: 1
MAX 90 OR ABOVE: 0 0.10 INCH OR MORE: 0
MIN 32 OR BELOW: 13 0.50 INCH OR MORE: 0
MIN 0 OR BELOW: 0 1.00 INCH OR MORE: 0
[HDD (BASE 65) ]
TOTAL THIS MO. 412 CLEAR (SCALE 0-3) 26
DPTR FM NORMAL 7 PTCLDY (SCALE 4-7) 2
TOTAL FM JUL 1 1887 CLOUDY (SCALE 8-10) 0
DPTR FM NORMAL -126
[CDD (BASE 65) ]
TOTAL THIS MO. 0
DPTR FM NORMAL 0 [PRESSURE DATA]
TOTAL FM JAN 1 0 HIGHEST SLP 30.46 ON 4
DPTR FM NORMAL 0 LOWEST SLP 29.82 ON 15
[REMARKS]
#FINAL-02-22#