000
CXUS56 KHNX 011214
CF6MCE
PRELIMINARY LOCAL CLIMATOLOGICAL DATA (WS FORM: F-6)
STATION: MERCED CA AIRPORT
MONTH: APRIL
YEAR: 2021
LATITUDE: 37 16 N
LONGITUDE: 120 36 W
TEMPERATURE IN F: :PCPN: SNOW: WIND :SUNSHINE: SKY :PK WND
================================================================================
1 2 3 4 5 6A 6B 7 8 9 10 11 12 13 14 15 16 17 18
12Z AVG MX 2MIN
DY MAX MIN AVG DEP HDD CDD WTR SNW DPTH SPD SPD DIR MIN PSBL S-S WX SPD DR
================================================================================
1 86 43 65 9 0 0 0.00 0.0 0 1.4 8 240 M M 0 10 240
2 86 42 64 8 1 0 0.00 0.0 0 4.1 10 310 M M 0 14 310
3 75 47 61 5 4 0 0.00 0.0 0 9.0 16 330 M M 0 22 330
4 72 46 59 3 6 0 0.00 0.0 0 7.6 14 320 M M 0 20 10
5 72 45 59 3 6 0 0.00 0.0 0 8.7 17 320 M M 0 21 320
6 77 42 60 3 5 0 0.00 0.0 0 3.6 9 10 M M 0 1 12 310
7 79 49 64 7 1 0 0.00 0.0 0 7.2 16 350 M M 0 18 350
8 77 42 60 3 5 0 0.00 0.0 0 8.4 16 350 M M 0 21 350
9 78 43 61 4 4 0 0.00 0.0 0 5.0 12 350 M M 0 16 340
10 78 42 60 2 5 0 0.00 0.0 0 8.0 17 350 M M 0 22 340
11 81 43 62 4 3 0 0.00 0.0 0 5.6 15 340 M M 0 19 330
12 82 44 63 5 2 0 0.00 0.0 0 5.7 14 320 M M 0 17 320
13 76 45 61 3 4 0 0.00 0.0 0 6.5 16 260 M M 0 8 22 270
14 73 40 57 -1 8 0 0.00 0.0 0 5.4 14 10 M M 0 8 19 300
15 78 43 61 2 4 0 0.00 0.0 0 5.2 12 340 M M 0 16 300
16 80 44 62 3 3 0 0.00 0.0 0 7.7 15 320 M M 0 21 330
17 83 45 64 5 1 0 0.00 0.0 0 6.4 15 340 M M 0 21 340
18 89 42 66 6 0 1 0.00 0.0 0 4.4 15 350 M M 0 21 10
19 88 44 66 6 0 1 0.00 0.0 0 5.2 14 320 M M 0 18 330
20 79 46 63 3 2 0 0.00 0.0 0 6.1 21 260 M M 0 8 28 260
21 78 44 61 1 4 0 0.00 0.0 0 5.1 12 240 M M 0 8 16 230
22 80 46 63 2 2 0 0.00 0.0 0 6.6 13 330 M M 0 17 280
23 77 45 61 0 4 0 0.00 0.0 0 5.8 12 330 M M 0 15 240
24 74 47 61 0 4 0 0.00 0.0 0 7.4 16 330 M M 1 21 340
25 65 52 59 -3 6 0 0.03 0.0 0 7.6 14 230 M M 7 1 18 230
26 69 47 58 -4 7 0 T 0.0 0 8.7 17 320 M M 2 24 320
27 77 42 60 -2 5 0 0.00 0.0 0 8.0 18 330 M M 0 23 310
28 84 42 63 1 2 0 0.00 0.0 0 4.2 14 10 M M 0 17 10
29 91 49 70 7 0 5 0.00 0.0 0 4.2 12 350 M M 0 15 350
30 93 53 73 10 0 8 0.00 0.0 0 7.3 17 350 M M 0 22 340
================================================================================
SM 2377 1344 98 15 0.03 0.0 186.1 M 10
================================================================================
AV 79.2 44.8 6.2 FASTST M M 0 MAX(MPH)
MISC ----> 21 260 28 260
================================================================================
NOTES:
# LAST OF SEVERAL OCCURRENCES
COLUMN 17 PEAK WIND IN M.P.H.
PRELIMINARY LOCAL CLIMATOLOGICAL DATA (WS FORM: F-6) , PAGE 2
STATION: MERCED CA AIRPORT
MONTH: APRIL
YEAR: 2021
LATITUDE: 37 16 N
LONGITUDE: 120 36 W
[TEMPERATURE DATA] [PRECIPITATION DATA] SYMBOLS USED IN COLUMN 16
AVERAGE MONTHLY: 62.0 TOTAL FOR MONTH: 0.03 1 = FOG OR MIST
DPTR FM NORMAL: 3.0 DPTR FM NORMAL: -0.92 2 = FOG REDUCING VISIBILITY
HIGHEST: 93 ON 30 GRTST 24HR 0.03 ON 25-25 TO 1/4 MILE OR LESS
LOWEST: 40 ON 14 3 = THUNDER
SNOW, ICE PELLETS, HAIL 4 = ICE PELLETS
TOTAL MONTH: 0.0 INCH 5 = HAIL
GRTST 24HR 0.0 6 = FREEZING RAIN OR DRIZZLE
GRTST DEPTH: 0 7 = DUSTSTORM OR SANDSTORM:
VSBY 1/2 MILE OR LESS
8 = SMOKE OR HAZE
[NO. OF DAYS WITH] [WEATHER - DAYS WITH] 9 = BLOWING SNOW
X = TORNADO
MAX 32 OR BELOW: 0 0.01 INCH OR MORE: 1
MAX 90 OR ABOVE: 2 0.10 INCH OR MORE: 0
MIN 32 OR BELOW: 0 0.50 INCH OR MORE: 0
MIN 0 OR BELOW: 0 1.00 INCH OR MORE: 0
[HDD (BASE 65) ]
TOTAL THIS MO. 98 CLEAR (SCALE 0-3) 29
DPTR FM NORMAL -99 PTCLDY (SCALE 4-7) 1
TOTAL FM JUL 1 2383 CLOUDY (SCALE 8-10) 0
DPTR FM NORMAL -338
[CDD (BASE 65) ]
TOTAL THIS MO. 15
DPTR FM NORMAL -4 [PRESSURE DATA]
TOTAL FM JAN 1 15 HIGHEST SLP 30.20 ON 4
DPTR FM NORMAL -4 LOWEST SLP 29.73 ON 12
[REMARKS]
#FINAL-04-21#