000
CXAK56 PAFG 011200
CF6MCG
PRELIMINARY LOCAL CLIMATOLOGICAL DATA (WS FORM: F-6)
STATION: MCGRATH AK
MONTH: MARCH
YEAR: 2024
LATITUDE: 62 57 N
LONGITUDE: 155 36 W
TEMPERATURE IN F: :PCPN: SNOW: WIND :SUNSHINE: SKY :PK WND
================================================================================
1 2 3 4 5 6A 6B 7 8 9 10 11 12 13 14 15 16 17 18
12Z AVG MX 2MIN
DY MAX MIN AVG DEP HDD CDD WTR SNW DPTH SPD SPD DIR MIN PSBL S-S WX SPD DR
================================================================================
1 1 -30 -14 -22 79 0 0.00 M M 6.1 12 20 M M 0 17 10
2 6 -35 -14 -22 79 0 0.00 M M 1.4 8 20 M M 1 11 20
3 10 -12 -1 -9 66 0 0.02 M M 2.2 7 120 M M 7 8 12 100
4 26 10 18 10 47 0 0.21 M M 1.1 7 140 M M 10 1 11 130
5 30 15 23 15 42 0 0.03 M M 2.9 9 10 M M 10 12 14 360
6 26 16 21 12 44 0 0.01 M M 4.1 10 110 M M 10 1 15 120
7 22 12 17 8 48 0 T M M 2.5 12 30 M M 10 1 14 30
8 16 0 8 -1 57 0 T M M 6.4 17 30 M M 9 24 10
9 12 3 8 -1 57 0 0.00 M M 8.5 18 20 M M 9 25 10
10 5 -5 0 -9 65 0 0.00 M M 10.4 20 30 M M 7 27 20
11 3 -8 -2 -12 67 0 0.00 M M 9.1 16 30 M M 4 8 23 30
12 8 -13 -2 -12 67 0 0.00 M M 7.3 17 20 M M 5 24 20
13 14 -7 4 -6 61 0 T M M 3.3 8 30 M M 6 12 350
14 14 -13 1 -9 64 0 0.00 M M 3.1 9 10 M M 2 13 10
15 14 -24 -5 -15 70 0 0.00 M M 6.0 13 30 M M 0 18 20
16 10 -18 -4 -15 69 0 0.00 M M 6.3 14 20 M M 6 20 20
17 16 -5 6 -5 59 0 0.00 M M 3.3 10 100 M M 7 16 90
18 23 -17 3 -9 62 0 0.00 M M 2.0 8 20 M M 2 18 11 10
19 28 -2 13 1 52 0 0.00 M M 0.6 6 260 M M 0 7 170
20 43 16 30 18 35 0 T M M 3.9 13 190 M M 7 23 160
21 45 31 38 25 27 0 0.06 M M 5.8 10 150 M M 6 14 140
22 45 26 36 23 29 0 T M M 7.6 23 210 M M 7 37 190
23 44 24 34 20 31 0 T M M 5.1 14 80 M M 8 1 19 80
24 47 33 40 26 25 0 0.00 M M 1.4 6 180 M M 10 9 180
25 47 32 40 25 25 0 T M M 1.0 6 170 M M 8 10 170
26 45 31 38 22 27 0 0.17 M M 3.3 13 200 M M 10 1 19 190
27 36 25 31 15 34 0 0.00 M M 4.0 10 10 M M 10 15 20
28 37 26 32 15 33 0 T M M 2.6 8 350 M M 9 12 350
29 39 22 31 13 34 0 0.01 M M 3.9 12 150 M M 8 1 19 160
30 41 32 37 18 28 0 0.23 M M 8.6 23 60 M M 10 12 39 220
31 33 27 30 11 35 0 0.14 M M 7.8 21 200 M M 10 1 30 210
================================================================================
SM 786 192 1518 0 0.88 M 141.6 M 208
================================================================================
AV 25.4 6.2 4.6 FASTST M M 7 MAX(MPH)
MISC ----> # 23 210 39 220
================================================================================
NOTES:
# LAST OF SEVERAL OCCURRENCES
COLUMN 17 PEAK WIND IN M.P.H.
PRELIMINARY LOCAL CLIMATOLOGICAL DATA (WS FORM: F-6) , PAGE 2
STATION: MCGRATH AK
MONTH: MARCH
YEAR: 2024
LATITUDE: 62 57 N
LONGITUDE: 155 36 W
[TEMPERATURE DATA] [PRECIPITATION DATA] SYMBOLS USED IN COLUMN 16
AVERAGE MONTHLY: 15.8 TOTAL FOR MONTH: 0.88 1 = FOG OR MIST
DPTR FM NORMAL: 3.9 DPTR FM NORMAL: 0.20 2 = FOG REDUCING VISIBILITY
HIGHEST: 47 ON 25,24 GRTST 24HR 0.32 ON 30-31 TO 1/4 MILE OR LESS
LOWEST: -35 ON 2 3 = THUNDER
SNOW, ICE PELLETS, HAIL 4 = ICE PELLETS
TOTAL MONTH: M 5 = HAIL
GRTST 24HR M ON M 6 = FREEZING RAIN OR DRIZZLE
GRTST DEPTH: M ON M 7 = DUSTSTORM OR SANDSTORM:
VSBY 1/2 MILE OR LESS
8 = SMOKE OR HAZE
[NO. OF DAYS WITH] [WEATHER - DAYS WITH] 9 = BLOWING SNOW
X = TORNADO
MAX 32 OR BELOW: 19 0.01 INCH OR MORE: 9
MAX 90 OR ABOVE: 0 0.10 INCH OR MORE: 4
MIN 32 OR BELOW: 30 0.50 INCH OR MORE: 0
MIN 0 OR BELOW: 14 1.00 INCH OR MORE: 0
[HDD (BASE 65) ]
TOTAL THIS MO. 1518 CLEAR (SCALE 0-3) 6
DPTR FM NORMAL -128 PTCLDY (SCALE 4-7) 12
TOTAL FM JUL 1 11162 CLOUDY (SCALE 8-10) 13
DPTR FM NORMAL -301
[CDD (BASE 65) ]
TOTAL THIS MO. 0
DPTR FM NORMAL 0 [PRESSURE DATA]
TOTAL FM JAN 1 0 HIGHEST SLP 30.45 ON 19
DPTR FM NORMAL 0 LOWEST SLP 28.80 ON 30
[REMARKS]
#FINAL-03-24#