000
CXUS53 KEAX 022151
CLAMCI
CLIMATE REPORT
NATIONAL WEATHER SERVICE
350 PM CST SUN JAN 02 2022
...................................
...THE KANSAS CITY INTERNATIONAL MO CLIMATE SUMMARY FOR THE YEAR OF 2021...
CLIMATE NORMAL PERIOD: 1991 TO 2020
CLIMATE RECORD PERIOD: 1888 TO 2022
WEATHER OBSERVED NORMAL DEPART LAST YEAR`S
VALUE DATE(S) VALUE FROM VALUE
NORMAL
..............................................................
TEMPERATURE (F)
RECORD
HIGH 113 08/14/1936
LOW -23 12/23/1989
12/22/1989
HIGHEST 98 08/11 99 -1
06/17
06/18
LOWEST -13 02/16 0 -13
AVG. MAXIMUM 67.0 65.0 2.0
AVG. MINIMUM 46.9 44.5 2.4
MEAN 57.0 54.7 2.3
DAYS MAX >= 90 41 36.3 4.7
DAYS MAX <= 32 15 25.8 -10.8
DAYS MIN <= 32 92 107.0 -15.0 106
DAYS MIN <= 0 5 3.8 1.2
PRECIPITATION (INCHES)
RECORD
MAXIMUM 60.25 1961
MINIMUM 20.93 1953
TOTALS 41.24 39.30 1.94
DAILY AVG. 0.11 0.11 0.00
DAYS >= .01 103 103.7 -0.7
DAYS >= .10 68 63.2 4.8
DAYS >= .50 28 25.8 2.2
DAYS >= 1.00 16 10.5 5.5
GREATEST
24 HR. TOTAL 2.64
SNOWFALL (INCHES)
RECORDS
TOTAL 63.0 1960
24 HR TOTAL 20.0 03/23/1912 TO 03/23/1912
TOTALS 14.4 18.2 -3.8
DAYS >= TRACE 23 13.8 9.2
DAYS >= 1.0 7 5.8 1.2
GREATEST
SNOW DEPTH 3 02/18
02/19
04/20
24 HR TOTAL MM
DEGREE DAYS
HEATING TOTAL 4421 5071 -650
COOLING TOTAL 1661 1363 298
..............................................................
WIND (MPH)
AVERAGE WIND SPEED 9.9
HIGHEST WIND SPEED/DIRECTION 52/190 DATE 12/15
HIGHEST GUST SPEED/DIRECTION 66/190 DATE 12/15
SKY COVER
POSSIBLE SUNSHINE (PERCENT) MM
AVERAGE SKY COVER 0.50
NUMBER OF DAYS FAIR 135
NUMBER OF DAYS PC 135
NUMBER OF DAYS CLOUDY 95
AVERAGE RH (PERCENT) 67
WEATHER CONDITIONS. NUMBER OF DAYS WITH
THUNDERSTORM 45 MIXED PRECIP 0
HEAVY RAIN 34 RAIN 45
LIGHT RAIN 109 FREEZING RAIN 0
LT FREEZING RAIN 2 HAIL 1
HEAVY SNOW 2 SNOW 8
LIGHT SNOW 23 SLEET 1
FOG 169 FOG W/VIS <= 1/4 MILE 18
HAZE 192
- INDICATES NEGATIVE NUMBERS.
R INDICATES RECORD WAS SET OR TIED.
MM INDICATES DATA IS MISSING.
T INDICATES TRACE AMOUNT.
$$