000
CXUS52 KMLB 010622
CF6MCO
PRELIMINARY LOCAL CLIMATOLOGICAL DATA (WS FORM: F-6)
STATION: ORLANDO INTL
MONTH: OCTOBER
YEAR: 2022
LATITUDE: 28 25 N
LONGITUDE: 81 19 W
TEMPERATURE IN F: :PCPN: SNOW: WIND :SUNSHINE: SKY :PK WND
================================================================================
1 2 3 4 5 6A 6B 7 8 9 10 11 12 13 14 15 16 17 18
12Z AVG MX 2MIN
DY MAX MIN AVG DEP HDD CDD WTR SNW DPTH SPD SPD DIR MIN PSBL S-S WX SPD DR
================================================================================
1 86 65 76 -3 0 11 0.00 0.0 0 5.6 13 340 M M 3 17 310
2 87 65 76 -3 0 11 0.00 0.0 0 6.8 16 300 M M 1 21 330
3 85 66 76 -3 0 11 0.00 0.0 0 9.3 18 30 M M 3 23 30
4 82 63 73 -5 0 8 0.00 0.0 0 10.1 18 20 M M 3 23 20
5 85 63 74 -4 0 9 0.00 0.0 0 5.9 12 100 M M 2 14 70
6 86 64 75 -3 0 10 0.00 0.0 0 3.5 10 80 M M 1 13 330
7 85 64 75 -3 0 10 0.00 0.0 0 4.3 14 50 M M 1 17 40
8 86 65 76 -2 0 11 0.00 0.0 0 6.9 15 40 M M 1 22 40
9 88 66 77 0 0 12 0.00 0.0 0 8.6 17 50 M M 3 21 50
10 89 72 81 4 0 16 0.00 0.0 0 8.7 20 50 M M 6 22 70
11 90 72 81 4 0 16 0.00 0.0 0 6.8 15 50 M M 7 18 40
12 87 74 81 4 0 16 T 0.0 0 4.0 14 10 M M 8 3 18 130
13 85 72 79 3 0 14 0.00 0.0 0 4.9 10 210 M M 8 14 200
14 90 72 81 5 0 16 0.00 0.0 0 7.8 15 60 M M 4 19 40
15 87 72 80 4 0 15 0.00 0.0 0 9.6 18 40 M M 4 24 50
16 89 68 79 3 0 14 0.00 0.0 0 5.9 13 100 M M 2 18 90
17 88 70 79 4 0 14 0.34 0.0 0 5.3 16 230 M M 5 13 20 230
18 84 65 75 0 0 10 0.00 0.0 0 8.0 18 340 M M 7 1 24 340
19 70 53 62 -13 3 0 T 0.0 0 11.7 20 330 M M 8 25 340
20 74 54 64 -10 1 0 0.00 0.0 0 8.9 14 30 M M 6 19 10
21 78 58 68 -6 0 3 0.00 0.0 0 9.4 15 40 M M 3 21 320
22 84 59 72 -2 0 7 0.00 0.0 0 9.8 20 30 M M 2 25 50
23 85 62 74 0 0 9 0.00 0.0 0 7.4 16 60 M M 1 19 60
24 86 66 76 3 0 11 0.00 0.0 0 7.3 16 50 M M 3 20 20
25 86 64 75 2 0 10 0.00 0.0 0 4.0 12 310 M M 1 14 320
26 87 63 75 2 0 10 0.00 0.0 0 4.8 14 250 M M 3 1 19 250
27 88 67 78 5 0 13 0.00 0.0 0 3.9 14 90 M M 4 13 17 90
28 86 70 78 6 0 13 1.80 0.0 0 5.9 18 80 M M 8 13 22 80
29 88 70 79 7 0 14 0.00 0.0 0 8.2 17 40 M M 6 20 40
30 88 69 79 7 0 14 0.00 0.0 0 6.9 16 50 M M 3 12 21 110
31 90 70 80 8 0 15 0.00 0.0 0 3.5 13 80 M M 4 15 70
================================================================================
SM 2649 2043 4 343 2.14 0.0 213.7 M 121
================================================================================
AV 85.5 65.9 6.9 FASTST M M 4 MAX(MPH)
MISC ----> # 20 50 # 25 340
================================================================================
NOTES:
# LAST OF SEVERAL OCCURRENCES
COLUMN 17 PEAK WIND IN M.P.H.
PRELIMINARY LOCAL CLIMATOLOGICAL DATA (WS FORM: F-6) , PAGE 2
STATION: ORLANDO INTL
MONTH: OCTOBER
YEAR: 2022
LATITUDE: 28 25 N
LONGITUDE: 81 19 W
[TEMPERATURE DATA] [PRECIPITATION DATA] SYMBOLS USED IN COLUMN 16
AVERAGE MONTHLY: 75.7 TOTAL FOR MONTH: 2.14 1 = FOG OR MIST
DPTR FM NORMAL: 0.2 DPTR FM NORMAL: -1.32 2 = FOG REDUCING VISIBILITY
HIGHEST: 90 ON 31,14 GRTST 24HR 1.80 ON 28-28 TO 1/4 MILE OR LESS
LOWEST: 53 ON 19 3 = THUNDER
SNOW, ICE PELLETS, HAIL 4 = ICE PELLETS
TOTAL MONTH: 0.0 INCH 5 = HAIL
GRTST 24HR 0.0 6 = FREEZING RAIN OR DRIZZLE
GRTST DEPTH: 0 7 = DUSTSTORM OR SANDSTORM:
VSBY 1/2 MILE OR LESS
8 = SMOKE OR HAZE
[NO. OF DAYS WITH] [WEATHER - DAYS WITH] 9 = BLOWING SNOW
X = TORNADO
MAX 32 OR BELOW: 0 0.01 INCH OR MORE: 2
MAX 90 OR ABOVE: 3 0.10 INCH OR MORE: 2
MIN 32 OR BELOW: 0 0.50 INCH OR MORE: 1
MIN 0 OR BELOW: 0 1.00 INCH OR MORE: 1
[HDD (BASE 65) ]
TOTAL THIS MO. 4 CLEAR (SCALE 0-3) 14
DPTR FM NORMAL -2 PTCLDY (SCALE 4-7) 17
TOTAL FM JUL 1 4 CLOUDY (SCALE 8-10) 0
DPTR FM NORMAL 2
[CDD (BASE 65) ]
TOTAL THIS MO. 343
DPTR FM NORMAL 14 [PRESSURE DATA]
TOTAL FM JAN 1 3854 HIGHEST SLP M ON M
DPTR FM NORMAL 619 LOWEST SLP 29.77 ON 18
[REMARKS]
#FINAL-10-22#