000
CXUS51 KCTP 010900
CF6MDT
PRELIMINARY LOCAL CLIMATOLOGICAL DATA (WS FORM: F-6)
STATION: HARRISBURG PA
MONTH: JANUARY
YEAR: 2022
LATITUDE: 40 11 N
LONGITUDE: 76 46 W
TEMPERATURE IN F: :PCPN: SNOW: WIND :SUNSHINE: SKY :PK WND
================================================================================
1 2 3 4 5 6A 6B 7 8 9 10 11 12 13 14 15 16 17 18
12Z AVG MX 2MIN
DY MAX MIN AVG DEP HDD CDD WTR SNW DPTH SPD SPD DIR MIN PSBL S-S WX SPD DR
================================================================================
1 54 47 51 19 14 0 0.73 0.0 0 3.3 10 320 M M 10 12 14 340
2 60 37 49 17 16 0 0.05 0.0 0 7.5 25 320 M M 9 12 30 320
3 37 23 30 -2 35 0 0.00 0.0 0 8.6 22 330 M M 7 29 330
4 38 20 29 -3 36 0 0.00 0.0 0 7.0 16 330 M M 3 21 330
5 42 25 34 2 31 0 0.00 0.0 0 4.6 15 150 M M 8 22 190
6 37 25 31 -1 34 0 0.22 3.1 0 6.4 21 290 M M 6 18 26 300
7 28 22 25 -6 40 0 0.19 2.4 6 17.7 32 300 M M 7 89 38 300
8 30 17 24 -7 41 0 0.00 0.0 4 6.6 20 310 M M 1 23 310
9 37 22 30 -1 35 0 0.25 0.0 3 5.3 18 310 M M 10 146 24 310
10 37 24 31 0 34 0 0.00 0.0 2 17.2 29 320 M M 6 36 310
11 24 18 21 -10 44 0 T T 1 10.7 28 310 M M 4 36 320
12 34 15 25 -6 40 0 0.00 0.0 1 2.6 12 160 M M 6 15 240
13 42 25 34 3 31 0 0.00 0.0 1 1.1 9 300 M M 9 8 11 300
14 40 22 31 0 34 0 T 0.0 T 13.0 28 330 M M 8 39 330
15 22 13 18 -12 47 0 0.00 0.0 0 8.7 21 340 M M 5 25 330
16 35 9 22 -8 43 0 0.70 2.4 0 4.6 15 80 M M 6 14 22 60
17 40 30 35 5 30 0 0.46 1.0 2 17.0 32 300 M M 10 148 41 290
18 36 23 30 0 35 0 0.00 0.0 1 13.3 29 300 M M 7 40 300
19 45 23 34 4 31 0 0.00 0.0 T 4.6 16 190 M M 8 8 26 180
20 38 20 29 -1 36 0 0.18 T 0 8.6 18 340 M M 8 1 23 330
21 25 13 19 -11 46 0 0.00 0.0 0 7.0 15 350 M M 5 18 360
22 28 10 19 -11 46 0 0.00 0.0 M 3.7 9 310 M M 3 11 310
23 36 17 27 -3 38 0 0.01 0.1 0 2.7 13 210 M M 8 17 190
24 35 23 29 -1 36 0 T T T 4.9 15 310 M M 7 18 310
25 39 24 32 2 33 0 T T 0 7.5 21 310 M M 7 8 26 310
26 29 14 22 -8 43 0 0.00 0.0 0 4.3 15 330 M M 3 22 320
27 34 9 22 -8 43 0 0.00 0.0 0 2.5 12 200 M M 2 8 16 200
28 33 27 30 0 35 0 0.07 0.5 T 2.4 15 360 M M 10 18 19 360
29 27 16 22 -8 43 0 T T 1 16.5 29 320 M M 6 40 350
30 26 12 19 -12 46 0 0.00 0.0 T 5.7 15 320 M M 6 19 310
31 35 15 25 -6 40 0 0.00 0.0 T 1.0 8 70 M M 6 10 70
================================================================================
SM 1103 640 1136 0 2.86 9.5 226.6 M 201
================================================================================
AV 35.6 20.6 7.3 FASTST M M 6 MAX(MPH)
MISC ----> # 32 300 41 290
================================================================================
NOTES:
# LAST OF SEVERAL OCCURRENCES
COLUMN 17 PEAK WIND IN M.P.H.
PRELIMINARY LOCAL CLIMATOLOGICAL DATA (WS FORM: F-6) , PAGE 2
STATION: HARRISBURG PA
MONTH: JANUARY
YEAR: 2022
LATITUDE: 40 11 N
LONGITUDE: 76 46 W
[TEMPERATURE DATA] [PRECIPITATION DATA] SYMBOLS USED IN COLUMN 16
AVERAGE MONTHLY: 28.1 TOTAL FOR MONTH: 2.86 1 = FOG OR MIST
DPTR FM NORMAL: -2.7 DPTR FM NORMAL: -0.17 2 = FOG REDUCING VISIBILITY
HIGHEST: 60 ON 2 GRTST 24HR 0.85 ON 16-17 TO 1/4 MILE OR LESS
LOWEST: 9 ON 27,16 3 = THUNDER
SNOW, ICE PELLETS, HAIL 4 = ICE PELLETS
TOTAL MONTH: 9.5 INCHES 5 = HAIL
GRTST 24HR 3.1 ON 6- 6 6 = FREEZING RAIN OR DRIZZLE
GRTST DEPTH: 6 ON 7 7 = DUSTSTORM OR SANDSTORM:
VSBY 1/2 MILE OR LESS
8 = SMOKE OR HAZE
[NO. OF DAYS WITH] [WEATHER - DAYS WITH] 9 = BLOWING SNOW
X = TORNADO
MAX 32 OR BELOW: 9 0.01 INCH OR MORE: 10
MAX 90 OR ABOVE: 0 0.10 INCH OR MORE: 7
MIN 32 OR BELOW: 29 0.50 INCH OR MORE: 2
MIN 0 OR BELOW: 0 1.00 INCH OR MORE: 0
[HDD (BASE 65) ]
TOTAL THIS MO. 1136 CLEAR (SCALE 0-3) 4
DPTR FM NORMAL 76 PTCLDY (SCALE 4-7) 21
TOTAL FM JUL 1 2621 CLOUDY (SCALE 8-10) 6
DPTR FM NORMAL -302
[CDD (BASE 65) ]
TOTAL THIS MO. 0
DPTR FM NORMAL 0 [PRESSURE DATA]
TOTAL FM JAN 1 0 HIGHEST SLP 30.66 ON 8
DPTR FM NORMAL 0 LOWEST SLP 29.01 ON 17
[REMARKS]
#FINAL-01-22#