000
CXUS51 KCTP 010800
CF6MDT
PRELIMINARY LOCAL CLIMATOLOGICAL DATA (WS FORM: F-6)
STATION: HARRISBURG PA
MONTH: JUNE
YEAR: 2020
LATITUDE: 40 11 N
LONGITUDE: 76 46 W
TEMPERATURE IN F: :PCPN: SNOW: WIND :SUNSHINE: SKY :PK WND
================================================================================
1 2 3 4 5 6A 6B 7 8 9 10 11 12 13 14 15 16 17 18
12Z AVG MX 2MIN
DY MAX MIN AVG DEP HDD CDD WTR SNW DPTH SPD SPD DIR MIN PSBL S-S WX SPD DR
================================================================================
1 73 46 60 -7 5 0 0.00 0.0 0 9.0 22 320 M M 4 26 310
2 74 52 63 -4 2 0 0.00 0.0 0 3.7 13 220 M M 7 17 210
3 87 61 74 6 0 9 0.42 0.0 0 4.4 29 310 M M 8 13 38 300
4 90 63 77 9 0 12 0.98 0.0 0 3.2 30 300 M M 9 13 36 300
5 84 69 77 9 0 12 0.36 0.0 0 2.6 13 140 M M 9 1 15 130
6 88 64 76 7 0 11 0.00 0.0 0 8.1 22 300 M M 6 128 29 320
7 78 59 69 0 0 4 0.00 0.0 0 5.8 17 340 M M 3 23 330
8 79 54 67 -2 0 2 0.00 0.0 0 4.5 12 320 M M 1 8 17 360
9 89 59 74 4 0 9 0.00 0.0 0 4.4 12 250 M M 3 15 210
10 91 71 81 11 0 16 0.07 0.0 0 7.2 18 160 M M 7 138 26 160
11 85 68 77 7 0 12 0.38 0.0 0 9.7 21 290 M M 7 18 30 220
12 85 64 75 4 0 10 T 0.0 0 9.9 20 310 M M 2 24 340
13 74 56 65 -6 0 0 0.00 0.0 0 4.9 15 330 M M 2 23 320
14 76 52 64 -7 1 0 0.00 0.0 0 2.7 13 90 M M 5 15 80
15 78 56 67 -5 0 2 0.00 0.0 0 4.9 17 110 M M 6 22 110
16 81 57 69 -3 0 4 0.00 0.0 0 5.7 15 100 M M 7 8 25 70
17 79 60 70 -2 0 5 T 0.0 0 6.3 15 110 M M 9 27 50
18 83 67 75 3 0 10 0.03 0.0 0 7.2 15 160 M M 8 18 17 150
19 83 65 74 1 0 9 0.73 0.0 0 4.2 25 220 M M 7 138 34 230
20 83 66 75 2 0 10 T 0.0 0 3.5 16 160 M M 7 18 19 160
21 86 67 77 4 0 12 0.00 0.0 0 3.2 13 160 M M 5 15 160
22 91 70 81 7 0 16 0.14 0.0 0 5.5 20 170 M M 6 3 26 240
23 88 68 78 4 0 13 0.44 0.0 0 5.8 18 160 M M 8 138 23 160
24 84 69 77 3 0 12 T 0.0 0 10.1 22 310 M M 6 8 29 300
25 85 64 75 1 0 10 0.02 0.0 0 4.5 30 260 M M 5 38 37 250
26 87 64 76 2 0 11 0.00 0.0 0 6.8 16 270 M M 6 8 21 280
27 88 69 79 4 0 14 0.24 0.0 0 9.0 28 270 M M 8 1 36 270
28 89 70 80 5 0 15 T 0.0 0 5.8 16 300 M M 5 20 300
29 89 72 81 6 0 16 0.00 0.0 0 7.5 17 340 M M 3 23 330
30 86 68 77 2 0 12 0.00 0.0 0 4.9 13 20 M M 5 19 10
================================================================================
SM 2513 1890 8 268 3.81 0.0 175.0 M 174
================================================================================
AV 83.8 63.0 5.8 FASTST M M 6 MAX(MPH)
MISC ----> # 30 300 38 300
================================================================================
NOTES:
# LAST OF SEVERAL OCCURRENCES
COLUMN 17 PEAK WIND IN M.P.H.
PRELIMINARY LOCAL CLIMATOLOGICAL DATA (WS FORM: F-6) , PAGE 2
STATION: HARRISBURG PA
MONTH: JUNE
YEAR: 2020
LATITUDE: 40 11 N
LONGITUDE: 76 46 W
[TEMPERATURE DATA] [PRECIPITATION DATA] SYMBOLS USED IN COLUMN 16
AVERAGE MONTHLY: 73.4 TOTAL FOR MONTH: 3.81 1 = FOG OR MIST
DPTR FM NORMAL: 1.9 DPTR FM NORMAL: 0.21 2 = FOG REDUCING VISIBILITY
HIGHEST: 91 ON 22,10 GRTST 24HR 1.32 ON 4- 5 TO 1/4 MILE OR LESS
LOWEST: 46 ON 1 3 = THUNDER
SNOW, ICE PELLETS, HAIL 4 = ICE PELLETS
TOTAL MONTH: 0.0 INCH 5 = HAIL
GRTST 24HR 0.0 6 = FREEZING RAIN OR DRIZZLE
GRTST DEPTH: 0 7 = DUSTSTORM OR SANDSTORM:
VSBY 1/2 MILE OR LESS
8 = SMOKE OR HAZE
[NO. OF DAYS WITH] [WEATHER - DAYS WITH] 9 = BLOWING SNOW
X = TORNADO
MAX 32 OR BELOW: 0 0.01 INCH OR MORE: 11
MAX 90 OR ABOVE: 3 0.10 INCH OR MORE: 8
MIN 32 OR BELOW: 0 0.50 INCH OR MORE: 2
MIN 0 OR BELOW: 0 1.00 INCH OR MORE: 0
[HDD (BASE 65) ]
TOTAL THIS MO. 8 CLEAR (SCALE 0-3) 5
DPTR FM NORMAL -10 PTCLDY (SCALE 4-7) 21
TOTAL FM JUL 1 4582 CLOUDY (SCALE 8-10) 4
DPTR FM NORMAL -686
[CDD (BASE 65) ]
TOTAL THIS MO. 268
DPTR FM NORMAL 55 [PRESSURE DATA]
TOTAL FM JAN 1 324 HIGHEST SLP 30.42 ON 15
DPTR FM NORMAL 46 LOWEST SLP 29.62 ON 3
[REMARKS]
#FINAL-06-20#