000
CXUS51 KCTP 010800
CF6MDT
PRELIMINARY LOCAL CLIMATOLOGICAL DATA (WS FORM: F-6)
STATION: HARRISBURG PA
MONTH: AUGUST
YEAR: 2023
LATITUDE: 40 11 N
LONGITUDE: 76 46 W
TEMPERATURE IN F: :PCPN: SNOW: WIND :SUNSHINE: SKY :PK WND
================================================================================
1 2 3 4 5 6A 6B 7 8 9 10 11 12 13 14 15 16 17 18
12Z AVG MX 2MIN
DY MAX MIN AVG DEP HDD CDD WTR SNW DPTH SPD SPD DIR MIN PSBL S-S WX SPD DR
================================================================================
1 81 63 72 -5 0 7 0.00 0.0 0 4.7 13 300 M M 4 17 320
2 83 61 72 -5 0 7 0.00 0.0 0 4.6 9 190 M M 4 12 170
3 85 65 75 -2 0 10 0.00 0.0 0 8.8 20 190 M M 9 27 180
4 83 68 76 -1 0 11 0.20 0.0 0 6.0 20 10 M M 8 13 26 190
5 85 67 76 0 0 11 0.00 0.0 0 5.1 14 280 M M 8 1 17 290
6 89 68 79 3 0 14 0.35 0.0 0 6.9 18 210 M M 7 13 22 210
7 88 69 79 3 0 14 0.17 0.0 0 7.9 33 280 M M 8 13 40 280
8 84 69 77 1 0 12 0.00 0.0 0 12.6 26 300 M M 6 37 310
9 86 66 76 0 0 11 T 0.0 0 7.7 18 230 M M 2 24 200
10 79 68 74 -2 0 9 0.05 0.0 0 2.2 13 290 M M 8 8 16 300
11 86 68 77 1 0 12 0.00 0.0 0 5.9 16 260 M M 4 20 260
12 89 66 78 2 0 13 0.26 0.0 0 4.7 18 210 M M 8 13 27 300
13 88 70 79 3 0 14 0.00 0.0 0 6.0 18 300 M M 6 1 22 320
14 89 68 79 3 0 14 0.21 0.0 0 5.1 18 130 M M 9 1 22 130
15 88 72 80 4 0 15 0.20 0.0 0 4.8 20 310 M M 6 18 25 300
16 83 69 76 1 0 11 0.00 0.0 0 6.0 12 290 M M 5 14 320
17 89 66 78 3 0 13 0.00 0.0 0 5.9 15 180 M M 6 19 180
18 81 66 74 -1 0 9 0.26 0.0 0 12.9 29 300 M M 4 13 37 310
19 82 61 72 -3 0 7 0.00 0.0 0 8.0 21 300 M M 1 26 320
20 87 59 73 -2 0 8 0.00 0.0 0 2.3 10 210 M M 3 13 210
21 90 67 79 4 0 14 0.00 0.0 0 4.3 14 310 M M 7 17 340
22 82 64 73 -2 0 8 0.00 0.0 0 7.0 15 50 M M 6 21 50
23 80 61 71 -3 0 6 T 0.0 0 4.9 10 110 M M 7 14 90
24 80 69 75 1 0 10 T 0.0 0 6.1 13 170 M M 9 16 200
25 86 69 78 4 0 13 0.27 0.0 0 2.4 12 130 M M 8 13 14 120
26 87 70 79 5 0 14 0.00 0.0 0 5.1 14 350 M M 5 18 350
27 86 66 76 2 0 11 0.00 0.0 0 4.6 10 120 M M 5 15 50
28 81 69 75 1 0 10 T 0.0 0 7.3 14 140 M M 7 17 140
29 79 67 73 0 0 8 T 0.0 0 3.3 8 130 M M 9 18 10 30
30 84 67 76 3 0 11 0.06 0.0 0 10.6 23 320 M M 7 1 29 330
31 80 61 71 -2 0 6 0.00 0.0 0 8.2 16 360 M M 2 24 10
================================================================================
SM 2620 2059 0 333 2.03 0.0 191.9 M 188
================================================================================
AV 84.5 66.4 6.2 FASTST M M 6 MAX(MPH)
MISC ----> 33 280 40 280
================================================================================
NOTES:
# LAST OF SEVERAL OCCURRENCES
COLUMN 17 PEAK WIND IN M.P.H.
PRELIMINARY LOCAL CLIMATOLOGICAL DATA (WS FORM: F-6) , PAGE 2
STATION: HARRISBURG PA
MONTH: AUGUST
YEAR: 2023
LATITUDE: 40 11 N
LONGITUDE: 76 46 W
[TEMPERATURE DATA] [PRECIPITATION DATA] SYMBOLS USED IN COLUMN 16
AVERAGE MONTHLY: 75.5 TOTAL FOR MONTH: 2.03 1 = FOG OR MIST
DPTR FM NORMAL: 0.3 DPTR FM NORMAL: -1.74 2 = FOG REDUCING VISIBILITY
HIGHEST: 90 ON 21 GRTST 24HR 0.52 ON 6- 7 TO 1/4 MILE OR LESS
LOWEST: 59 ON 20 3 = THUNDER
SNOW, ICE PELLETS, HAIL 4 = ICE PELLETS
TOTAL MONTH: 0.0 INCH 5 = HAIL
GRTST 24HR 0.0 6 = FREEZING RAIN OR DRIZZLE
GRTST DEPTH: 0 7 = DUSTSTORM OR SANDSTORM:
VSBY 1/2 MILE OR LESS
8 = SMOKE OR HAZE
[NO. OF DAYS WITH] [WEATHER - DAYS WITH] 9 = BLOWING SNOW
X = TORNADO
MAX 32 OR BELOW: 0 0.01 INCH OR MORE: 10
MAX 90 OR ABOVE: 1 0.10 INCH OR MORE: 8
MIN 32 OR BELOW: 0 0.50 INCH OR MORE: 0
MIN 0 OR BELOW: 0 1.00 INCH OR MORE: 0
[HDD (BASE 65) ]
TOTAL THIS MO. 0 CLEAR (SCALE 0-3) 4
DPTR FM NORMAL -1 PTCLDY (SCALE 4-7) 21
TOTAL FM JUL 1 0 CLOUDY (SCALE 8-10) 6
DPTR FM NORMAL 0
[CDD (BASE 65) ]
TOTAL THIS MO. 333
DPTR FM NORMAL 14 [PRESSURE DATA]
TOTAL FM JAN 1 970 HIGHEST SLP 30.24 ON 2
DPTR FM NORMAL -51 LOWEST SLP 29.61 ON 10
[REMARKS]
#FINAL-08-23#