000
CXUS51 KCTP 010846
CLSMDT
CLIMATE REPORT
NATIONAL WEATHER SERVICE STATE COLLEGE PA
446 AM EDT WED JUN 01 2022
...................................
...THE HARRISBURG PA CLIMATE SUMMARY FOR THE SEASON, FROM
3/1/2022 TO 5/31/2022...
CLIMATE NORMAL PERIOD 1991 TO 2020
CLIMATE RECORD PERIOD 1888 TO 2022
WEATHER OBSERVED NORMAL DEPART LAST YEAR`S
VALUE DATE(S) VALUE FROM VALUE DATE(S)
NORMAL
................................................................
TEMPERATURE (F)
RECORD
HIGH 97 05/01/1942
05/31/1939
LOW 03/07/2015
HIGHEST 92 05/31 93 05/23
LOWEST 20 03/13 21 03/08
AVG. MAXIMUM 63.8 62.9 0.9 65.4
AVG. MINIMUM 43.6 42.6 1.0 44.2
MEAN 53.7 52.8 0.9 54.8
DAYS MAX >= 90 4 1.2 2.8 2
DAYS MAX <= 32 1 1.0 0.0 0
DAYS MIN <= 32 15 18.9 -3.9 16
DAYS MIN <= 0 0 0.1 -0.1 0
PRECIPITATION (INCHES)
RECORD
MAXIMUM 20.79 2011
MINIMUM 5.40 1926
TOTALS 13.08 11.08 2.00 8.04
DAILY AVG. 0.14 0.12 0.02 0.09
DAYS >= .01 33 35.4 -2.4 25
DAYS >= .10 24 21.4 2.6 17
DAYS >= .50 8 7.2 0.8 6
DAYS >= 1.00 5 2.7 2.3 1
GREATEST
24 HR. TOTAL 2.70 1.76 04/11 TO 04/11
STORM TOTAL 2.17 1.76
(MM/DD(HH)) MM
SNOWFALL (INCHES)
RECORDS
TOTAL 24.0 1927
24 HR TOTAL T MM
SNOW DEPTH MM MM
TOTALS 3.8 6.0 -2.2 T
LIQUID EQUIV 0.40 0.00 0.40 T
SINCE 7/1 16.4 29.9 -13.5 MM
LIQUID 7/1 1.64 2.90 -1.26 MM
SNOWDEPTH AVG. 0 0
DAYS >= TRACE 5 3.0 2.0 2
DAYS >= 1.0 1 1.4 -0.4 0
GREATEST
SNOW DEPTH 2 03/13 0 MM
24 HR TOTAL MM MM T
STORM TOTAL 3.0 T
(MM/DD(HH)) MM
DEGREE DAYS
HEATING TOTAL 1118 1206 -88 1013
SINCE 7/1 4544 5013 -469 MM
COOLING TOTAL 102 81 21 100
SINCE 1/1 102 82 20 MM
FREEZE DATES
RECORD
EARLIEST 09/24/1963
LATEST 05/11/1966
EARLIEST 11/04
LATEST 04/23
................................................................
WIND (MPH)
AVERAGE WIND SPEED 8.1
RESULTANT WIND SPEED/DIRECTION 2/290
HIGHEST WIND SPEED/DIRECTION 37/310 DATE 03/07
HIGHEST GUST SPEED/DIRECTION 47/310 DATE 03/07
SKY COVER
POSSIBLE SUNSHINE (PERCENT) MM
AVERAGE SKY COVER 0.65
NUMBER OF DAYS FAIR 14
NUMBER OF DAYS PC 37
NUMBER OF DAYS CLOUDY 41
AVERAGE RH (PERCENT) 60
WEATHER CONDITIONS. NUMBER OF DAYS WITH
THUNDERSTORM 10 MIXED PRECIP 0
HEAVY RAIN 11 RAIN 15
LIGHT RAIN 47 FREEZING RAIN 0
LT FREEZING RAIN 0 HAIL 0
HEAVY SNOW 1 SNOW 1
LIGHT SNOW 5 SLEET 2
FOG 30 FOG W/VIS <= 1/4 MILE 4
HAZE 19
- INDICATES NEGATIVE NUMBERS.
R INDICATES RECORD WAS SET OR TIED.
MM INDICATES DATA IS MISSING.
T INDICATES TRACE AMOUNT.
$$