000
CXUS53 KARX 041456
CF6MDZ
PRELIMINARY LOCAL CLIMATOLOGICAL DATA (WS FORM: F-6)
STATION: MEDFORD WI
MONTH: NOVEMBER
YEAR: 2021
LATITUDE: 45 5 N
LONGITUDE: 90 18 W
TEMPERATURE IN F: :PCPN: SNOW: WIND :SUNSHINE: SKY :PK WND
================================================================================
1 2 3 4 5 6A 6B 7 8 9 10 11 12 13 14 15 16 17 18
12Z AVG MX 2MIN
DY MAX MIN AVG DEP HDD CDD WTR SNW DPTH SPD SPD DIR MIN PSBL S-S WX SPD DR
================================================================================
1 37 29 33 M 32 0 0.00 0.0 0 8.0 13 280 M M 8 21 290
2 38 26 32 M 33 0 0.00 0.0 0 7.8 12 300 M M 7 18 290
3 38 24 31 M 34 0 0.00 0.0 0 4.2 8 280 M M 8 M M
4 46 26 36 M 29 0 0.00 0.0 0 5.5 12 200 M M 5 M M
5 51 31 41 M 24 0 0.00 0.0 0 12.8 21 200 M M 3 28 200
6 60 38 49 M 16 0 0.00 0.0 0 8.8 15 190 M M 1 21 190
7 60 33 47 M 18 0 0.00 0.0 0 6.0 12 190 M M 0 17 180
8 61 37 49 M 16 0 0.00 0.0 0 5.1 13 340 M M 2 18 330
9 52 26 39 M 26 0 0.00 0.0 0 1.7 6 270 M M 0 M M
10 51 23 37 M 28 0 0.41 0.0 0 7.6 15 110 M M 3 23 100
11 48 32 40 M 25 0 0.58 0.0 0 12.1 18 250 M M 10 1 33 260
12 38 32 35 M 30 0 M M 0 6.8 14 320 M M 10 1 18 310
13 32 28 30 M 35 0 M M M 8.1 14 310 M M 9 18 310
14 31 24 28 M 37 0 0.04 M M 9.4 17 350 M M 10 25 350
15 31 15 23 M 42 0 0.00 0.0 M 1.5 7 270 M M 2 M M
16 38 16 27 M 38 0 0.00 0.0 M 8.5 15 130 M M 4 27 130
17 41 29 35 M 30 0 0.00 0.0 M 9.3 22 280 M M 7 28 270
18 29 26 28 M 37 0 0.00 0.0 M 13.4 22 280 M M 10 32 280
19 34 18 26 M 39 0 0.00 0.0 0 8.1 12 160 M M 1 18 150
20 43 24 34 M 31 0 0.00 0.0 0 5.6 9 290 M M 2 M M
21 34 18 26 M 39 0 0.00 0.0 0 10.8 23 290 M M 3 31 290
22 27 12 20 M 45 0 0.00 0.0 0 8.2 14 280 M M 5 18 280
23 42 15 29 M 36 0 0.00 0.0 0 10.1 17 190 M M 0 28 160
24 48 32 40 M 25 0 0.00 0.0 0 9.7 13 360 M M 4 21 360
25 32 10 21 M 44 0 M M 0 11.1 17 320 M M 6 22 330
26 26 8 17 M 48 0 0.00 0.0 0 4.8 9 150 M M 6 M M
27 33 22 28 M 37 0 0.00 0.0 0 6.4 10 270 M M 10 M M
28 32 19 26 M 39 0 0.00 0.0 0 9.9 22 310 M M 2 28 310
29 36 19 28 M 37 0 0.00 0.0 0 4.5 12 120 M M 6 20 130
30 38 23 31 M 34 0 0.00 0.0 0 8.1 18 320 M M 2 22 320
================================================================================
SM 1207 715 984 0 1.03 0.0 233.9 M 146
================================================================================
AV 40.2 23.8 7.8 FASTST M M 5 MAX(MPH)
MISC ----> 23 290 33 260
================================================================================
NOTES:
# LAST OF SEVERAL OCCURRENCES
COLUMN 17 PEAK WIND IN M.P.H.
PRELIMINARY LOCAL CLIMATOLOGICAL DATA (WS FORM: F-6) , PAGE 2
STATION: MEDFORD WI
MONTH: NOVEMBER
YEAR: 2021
LATITUDE: 45 5 N
LONGITUDE: 90 18 W
[TEMPERATURE DATA] [PRECIPITATION DATA] SYMBOLS USED IN COLUMN 16
AVERAGE MONTHLY: 32.0 TOTAL FOR MONTH: 1.03 1 = FOG OR MIST
DPTR FM NORMAL: 0.0 DPTR FM NORMAL: M 2 = FOG REDUCING VISIBILITY
HIGHEST: 61 ON 8 GRTST 24HR 0.58 ON 11-11 TO 1/4 MILE OR LESS
LOWEST: 8 ON 26 3 = THUNDER
SNOW, ICE PELLETS, HAIL 4 = ICE PELLETS
TOTAL MONTH: 0.0 INCH 5 = HAIL
GRTST 24HR 0.0 6 = FREEZING RAIN OR DRIZZLE
GRTST DEPTH: 0 7 = DUSTSTORM OR SANDSTORM:
VSBY 1/2 MILE OR LESS
8 = SMOKE OR HAZE
[NO. OF DAYS WITH] [WEATHER - DAYS WITH] 9 = BLOWING SNOW
X = TORNADO
MAX 32 OR BELOW: 8 0.01 INCH OR MORE: 3
MAX 90 OR ABOVE: 0 0.10 INCH OR MORE: 2
MIN 32 OR BELOW: 27 0.50 INCH OR MORE: 1
MIN 0 OR BELOW: 0 1.00 INCH OR MORE: 0
[HDD (BASE 65) ]
TOTAL THIS MO. 984 CLEAR (SCALE 0-3) 12
DPTR FM NORMAL M PTCLDY (SCALE 4-7) 12
TOTAL FM JUL 1 1761 CLOUDY (SCALE 8-10) 6
DPTR FM NORMAL M
[CDD (BASE 65) ]
TOTAL THIS MO. 0
DPTR FM NORMAL M [PRESSURE DATA]
TOTAL FM JAN 1 234 HIGHEST SLP M ON M
DPTR FM NORMAL M LOWEST SLP M ON M
[REMARKS]
#FINAL-11-21#