000
CXUS53 KARX 011000
CF6MDZ
PRELIMINARY LOCAL CLIMATOLOGICAL DATA (WS FORM: F-6)
STATION: MEDFORD WI
MONTH: JANUARY
YEAR: 2021
LATITUDE: 45 5 N
LONGITUDE: 90 18 W
TEMPERATURE IN F: :PCPN: SNOW: WIND :SUNSHINE: SKY :PK WND
================================================================================
1 2 3 4 5 6A 6B 7 8 9 10 11 12 13 14 15 16 17 18
12Z AVG MX 2MIN
DY MAX MIN AVG DEP HDD CDD WTR SNW DPTH SPD SPD DIR MIN PSBL S-S WX SPD DR
================================================================================
1 19 3 11 M 54 0 M M M 1.7 8 160 M M 7 12 M M
2 24 16 20 M 45 0 M M M 0.7 4 200 M M 10 12 M M
3 23 18 21 M 44 0 M M M 0.0 M M M M 10 12 M M
4 27 21 24 M 41 0 M M M 0.8 5 280 M M 10 12 M M
5 27 11 19 M 46 0 M M M 0.3 6 290 M M 9 12 M M
6 26 8 17 M 48 0 0.00 0.0 M 0.0 M M M M 8 12 M M
7 24 15 20 M 45 0 0.00 0.0 M 0.0 M M M M 9 12 M M
8 27 11 19 M 46 0 0.00 0.0 M 0.0 M M M M 7 1 M M
9 19 11 15 M 50 0 0.00 0.0 M 0.0 M M M M 10 12 M M
10 20 16 18 M 47 0 0.00 0.0 M 0.0 M M M M 10 1 M M
11 29 18 24 M 41 0 0.00 0.0 M 0.0 M M M M 10 1 M M
12 28 17 23 M 42 0 0.00 0.0 M 3.0 8 200 M M 10 12 M M
13 31 20 26 M 39 0 0.00 0.0 M 1.1 6 270 M M 5 12 M M
14 33 22 28 M 37 0 M M M 5.3 15 80 M M 7 1 22 80
15 33 31 32 M 33 0 M M M 9.1 16 70 M M 10 1 22 70
16 32 23 28 M 37 0 M M M 7.7 16 320 M M 10 17 330
17 25 20 23 M 42 0 0.00 0.0 M 5.1 8 350 M M 10 1 M M
18 20 9 15 M 50 0 M M M 4.5 9 300 M M 9 1 21 290
19 13 0 7 M 58 0 M M M 6.4 10 300 M M 8 8 17 290
20 30 -4 13 M 52 0 0.00 0.0 M 10.4 18 170 M M 2 25 170
21 31 6 19 M 46 0 0.00 0.0 M 15.4 23 280 M M 6 37 280
22 11 -2 5 M 60 0 0.00 0.0 M 8.2 15 320 M M 5 20 320
23 16 -4 6 M 59 0 M M M 3.8 10 160 M M 7 M M
24 23 4 14 M 51 0 M M M 4.8 8 270 M M 5 1 M M
25 21 -4 9 M 56 0 M M M 6.4 13 40 M M 1 16 40
26 20 1 11 M 54 0 M M M 8.9 14 40 M M 4 20 20
27 15 -8 4 M 61 0 0.00 0.0 M 3.4 8 340 M M 0 9 320
28 12 -11 1 M 64 0 T T M 1.3 6 160 M M 8 M M
29 22 7 15 M 50 0 0.00 0.0 M 7.0 12 120 M M 8 18 120
30 30 20 25 M 40 0 M M M 12.8 20 90 M M 9 25 90
31 29 19 24 M 41 0 M M M 7.5 16 70 M M 10 1 20 70
================================================================================
SM 740 314 1479 0 T T 135.6 M 234
================================================================================
AV 23.9 10.1 4.4 FASTST M M 8 MAX(MPH)
MISC ----> 23 280 37 280
================================================================================
NOTES:
# LAST OF SEVERAL OCCURRENCES
COLUMN 17 PEAK WIND IN M.P.H.
PRELIMINARY LOCAL CLIMATOLOGICAL DATA (WS FORM: F-6) , PAGE 2
STATION: MEDFORD WI
MONTH: JANUARY
YEAR: 2021
LATITUDE: 45 5 N
LONGITUDE: 90 18 W
[TEMPERATURE DATA] [PRECIPITATION DATA] SYMBOLS USED IN COLUMN 16
AVERAGE MONTHLY: 17.0 TOTAL FOR MONTH: T 1 = FOG OR MIST
DPTR FM NORMAL: 0.0 DPTR FM NORMAL: M 2 = FOG REDUCING VISIBILITY
HIGHEST: 33 ON 15,14 GRTST 24HR 0.33 ON 14-15 TO 1/4 MILE OR LESS
LOWEST: -11 ON 28 3 = THUNDER
SNOW, ICE PELLETS, HAIL 4 = ICE PELLETS
TOTAL MONTH: T 5 = HAIL
GRTST 24HR T ON 28-28 6 = FREEZING RAIN OR DRIZZLE
GRTST DEPTH: M ON M 7 = DUSTSTORM OR SANDSTORM:
VSBY 1/2 MILE OR LESS
8 = SMOKE OR HAZE
[NO. OF DAYS WITH] [WEATHER - DAYS WITH] 9 = BLOWING SNOW
X = TORNADO
MAX 32 OR BELOW: 29 0.01 INCH OR MORE: 0
MAX 90 OR ABOVE: 0 0.10 INCH OR MORE: 0
MIN 32 OR BELOW: 31 0.50 INCH OR MORE: 0
MIN 0 OR BELOW: 7 1.00 INCH OR MORE: 0
[HDD (BASE 65) ]
TOTAL THIS MO. 1479 CLEAR (SCALE 0-3) 3
DPTR FM NORMAL M PTCLDY (SCALE 4-7) 11
TOTAL FM JUL 1 5051 CLOUDY (SCALE 8-10) 17
DPTR FM NORMAL M
[CDD (BASE 65) ]
TOTAL THIS MO. 0
DPTR FM NORMAL M [PRESSURE DATA]
TOTAL FM JAN 1 0 HIGHEST SLP M ON M
DPTR FM NORMAL M LOWEST SLP M ON M
[REMARKS]
#FINAL-01-21#