000
CXUS54 KMEG 041345
CF6MEG
PRELIMINARY LOCAL CLIMATOLOGICAL DATA (WS FORM: F-6)
STATION: MEMPHIS/GERMANTOWN WFO
MONTH: JUNE
YEAR: 2023
LATITUDE: 35 7 N
LONGITUDE: 89 48 W
TEMPERATURE IN F: :PCPN: SNOW: WIND :SUNSHINE: SKY :PK WND
================================================================================
1 2 3 4 5 6A 6B 7 8 9 10 11 12 13 14 15 16 17 18
12Z AVG MX 2MIN
DY MAX MIN AVG DEP HDD CDD WTR SNW DPTH SPD SPD DIR MIN PSBL S-S WX SPD DR
================================================================================
1 90 65 78 3 0 13 0.00 0.0 0 M M M M M M M M
2 91 66 79 4 0 14 0.00 0.0 0 M M M M M M M M
3 92 66 79 4 0 14 0.00 0.0 0 M M M M M M M M
4 94 64 79 3 0 14 T 0.0 0 M M M M M M M M
5 92 67 80 4 0 15 0.09 0.0 0 M M M M M M 38 M M
6 90 65 78 2 0 13 0.00 0.0 0 M M M M M M M M
7 90 62 76 0 0 11 0.00 0.0 0 M M M M M M 8 M M
8 85 68 77 1 0 12 0.01 0.0 0 M M M M M M 1 M M
9 88 67 78 1 0 13 T 0.0 0 M M M M M M 1 M M
10 87 64 76 -1 0 11 0.44 0.0 0 M M M M M M 1 M M
11 85 67 76 -1 0 11 0.71 0.0 0 M M M M M M 135 M M
12 76 61 69 -8 0 4 T 0.0 0 M M M M M M 1 M M
13 82 60 71 -7 0 6 0.03 0.0 0 M M M M M M 3 M M
14 85 67 76 -2 0 11 0.74 0.0 0 M M M M M M 13 M M
15 86 70 78 0 0 13 0.06 0.0 0 M M M M M M 1 M M
16 91 67 79 1 0 14 1.14 0.0 0 M M M M M M 1235 M M
17 91 68 80 2 0 15 0.00 0.0 0 M M M M M M M M
18 84 67 76 -3 0 11 1.73 0.0 0 M M M M M M 13 M M
19 85 68 77 -2 0 12 0.00 0.0 0 M M M M M M M M
20 87 68 78 -1 0 13 0.02 0.0 0 M M M M M M M M
21 85 69 77 -2 0 12 0.00 0.0 0 M M M M M M M M
22 86 66 76 -3 0 11 0.00 0.0 0 M M M M M M M M
23 90 64 77 -3 0 12 0.00 0.0 0 M M M M M M M M
24 93 69 81 1 0 16 0.00 0.0 0 M M M M M M M M
25 97 70 84 4 0 19 0.60 0.0 0 M M M M M M 13 M M
26 90 69 80 0 0 15 0.00 0.0 0 M M M M M M M M
27 91 67 79 -1 0 14 0.00 0.0 0 M M M M M M M M
28 94 67 81 1 0 16 0.00 0.0 0 M M M M M M M M
29 99 77 88 8 0 23 0.00 0.0 0 M M M M M M M M
30 98 82 90 10 0 25 0.00 0.0 0 M M M M M M M M
================================================================================
SM 2674 2017 0 403 5.57 0.0 M M M
================================================================================
AV 89.1 67.2 M FASTST M M M MAX(MPH)
MISC ----> M M M M
================================================================================
NOTES:
# LAST OF SEVERAL OCCURRENCES
COLUMN 17 PEAK WIND IN M.P.H.
PRELIMINARY LOCAL CLIMATOLOGICAL DATA (WS FORM: F-6) , PAGE 2
STATION: MEMPHIS/GERMANTOWN WFO
MONTH: JUNE
YEAR: 2023
LATITUDE: 35 7 N
LONGITUDE: 89 48 W
[TEMPERATURE DATA] [PRECIPITATION DATA] SYMBOLS USED IN COLUMN 16
AVERAGE MONTHLY: 78.2 TOTAL FOR MONTH: 5.57 1 = FOG OR MIST
DPTR FM NORMAL: 0.2 DPTR FM NORMAL: 0.86 2 = FOG REDUCING VISIBILITY
HIGHEST: 99 ON 29 GRTST 24HR 1.73 ON 18-18 TO 1/4 MILE OR LESS
LOWEST: 60 ON 13 3 = THUNDER
SNOW, ICE PELLETS, HAIL 4 = ICE PELLETS
TOTAL MONTH: 0.0 INCH 5 = HAIL
GRTST 24HR 0.0 6 = FREEZING RAIN OR DRIZZLE
GRTST DEPTH: 0 7 = DUSTSTORM OR SANDSTORM:
VSBY 1/2 MILE OR LESS
8 = SMOKE OR HAZE
[NO. OF DAYS WITH] [WEATHER - DAYS WITH] 9 = BLOWING SNOW
X = TORNADO
MAX 32 OR BELOW: 0 0.01 INCH OR MORE: 11
MAX 90 OR ABOVE: 17 0.10 INCH OR MORE: 6
MIN 32 OR BELOW: 0 0.50 INCH OR MORE: 5
MIN 0 OR BELOW: 0 1.00 INCH OR MORE: 2
[HDD (BASE 65) ]
TOTAL THIS MO. 0 CLEAR (SCALE 0-3) 0
DPTR FM NORMAL -1 PTCLDY (SCALE 4-7) 0
TOTAL FM JUL 1 2691 CLOUDY (SCALE 8-10) 30
DPTR FM NORMAL -660
[CDD (BASE 65) ]
TOTAL THIS MO. 403
DPTR FM NORMAL 13 [PRESSURE DATA]
TOTAL FM JAN 1 695 HIGHEST SLP M ON M
DPTR FM NORMAL 39 LOWEST SLP M ON M
[REMARKS]
#FINAL-06-23#