000
CXUS54 KJAN 012254
CLMMEI
CLIMATE REPORT
NATIONAL WEATHER SERVICE JACKSON MS
454 PM CST FRI MAR 01 2024
...................................
...THE MERIDIAN CLIMATE SUMMARY FOR THE MONTH OF FEBRUARY 2024...
CLIMATE NORMAL PERIOD: 1991 TO 2020
CLIMATE RECORD PERIOD: 1889 TO 2024
WEATHER OBSERVED NORMAL DEPART LAST YEAR`S
VALUE DATE(S) VALUE FROM VALUE DATE(S)
NORMAL
................................................................
TEMPERATURE (F)
RECORD
HIGH 86 02/22/2018
LOW -6 02/13/1899
HIGHEST 80 02/27 79 1 84 02/23
02/28
02/25
LOWEST 25 02/19 20 5 28 02/04
AVG. MAXIMUM 68.8 63.8 5.0 69.0
AVG. MINIMUM 41.2 39.7 1.5 46.6
MEAN 55.0 51.7 3.3 57.8
DAYS MAX >= 90 0 0.0 0.0 0
DAYS MAX <= 32 0 0.1 -0.1 0
DAYS MIN <= 32 6 9.5 -3.5 MM
DAYS MIN <= 0 0 0.0 0.0 MM
PRECIPITATION (INCHES)
RECORD
MAXIMUM 15.95 1990
MINIMUM 1.46 2000
TOTALS 2.85 5.35 -2.50 9.37
DAILY AVG. 0.10 NAN NAN 0.33
DAYS >= .01 7 10.4 -3.4 14
DAYS >= .10 4 6.8 -2.8 8
DAYS >= .50 3 3.7 -0.7 5
DAYS >= 1.00 1 1.8 -0.8 4
GREATEST
24 HR. TOTAL 1.64 02/11 TO 02/12 4.39
SNOWFALL (INCHES)
RECORDS
TOTAL 5.8 1899
TOTALS 0.0 0.0 0.0 0.0
SINCE 7/1 0.0 0.3 -0.3 MM
DAYS >= TRACE 0
DAYS >= 1.0 0 0.0 0.0 0
GREATEST
24 HR TOTAL MM
DEGREE DAYS
HEATING TOTAL 295 382 -87 258
SINCE 7/1 1717 1805 -88 MM
COOLING TOTAL 13 11 2 63
SINCE 1/1 14 16 -2 MM
................................................................
WIND (MPH)
AVERAGE WIND SPEED 7.2
HIGHEST WIND SPEED/DIRECTION 29/210 DATE 02/22
29/330 02/28
HIGHEST GUST SPEED/DIRECTION 48/090 DATE 02/04
SKY COVER
POSSIBLE SUNSHINE (PERCENT) MM
AVERAGE SKY COVER 0.29
NUMBER OF DAYS FAIR 20
NUMBER OF DAYS PC 5
NUMBER OF DAYS CLOUDY 4
AVERAGE RH (PERCENT) 66
WEATHER CONDITIONS. NUMBER OF DAYS WITH
THUNDERSTORM 2 MIXED PRECIP 0
HEAVY RAIN 4 RAIN 4
LIGHT RAIN 9 FREEZING RAIN 0
LT FREEZING RAIN 0 HAIL 0
HEAVY SNOW 0 SNOW 0
LIGHT SNOW 0 SLEET 0
FOG 11 FOG W/VIS <= 1/4 MILE 3
HAZE 3
- INDICATES NEGATIVE NUMBERS.
R INDICATES RECORD WAS SET OR TIED.
MM INDICATES DATA IS MISSING.
T INDICATES TRACE AMOUNT.
$$