000
CXUS54 KMEG 010645
CF6MEM
PRELIMINARY LOCAL CLIMATOLOGICAL DATA (WS FORM: F-6)
STATION: MEMPHIS
MONTH: MAY
YEAR: 2020
LATITUDE: 35 3 N
LONGITUDE: 89 59 W
TEMPERATURE IN F: :PCPN: SNOW: WIND :SUNSHINE: SKY :PK WND
================================================================================
1 2 3 4 5 6A 6B 7 8 9 10 11 12 13 14 15 16 17 18
12Z AVG MX 2MIN
DY MAX MIN AVG DEP HDD CDD WTR SNW DPTH SPD SPD DIR MIN PSBL S-S WX SPD DR
================================================================================
1 80 50 65 -3 0 0 0.00 0.0 0 5.6 14 190 M M 1 22 200
2 83 60 72 4 0 7 0.00 0.0 0 11.5 23 180 M M 2 30 210
3 78 65 72 4 0 7 0.00 0.0 0 9.3 18 210 M M 7 3 29 240
4 82 65 74 6 0 9 T 0.0 0 7.8 20 200 M M 8 26 170
5 75 59 67 -2 0 2 0.06 0.0 0 9.9 21 340 M M 7 30 220
6 66 49 58 -11 7 0 0.00 0.0 0 11.4 24 330 M M 3 30 330
7 71 46 59 -10 6 0 T 0.0 0 4.6 14 190 M M 6 18 210
8 65 51 58 -12 7 0 0.84 0.0 0 11.3 26 160 M M 7 13 33 160
9 67 43 55 -15 10 0 0.00 0.0 0 4.7 15 70 M M 2 21 60
10 75 43 59 -11 6 0 0.00 0.0 0 7.5 20 300 M M 2 24 290
11 67 49 58 -12 7 0 T 0.0 0 7.2 16 300 M M 5 25 350
12 57 51 54 -17 11 0 0.32 0.0 0 9.4 17 80 M M 9 1 20 80
13 83 55 69 -2 0 4 T 0.0 0 9.0 16 180 M M 5 27 220
14 84 65 75 4 0 10 0.00 0.0 0 12.4 20 170 M M 6 27 240
15 83 66 75 4 0 10 0.00 0.0 0 9.4 17 190 M M 5 26 240
16 84 69 77 5 0 12 T 0.0 0 9.4 18 160 M M 9 1 27 160
17 85 68 77 5 0 12 0.40 0.0 0 10.4 21 160 M M 7 13 31 190
18 76 62 69 -3 0 4 T 0.0 0 9.8 18 340 M M 7 23 280
19 72 57 65 -7 0 0 T 0.0 0 6.2 13 340 M M 7 17 310
20 76 60 68 -5 0 3 T 0.0 0 4.9 10 30 M M 6 13 360
21 82 59 71 -2 0 6 0.00 0.0 0 4.9 10 90 M M 5 17 80
22 87 67 77 4 0 12 0.15 0.0 0 8.6 35 290 M M 8 13 46 300
23 88 69 79 5 0 14 T 0.0 0 9.4 20 170 M M 5 25 240
24 87 69 78 4 0 13 0.00 0.0 0 8.8 15 170 M M 4 23 240
25 91 72 82 8 0 17 0.04 0.0 0 9.2 25 150 M M 4 32 150
26 82 70 76 2 0 11 T 0.0 0 12.8 23 110 M M 7 29 130
27 83 67 75 0 0 10 0.01 0.0 0 7.1 16 150 M M 6 1 25 270
28 80 65 73 -2 0 8 0.18 0.0 0 8.5 21 220 M M 7 13 30 240
29 83 64 74 -1 0 9 0.00 0.0 0 5.8 17 320 M M 5 24 310
30 84 63 74 -2 0 9 0.00 0.0 0 8.7 16 360 M M 2 21 10
31 84 63 74 -2 0 9 0.00 0.0 0 9.1 18 20 M M 1 27 50
================================================================================
SM 2440 1861 54 198 2.00 0.0 264.6 M 165
================================================================================
AV 78.7 60.0 8.5 FASTST M M 5 MAX(MPH)
MISC ----> # 35 290 # 46 300
================================================================================
NOTES:
# LAST OF SEVERAL OCCURRENCES
COLUMN 17 PEAK WIND IN M.P.H.
PRELIMINARY LOCAL CLIMATOLOGICAL DATA (WS FORM: F-6) , PAGE 2
STATION: MEMPHIS
MONTH: MAY
YEAR: 2020
LATITUDE: 35 3 N
LONGITUDE: 89 59 W
[TEMPERATURE DATA] [PRECIPITATION DATA] SYMBOLS USED IN COLUMN 16
AVERAGE MONTHLY: 69.4 TOTAL FOR MONTH: 2.00 1 = FOG OR MIST
DPTR FM NORMAL: -2.3 DPTR FM NORMAL: -3.25 2 = FOG REDUCING VISIBILITY
HIGHEST: 91 ON 25 GRTST 24HR 0.84 ON 8- 8 TO 1/4 MILE OR LESS
LOWEST: 43 ON 10, 9 3 = THUNDER
SNOW, ICE PELLETS, HAIL 4 = ICE PELLETS
TOTAL MONTH: 0.0 INCH 5 = HAIL
GRTST 24HR 0.0 6 = FREEZING RAIN OR DRIZZLE
GRTST DEPTH: 0 7 = DUSTSTORM OR SANDSTORM:
VSBY 1/2 MILE OR LESS
8 = SMOKE OR HAZE
[NO. OF DAYS WITH] [WEATHER - DAYS WITH] 9 = BLOWING SNOW
X = TORNADO
MAX 32 OR BELOW: 0 0.01 INCH OR MORE: 8
MAX 90 OR ABOVE: 1 0.10 INCH OR MORE: 5
MIN 32 OR BELOW: 0 0.50 INCH OR MORE: 1
MIN 0 OR BELOW: 0 1.00 INCH OR MORE: 0
[HDD (BASE 65) ]
TOTAL THIS MO. 54 CLEAR (SCALE 0-3) 7
DPTR FM NORMAL 35 PTCLDY (SCALE 4-7) 21
TOTAL FM JUL 1 2729 CLOUDY (SCALE 8-10) 3
DPTR FM NORMAL -235
[CDD (BASE 65) ]
TOTAL THIS MO. 198
DPTR FM NORMAL -28 [PRESSURE DATA]
TOTAL FM JAN 1 252 HIGHEST SLP M ON M
DPTR FM NORMAL -69 LOWEST SLP 29.67 ON M
[REMARKS]
#FINAL-05-20#