000
CXUS54 KLZK 011130
CF6MEZ
PRELIMINARY LOCAL CLIMATOLOGICAL DATA (WS FORM: F-6)
STATION: MENA AIRPORT
MONTH: MAY
YEAR: 2021
LATITUDE: 34 9 N
LONGITUDE: 94 15 W
TEMPERATURE IN F: :PCPN: SNOW: WIND :SUNSHINE: SKY :PK WND
================================================================================
1 2 3 4 5 6A 6B 7 8 9 10 11 12 13 14 15 16 17 18
12Z AVG MX 2MIN
DY MAX MIN AVG DEP HDD CDD WTR SNW DPTH SPD SPD DIR MIN PSBL S-S WX SPD DR
================================================================================
1 77 48 63 0 2 0 0.01 M M 0.7 5 190 M M 7 M M
2 70 59 65 2 0 0 1.31 M M 1.0 4 60 M M 8 M M
3 84 59 72 9 0 7 0.21 M M 2.8 21 260 M M 8 3 36 260
4 72 54 63 -1 2 0 0.18 0.0 0 7.1 16 300 M M 7 22 240
5 73 43 58 -6 7 0 0.00 0.0 0 2.2 10 70 M M 0 M M
6 79 46 63 -1 2 0 0.00 0.0 0 4.7 13 310 M M 1 20 310
7 77 45 61 -3 4 0 0.00 0.0 0 2.0 7 80 M M 2 M M
8 81 59 70 5 0 5 0.00 0.0 0 4.6 9 230 M M 2 28 220
9 81 59 70 5 0 5 0.23 M M 8.5 13 10 M M 7 3 24 210
10 59 54 57 -8 8 0 0.21 M M 6.7 10 50 M M 10 M M
11 55 54 55 -11 10 0 1.48 M M 8.0 13 80 M M 10 3 23 310
12 64 54 59 -7 6 0 0.03 M M 4.7 9 50 M M 10 M M
13 72 48 60 -6 5 0 0.00 M M 2.1 7 80 M M 3 M M
14 75 43 59 -7 6 0 0.00 M M 1.6 10 70 M M 0 M M
15 79 48 64 -3 1 0 0.00 M M 0.9 5 210 M M 3 M M
16 79 57 68 1 0 3 0.73 M M 3.0 9 120 M M 5 20 120
17 75 63 69 2 0 4 0.28 M M 1.6 7 200 M M 8 M M
18 79 63 71 4 0 6 1.00 0.0 0 1.6 7 90 M M 10 3 M M
19 73 63 68 0 0 3 0.49 0.0 0 3.6 9 90 M M 9 17 80
20 77 68 73 5 0 8 1.32 0.0 0 4.1 10 120 M M 9 22 120
21 72 66 69 1 0 4 1.24 M M 4.0 9 110 M M 10 17 110
22 81 66 74 6 0 9 0.00 M M 3.4 9 110 M M 4 18 110
23 82 63 73 4 0 8 0.00 M M 0.8 6 220 M M 3 M M
24 81 63 72 3 0 7 0.00 M M 0.5 5 130 M M 4 M M
25 79 68 74 5 0 9 2.76 M M 2.8 8 280 M M 9 16 280
26 82 66 74 5 0 9 0.00 M M 1.7 8 260 M M 6 M M
27 86 66 76 6 0 11 1.98 0.0 0 3.5 22 250 M M 6 36 250
28 81 59 70 0 0 5 0.24 0.0 0 4.7 10 270 M M 3 22 300
29 73 57 65 -5 0 0 0.00 0.0 0 4.6 9 90 M M 4 M M
30 72 54 63 -7 2 0 0.00 0.0 0 4.5 10 90 M M 5 M M
31 73 52 63 -8 2 0 0.00 M M 0.1 4 140 M M 6 M M
================================================================================
SM 2343 1767 57 103 13.70 0.0 102.1 M 179
================================================================================
AV 75.6 57.0 3.3 FASTST M M 6 MAX(MPH)
MISC ----> 22 250 36 250
================================================================================
NOTES:
# LAST OF SEVERAL OCCURRENCES
COLUMN 17 PEAK WIND IN M.P.H.
PRELIMINARY LOCAL CLIMATOLOGICAL DATA (WS FORM: F-6) , PAGE 2
STATION: MENA AIRPORT
MONTH: MAY
YEAR: 2021
LATITUDE: 34 9 N
LONGITUDE: 94 15 W
[TEMPERATURE DATA] [PRECIPITATION DATA] SYMBOLS USED IN COLUMN 16
AVERAGE MONTHLY: 66.3 TOTAL FOR MONTH: 13.70 1 = FOG OR MIST
DPTR FM NORMAL: -0.5 DPTR FM NORMAL: 6.86 2 = FOG REDUCING VISIBILITY
HIGHEST: 86 ON 27 GRTST 24HR 2.76 ON 25-25 TO 1/4 MILE OR LESS
LOWEST: 43 ON 14, 5 3 = THUNDER
SNOW, ICE PELLETS, HAIL 4 = ICE PELLETS
TOTAL MONTH: 0.0 INCH 5 = HAIL
GRTST 24HR 0.0 6 = FREEZING RAIN OR DRIZZLE
GRTST DEPTH: 0 7 = DUSTSTORM OR SANDSTORM:
VSBY 1/2 MILE OR LESS
8 = SMOKE OR HAZE
[NO. OF DAYS WITH] [WEATHER - DAYS WITH] 9 = BLOWING SNOW
X = TORNADO
MAX 32 OR BELOW: 0 0.01 INCH OR MORE: 17
MAX 90 OR ABOVE: 0 0.10 INCH OR MORE: 15
MIN 32 OR BELOW: 0 0.50 INCH OR MORE: 8
MIN 0 OR BELOW: 0 1.00 INCH OR MORE: 7
[HDD (BASE 65) ]
TOTAL THIS MO. 57 CLEAR (SCALE 0-3) 8
DPTR FM NORMAL -2 PTCLDY (SCALE 4-7) 14
TOTAL FM JUL 1 3287 CLOUDY (SCALE 8-10) 9
DPTR FM NORMAL -345
[CDD (BASE 65) ]
TOTAL THIS MO. 103
DPTR FM NORMAL -11 [PRESSURE DATA]
TOTAL FM JAN 1 143 HIGHEST SLP M ON M
DPTR FM NORMAL -3 LOWEST SLP M ON M
[REMARKS]
#FINAL-05-21#