820
CXUS54 KLZK 011131
CF6MEZ
PRELIMINARY LOCAL CLIMATOLOGICAL DATA (WS FORM: F-6)
STATION: Mena Airport
MONTH: AUGUST
YEAR: 2020
LATITUDE: 34 9 N
LONGITUDE: 94 15 W
TEMPERATURE IN F: :PCPN: SNOW: WIND :SUNSHINE: SKY :PK WND
================================================================================
1 2 3 4 5 6A 6B 7 8 9 10 11 12 13 14 15 16 17 18
12Z AVG MX 2MIN
DY MAX MIN AVG DEP HDD CDD WTR SNW DPTH SPD SPD DIR MIN PSBL S-S WX SPD DR
================================================================================
1 86 63 75 -4 0 10 0.00 M M 4.1 10 280 M M 1 M M
2 90 61 76 -3 0 11 0.00 M M 2.5 8 290 M M 1 M M
3 86 66 76 -3 0 11 0.00 M M 5.1 12 280 M M 1 18 300
4 84 59 72 -7 0 7 0.00 M M 2.0 7 300 M M 0 M M
5 82 61 72 -7 0 7 0.00 M M 0.7 5 30 M M 3 M M
6 90 59 75 -4 0 10 0.41 M M 1.8 6 100 M M 4 3 M M
7 81 70 76 -3 0 11 0.19 M M 1.0 6 90 M M 6 3 M M
8 91 70 81 2 0 16 0.00 M M 1.2 5 190 M M 3 M M
9 93 77 85 6 0 20 0.00 M M 3.3 8 250 M M 1 M M
10 95 75 85 6 0 20 0.00 M M 3.0 9 240 M M 0 M M
11 90 72 81 2 0 16 0.55 M M 3.3 8 290 M M 5 3 16 240
12 86 70 78 -1 0 13 1.67 M M 3.6 18 280 M M 7 3 25 280
13 88 70 79 0 0 14 0.28 M M 0.9 6 70 M M 4 M M
14 90 70 80 1 0 15 1.63 M M 1.8 10 10 M M 3 3 16 10
15 95 70 83 4 0 18 0.00 M M 0.8 5 90 M M 1 M M
16 91 70 81 2 0 16 0.00 M M 2.9 7 10 M M 1 M M
17 90 63 77 -1 0 12 0.00 M M 0.4 6 260 M M 1 M M
18 86 63 75 -3 0 10 0.00 M M 2.7 9 340 M M 0 M M
19 84 59 72 -6 0 7 0.00 M M 1.9 8 100 M M 1 M M
20 84 59 72 -6 0 7 0.00 M M 1.2 7 10 M M 1 M M
21 88 59 74 -4 0 9 0.00 M M 0.6 5 90 M M 0 M M
22 90 63 77 -1 0 12 0.00 M M 0.2 5 280 M M 1 M M
23 91 63 77 -1 0 12 0.00 M M 0.3 4 100 M M 2 M M
24 90 64 77 -1 0 12 0.00 M M 2.1 12 100 M M 1 M M
25 91 63 77 0 0 12 0.00 M M 2.4 9 70 M M 2 M M
26 73 68 71 -6 0 6 2.54 M M 1.2 7 260 M M 8 3 M M
27 77 72 75 -2 0 10 3.11 M M 7.3 18 310 M M 9 28 300
28 91 73 82 5 0 17 0.00 M M 5.3 10 250 M M 1 M M
29 95 70 83 6 0 18 3.09 M M 2.6 20 30 M M 2 3 28 30
30 88 70 79 3 0 14 0.45 M M 2.0 8 340 M M 3 3 M M
31 88 72 80 4 0 15 0.09 M M 1.8 9 30 M M 3 3 17 30
================================================================================
SM 2724 2064 0 388 14.01 M 70.0 M 76
================================================================================
AV 87.9 66.6 2.3 FASTST M M 2 MAX(MPH)
MISC ----> # 20 30 # 28 300
================================================================================
NOTES:
# LAST OF SEVERAL OCCURRENCES
COLUMN 17 PEAK WIND IN M.P.H.
PRELIMINARY LOCAL CLIMATOLOGICAL DATA (WS FORM: F-6) , PAGE 2
STATION: Mena Airport
MONTH: AUGUST
YEAR: 2020
LATITUDE: 34 9 N
LONGITUDE: 94 15 W
[TEMPERATURE DATA] [PRECIPITATION DATA] SYMBOLS USED IN COLUMN 16
AVERAGE MONTHLY: 77.2 TOTAL FOR MONTH: 14.01 1 = FOG OR MIST
DPTR FM NORMAL: -1.0 DPTR FM NORMAL: 11.31 2 = FOG REDUCING VISIBILITY
HIGHEST: 95 ON 29,15 GRTST 24HR 3.11 ON 27-27 TO 1/4 MILE OR LESS
LOWEST: 59 ON 21,20 3 = THUNDER
SNOW, ICE PELLETS, HAIL 4 = ICE PELLETS
TOTAL MONTH: M 5 = HAIL
GRTST 24HR M ON M 6 = FREEZING RAIN OR DRIZZLE
GRTST DEPTH: M ON M 7 = DUSTSTORM OR SANDSTORM:
VSBY 1/2 MILE OR LESS
8 = SMOKE OR HAZE
[NO. OF DAYS WITH] [WEATHER - DAYS WITH] 9 = BLOWING SNOW
X = TORNADO
MAX 32 OR BELOW: 0 0.01 INCH OR MORE: 11
MAX 90 OR ABOVE: 16 0.10 INCH OR MORE: 10
MIN 32 OR BELOW: 0 0.50 INCH OR MORE: 6
MIN 0 OR BELOW: 0 1.00 INCH OR MORE: 5
[HDD (BASE 65) ]
TOTAL THIS MO. 0 CLEAR (SCALE 0-3) 23
DPTR FM NORMAL -1 PTCLDY (SCALE 4-7) 7
TOTAL FM JUL 1 0 CLOUDY (SCALE 8-10) 1
DPTR FM NORMAL -1
[CDD (BASE 65) ]
TOTAL THIS MO. 388
DPTR FM NORMAL -23 [PRESSURE DATA]
TOTAL FM JAN 1 1423 HIGHEST SLP M ON M
DPTR FM NORMAL 162 LOWEST SLP M ON M
[REMARKS]
#FINAL-08-20#