937
CXUS51 KCLE 020414
CLSMFD
CLIMATE REPORT
NATIONAL WEATHER SERVICE CLEVELAND, OH
1214 AM EDT WED SEP 02 2020
...................................
...THE MANSFIELD OH CLIMATE SUMMARY FOR THE SEASON, FROM
6/1/2020 TO 8/31/2020...
CLIMATE NORMAL PERIOD 1981 TO 2010
CLIMATE RECORD PERIOD 1916 TO 2020
WEATHER OBSERVED NORMAL DEPART
VALUE DATE(S) VALUE FROM
NORMAL
................................................
TEMPERATURE (F)
RECORD
HIGH 105 07/21/1934
LOW 32 08/30/1946
06/06/1945
HIGHEST 95 07/06
LOWEST 41 06/01
AVG. MAXIMUM 85.2 80.0 5.2
AVG. MINIMUM 62.7 59.6 3.1
MEAN 74.0 69.8 4.2
DAYS MAX >= 90 22 4.0
DAYS MAX <= 32 0 0.0
DAYS MIN <= 32 0 0.0
DAYS MIN <= 0 0 0.0
PRECIPITATION (INCHES)
RECORD
MAXIMUM 23.23 1987
MINIMUM 6.00 1967
TOTALS 6.82 13.50 -6.68
DAYS >= .01 28 32.6
DAYS >= .10 18 21.9
DAYS >= .50 5 9.7
DAYS >= 1.00 0 3.7
SNOWFALL (INCHES)
RECORDS
TOTAL T 2011
TOTALS 0.0 0.0
DAYS >= TRACE 0
DAYS >= 1.0 0 0.0
DEGREE DAYS
HEATING TOTAL 14 79 -65
COOLING TOTAL 866 516 350
................................................
WIND (MPH)
HIGHEST GUST SPEED/DIRECTION 59/230 DATE 06/10
SKY COVER
POSSIBLE SUNSHINE (PERCENT) MM
NUMBER OF DAYS FAIR 62
NUMBER OF DAYS PC 27
NUMBER OF DAYS CLOUDY 3
WEATHER CONDITIONS. NUMBER OF DAYS WITH
THUNDERSTORM 16 MIXED PRECIP 0
HEAVY RAIN 14 RAIN 13
LIGHT RAIN 27 FREEZING RAIN 0
LT FREEZING RAIN 0 HAIL 0
HEAVY SNOW 0 SNOW 0
LIGHT SNOW 0 SLEET 0
FOG 42 FOG W/VIS <= 1/4 MILE 5
HAZE 14
- INDICATES NEGATIVE NUMBERS.
R INDICATES RECORD WAS SET OR TIED.
MM INDICATES DATA IS MISSING.
T INDICATES TRACE AMOUNT.
$$