000
CXUS56 KMFR 011030
CF6MFR
PRELIMINARY LOCAL CLIMATOLOGICAL DATA (WS FORM: F-6)
STATION: MEDFORD OR
MONTH: FEBRUARY
YEAR: 2023
LATITUDE: 42 22 N
LONGITUDE: 122 52 W
TEMPERATURE IN F: :PCPN: SNOW: WIND :SUNSHINE: SKY :PK WND
================================================================================
1 2 3 4 5 6A 6B 7 8 9 10 11 12 13 14 15 16 17 18
12Z AVG MX 2MIN
DY MAX MIN AVG DEP HDD CDD WTR SNW DPTH SPD SPD DIR MIN PSBL S-S WX SPD DR
================================================================================
1 53 20 37 -5 28 0 0.00 0.0 0 0.4 6 150 M M 0 6 150
2 58 22 40 -2 25 0 0.00 0.0 0 5.2 29 150 M M 0 39 150
3 56 38 47 5 18 0 0.00 0.0 0 9.6 23 150 M M 7 30 150
4 61 38 50 8 15 0 T 0.0 0 8.9 29 140 M M 3 37 140
5 50 39 45 2 20 0 0.12 0.0 0 4.5 24 220 M M 8 36 230
6 50 30 40 -3 25 0 0.00 0.0 0 2.4 7 200 M M 2 10 10
7 52 29 41 -2 24 0 T 0.0 0 1.9 8 320 M M 4 11 300
8 54 35 45 2 20 0 0.00 0.0 0 1.8 6 180 M M 6 1 9 320
9 63 27 45 2 20 0 0.00 0.0 0 2.9 15 320 M M 0 23 310
10 55 29 42 -1 23 0 0.10 0.0 0 3.0 15 290 M M 4 1 22 290
11 57 35 46 2 19 0 0.03 0.0 0 2.1 8 260 M M 5 12 250
12 54 29 42 -2 23 0 0.00 0.0 0 2.3 7 360 M M 4 12 9 350
13 50 31 41 -3 24 0 0.04 0.1 0 6.7 22 320 M M 7 1 30 280
14 43 30 37 -7 28 0 0.02 0.3 0 5.1 9 320 M M 7 1 M M
15 49 23 36 -8 29 0 0.00 0.0 0 1.7 7 190 M M 2 11 330
16 47 24 36 -8 29 0 0.00 0.0 0 1.0 4 70 M M 1 M M
17 56 22 39 -5 26 0 0.00 0.0 0 1.3 10 180 M M 0 13 170
18 50 25 38 -6 27 0 0.00 0.0 0 1.5 6 160 M M 0 9 30
19 58 24 41 -4 24 0 0.00 0.0 0 1.1 8 180 M M 0 10 180
20 58 28 43 -2 22 0 0.00 0.0 0 1.3 6 150 M M 1 M M
21 50 31 41 -4 24 0 0.06 T 0 8.1 20 320 M M 8 1 32 320
22 43 28 36 -9 29 0 0.05 0.6 0 4.3 20 320 M M 8 1 25 310
23 39 25 32 -13 33 0 0.01 0.1 0 3.8 14 300 M M 9 1 M M
24 52 29 41 -5 24 0 T T 0 3.5 20 80 M M 4 1 26 70
25 58 23 41 -5 24 0 0.00 0.0 0 2.1 10 310 M M 0 1 14 320
26 46 31 39 -7 26 0 0.05 0.0 0 5.2 18 320 M M 6 1 27 320
27 44 27 36 -10 29 0 0.20 0.1 0 5.7 21 210 M M 8 1 28 230
28 42 30 36 -10 29 0 0.10 2.3 0 4.0 16 320 M M 8 12 20 320
================================================================================
SM 1448 802 687 0 0.78 3.5 101.4 M 112
================================================================================
AV 51.7 28.6 3.6 FASTST M M 4 MAX(MPH)
MISC ----> # 29 150 39 150
================================================================================
NOTES:
# LAST OF SEVERAL OCCURRENCES
COLUMN 17 PEAK WIND IN M.P.H.
PRELIMINARY LOCAL CLIMATOLOGICAL DATA (WS FORM: F-6) , PAGE 2
STATION: MEDFORD OR
MONTH: FEBRUARY
YEAR: 2023
LATITUDE: 42 22 N
LONGITUDE: 122 52 W
[TEMPERATURE DATA] [PRECIPITATION DATA] SYMBOLS USED IN COLUMN 16
AVERAGE MONTHLY: 40.2 TOTAL FOR MONTH: 0.78 1 = FOG OR MIST
DPTR FM NORMAL: -3.9 DPTR FM NORMAL: -1.18 2 = FOG REDUCING VISIBILITY
HIGHEST: 63 ON 9 GRTST 24HR 0.29 ON 27-28 TO 1/4 MILE OR LESS
LOWEST: 20 ON 1 3 = THUNDER
SNOW, ICE PELLETS, HAIL 4 = ICE PELLETS
TOTAL MONTH: 3.5 INCHES 5 = HAIL
GRTST 24HR 2.3 ON 28-28 6 = FREEZING RAIN OR DRIZZLE
GRTST DEPTH: 0 7 = DUSTSTORM OR SANDSTORM:
VSBY 1/2 MILE OR LESS
8 = SMOKE OR HAZE
[NO. OF DAYS WITH] [WEATHER - DAYS WITH] 9 = BLOWING SNOW
X = TORNADO
MAX 32 OR BELOW: 0 0.01 INCH OR MORE: 11
MAX 90 OR ABOVE: 0 0.10 INCH OR MORE: 4
MIN 32 OR BELOW: 23 0.50 INCH OR MORE: 0
MIN 0 OR BELOW: 0 1.00 INCH OR MORE: 0
[HDD (BASE 65) ]
TOTAL THIS MO. 687 CLEAR (SCALE 0-3) 12
DPTR FM NORMAL 100 PTCLDY (SCALE 4-7) 14
TOTAL FM JUL 1 3043 CLOUDY (SCALE 8-10) 2
DPTR FM NORMAL -40
[CDD (BASE 65) ]
TOTAL THIS MO. 0
DPTR FM NORMAL 0 [PRESSURE DATA]
TOTAL FM JAN 1 0 HIGHEST SLP 30.60 ON 6
DPTR FM NORMAL 0 LOWEST SLP 29.51 ON 27
[REMARKS]
#FINAL-02-23#