000
CXUS53 KFSD 011839
CF6MHE
PRELIMINARY LOCAL CLIMATOLOGICAL DATA (WS FORM: F-6)
STATION: MITCHELL SD
MONTH: MAY
YEAR: 2023
LATITUDE: 43 46 N
LONGITUDE: 98 2 W
TEMPERATURE IN F: :PCPN: SNOW: WIND :SUNSHINE: SKY :PK WND
================================================================================
1 2 3 4 5 6A 6B 7 8 9 10 11 12 13 14 15 16 17 18
12Z AVG MX 2MIN
DY MAX MIN AVG DEP HDD CDD WTR SNW DPTH SPD SPD DIR MIN PSBL S-S WX SPD DR
================================================================================
1 61 32 47 -6 18 0 0.00 0.0 0 17.0 31 340 M M 0 40 360
2 66 31 49 -5 16 0 0.00 0.0 0 11.5 22 10 M M 0 30 360
3 78 32 55 1 10 0 0.00 0.0 0 6.9 14 130 M M 0 20 180
4 82 45 64 10 1 0 0.00 0.0 0 8.5 18 80 M M 2 24 60
5 79 47 63 8 2 0 T 0.0 0 7.5 20 150 M M 2 25 130
6 76 47 62 7 3 0 T 0.0 0 9.8 25 90 M M 6 1 31 80
7 75 44 60 4 5 0 0.00 0.0 0 8.5 15 10 M M 2 1 20 10
8 76 42 59 3 6 0 T 0.0 0 6.0 12 20 M M 1 1 17 50
9 79 49 64 7 1 0 T 0.0 0 9.5 21 200 M M 3 27 190
10 73 52 63 6 2 0 T 0.0 0 8.0 16 150 M M 4 1 21 150
11 87 59 73 16 0 8 T 0.0 0 8.0 26 130 M M 4 3 37 130
12 73 62 68 10 0 3 0.33 0.0 0 12.2 21 80 M M 8 1 26 80
13 65 58 62 4 3 0 0.59 0.0 0 15.1 23 70 M M 10 13 30 60
14 63 51 57 -2 8 0 0.07 0.0 0 14.4 23 60 M M 9 1 29 50
15 73 43 58 -1 7 0 0.00 0.0 0 5.2 14 60 M M 1 12 20 20
16 79 50 65 6 0 0 0.00 0.0 0 6.9 13 340 M M 0 18 250
17 80 53 67 7 0 2 0.00 0.0 0 8.4 23 280 M M 1 8 32 290
18 75 48 62 2 3 0 0.00 0.0 0 11.3 29 360 M M 5 18 39 10
19 65 41 53 -8 12 0 0.00 0.0 0 11.3 24 330 M M 3 31 330
20 76 37 57 -4 8 0 0.00 0.0 0 5.3 14 160 M M 0 1 19 170
21 86 50 68 7 0 3 0.00 0.0 0 10.2 17 190 M M 1 29 170
22 84 59 72 10 0 7 0.00 0.0 0 12.0 17 180 M M 2 30 170
23 86 56 71 9 0 6 0.00 0.0 0 8.9 20 200 M M 0 27 210
24 86 59 73 11 0 8 0.00 0.0 0 10.3 21 150 M M 3 30 160
25 87 55 71 8 0 6 T 0.0 0 13.1 25 140 M M 1 36 160
26 86 59 73 10 0 8 0.00 0.0 0 16.0 28 150 M M 0 38 130
27 86 60 73 9 0 8 0.00 0.0 0 16.8 26 160 M M 0 35 170
28 87 58 73 9 0 8 0.13 0.0 0 14.2 26 180 M M 3 3 39 170
29 90 60 75 11 0 10 T 0.0 0 9.6 22 160 M M 2 33 160
30 93 65 79 14 0 14 0.00 0.0 0 5.3 13 310 M M 1 20 280
31 91 61 76 11 0 11 0.00 0.0 0 7.4 16 280 M M 0 23 320
================================================================================
SM 2443 1565 105 102 1.12 0.0 315.1 M 74
================================================================================
AV 78.8 50.5 10.2 FASTST M M 2 MAX(MPH)
MISC ----> 31 340 40 360
================================================================================
NOTES:
## LAST OF SEVERAL OCCURRENCES
-COLUMN 17 PEAK WIND IN M.P.H.
-PRECIPITATION AMOUNTS IN COLUMNS 7,8 AND 9 ARE THE OFFICIAL PRECIPITATION
AMOUNTS FOR MITCHELL, SD.
-SNOW DEPTH IN COLUMN 9 IS RECORDED AT 6 AM CST (12Z).
PRELIMINARY LOCAL CLIMATOLOGICAL DATA (WS FORM: F-6) , PAGE 2
STATION: MITCHELL SD
MONTH: MAY
YEAR: 2023
LATITUDE: 43 46 N
LONGITUDE: 98 2 W
[TEMPERATURE DATA] [PRECIPITATION DATA] SYMBOLS USED IN COLUMN 16
AVERAGE MONTHLY: 64.6 TOTAL FOR MONTH: 1.12 1 = FOG OR MIST
DPTR FM NORMAL: 5.3 DPTR FM NORMAL: -2.03 2 = FOG REDUCING VISIBILITY
HIGHEST: 93 ON 30 GRTST 24HR 0.77 ON 12-13 TO 1/4 MILE OR LESS
LOWEST: 31 ON 2 3 = THUNDER
SNOW, ICE PELLETS, HAIL 4 = ICE PELLETS
TOTAL MONTH: 0.0 INCH 5 = HAIL
GRTST 24HR 0.0 6 = FREEZING RAIN OR DRIZZLE
GRTST DEPTH: 0 7 = DUSTSTORM OR SANDSTORM:
VSBY 1/2 MILE OR LESS
8 = SMOKE OR HAZE
[NO. OF DAYS WITH] [WEATHER - DAYS WITH] 9 = BLOWING SNOW
X = TORNADO
MAX 32 OR BELOW: 0 0.01 INCH OR MORE: 4
MAX 90 OR ABOVE: 3 0.10 INCH OR MORE: 3
MIN 32 OR BELOW: 3 0.50 INCH OR MORE: 1
MIN 0 OR BELOW: 0 1.00 INCH OR MORE: 0
[HDD (BASE 65) ]
TOTAL THIS MO. 105 CLEAR (SCALE 0-3) 23
DPTR FM NORMAL -115 PTCLDY (SCALE 4-7) 6
TOTAL FM JUL 1 7548 CLOUDY (SCALE 8-10) 2
DPTR FM NORMAL 422
[CDD (BASE 65) ]
TOTAL THIS MO. 102
DPTR FM NORMAL 59 [PRESSURE DATA]
TOTAL FM JAN 1 112 HIGHEST SLP 30.50 ON 14
DPTR FM NORMAL 66 LOWEST SLP 29.67 ON 4
[REMARKS]
#FINAL-05-23#