000
CXUS53 KFSD 011901 CCA
CF6MHE
PRELIMINARY LOCAL CLIMATOLOGICAL DATA (WS FORM: F-6)
STATION: MITCHELL SD
MONTH: JANUARY
YEAR: 2023
LATITUDE: 43 46 N
LONGITUDE: 98 2 W
TEMPERATURE IN F: :PCPN: SNOW: WIND :SUNSHINE: SKY :PK WND
================================================================================
1 2 3 4 5 6A 6B 7 8 9 10 11 12 13 14 15 16 17 18
12Z AVG MX 2MIN
DY MAX MIN AVG DEP HDD CDD WTR SNW DPTH SPD SPD DIR MIN PSBL S-S WX SPD DR
================================================================================
1 36 19 28 8 37 0 0.00 0.0 4 4.6 10 360 M M 2 1 13 260
2 26 23 25 5 40 0 0.39 5.8 4 7.1 15 10 M M 10 12 20 10
3 25 20 23 4 42 0 1.11 17.2 10 18.8 26 320 M M 10 12 36 360
4 26 20 23 4 42 0 T T 25 19.4 26 330 M M 10 1 33 340
5 25 3 14 -5 51 0 0.00 0.0 25 7.8 18 320 M M 2 25 330
6 9 -6 2 -17 63 0 T T 25 4.7 8 350 M M 6 12 9 20
7 7 -6 1 -18 64 0 0.00 0.0 25 4.5 12 110 M M 3 12 12 110
8 20 0 10 -9 55 0 0.00 0.0 25 6.2 15 160 M M 0 1 16 160
9 34 11 23 4 42 0 0.00 0.0 24 7.9 14 160 M M 0 1 17 160
10 30 7 19 0 46 0 T 0.0 23 5.9 13 140 M M 4 1 18 130
11 27 12 20 1 45 0 0.00 0.0 22 11.8 24 340 M M 5 12 28 350
12 23 14 19 0 46 0 T T 21 14.1 24 350 M M 10 1 31 340
13 21 13 17 -2 48 0 T T 21 10.5 18 160 M M 6 12 23 160
14 40 21 31 12 34 0 0.00 0.0 21 14.0 21 160 M M 0 28 170
15 35 24 30 11 35 0 0.00 0.0 19 7.6 14 160 M M 2 1 16 160
16 33 25 29 10 36 0 0.09 0.3 19 13.9 22 330 M M 10 16 30 340
17 26 22 24 5 41 0 T T 19 10.7 18 310 M M 10 1 23 310
18 26 20 23 4 42 0 0.08 0.9 18 11.6 18 30 M M 10 1 25 360
19 25 20 23 4 42 0 0.06 0.7 19 14.7 23 330 M M 10 1 28 330
20 26 20 23 4 42 0 0.00 0.0 19 4.6 10 280 M M 10 12 12 270
21 30 3 17 -2 48 0 0.00 0.0 19 4.3 9 280 M M 3 1 11 210
22 17 -2 8 -11 57 0 0.00 0.0 18 2.9 13 160 M M 1 12 13 160
23 36 1 19 0 46 0 0.00 0.0 18 10.5 24 310 M M 3 28 320
24 33 9 21 2 44 0 0.00 0.0 16 7.3 16 290 M M 5 1 21 290
25 29 5 17 -2 48 0 0.00 0.0 15 17.1 28 330 M M 7 36 340
26 38 9 24 5 41 0 0.03 0.1 15 11.3 22 280 M M 9 1 31 260
27 39 20 30 11 35 0 T T 15 16.2 41 320 M M 9 1 55 320
28 20 0 10 -9 55 0 0.14 2.3 14 15.0 21 360 M M 10 19 26 360
29 6 -10 -2 -21 67 0 T T 16 7.8 15 300 M M 5 18 310
30 2 -13 -5 -24 70 0 0.00 0.0 16 8.2 13 200 M M 0 17 210
31 12 -9 2 -17 63 0 0.00 0.0 16 6.4 14 230 M M 0 17 230
================================================================================
SM 782 295 1467 0 1.90 27.3 307.4 M 172
================================================================================
AV 25.2 9.5 9.9 FASTST M M 6 MAX(MPH)
MISC ----> 41 320 55 320
================================================================================
NOTES:
# LAST OF SEVERAL OCCURRENCES
-COLUMN 17 PEAK WIND IN M.P.H.
-PRECIPITATION AMOUNTS IN COLUMNS 7,8 AND 9 ARE THE OFFICIAL PRECIPITATION
AMOUNTS FOR MITCHELL, SD.
-SNOW DEPTH IN COLUMN 9 IS RECORDED AT 6 AM CST (12Z).
PRELIMINARY LOCAL CLIMATOLOGICAL DATA (WS FORM: F-6) , PAGE 2
STATION: MITCHELL SD
MONTH: JANUARY
YEAR: 2023
LATITUDE: 43 46 N
LONGITUDE: 98 2 W
[TEMPERATURE DATA] [PRECIPITATION DATA] SYMBOLS USED IN COLUMN 16
AVERAGE MONTHLY: 17.4 TOTAL FOR MONTH: 1.90 1 = FOG OR MIST
DPTR FM NORMAL: -1.6 DPTR FM NORMAL: 1.50 2 = FOG REDUCING VISIBILITY
HIGHEST: 40 ON 14 GRTST 24HR 1.45 ON 2- 3 TO 1/4 MILE OR LESS
LOWEST: -13 ON 30 3 = THUNDER
SNOW, ICE PELLETS, HAIL 4 = ICE PELLETS
TOTAL MONTH: 27.3 INCHES 5 = HAIL
GRTST 24HR 19.1 ON 2- 3 6 = FREEZING RAIN OR DRIZZLE
GRTST DEPTH: 25 ON 8, 7 7 = DUSTSTORM OR SANDSTORM:
VSBY 1/2 MILE OR LESS
8 = SMOKE OR HAZE
[NO. OF DAYS WITH] [WEATHER - DAYS WITH] 9 = BLOWING SNOW
X = TORNADO
MAX 32 OR BELOW: 22 0.01 INCH OR MORE: 7
MAX 90 OR ABOVE: 0 0.10 INCH OR MORE: 3
MIN 32 OR BELOW: 31 0.50 INCH OR MORE: 1
MIN 0 OR BELOW: 8 1.00 INCH OR MORE: 1
[HDD (BASE 65) ]
TOTAL THIS MO. 1467 CLEAR (SCALE 0-3) 11
DPTR FM NORMAL 40 PTCLDY (SCALE 4-7) 8
TOTAL FM JUL 1 4424 CLOUDY (SCALE 8-10) 12
DPTR FM NORMAL 175
[CDD (BASE 65) ]
TOTAL THIS MO. 0
DPTR FM NORMAL 0 [PRESSURE DATA]
TOTAL FM JAN 1 0 HIGHEST SLP 30.65 ON 30
DPTR FM NORMAL 0 LOWEST SLP 29.50 ON 16
[REMARKS]
RECORD DAILY PRECIPITATION WAS ESTABLISHED ON THE 2ND WITH 0.39 INCHES.
THE PREVIOUS RECORD WAS 0.36 INCHES IN 1937.
RECORD DAILY PRECIPITATION WAS ESTABLISHED ON THE 3RD WITH 1.11 INCHES.
THE PREVIOUS RECORD WAS 0.73 INCHES IN 1949.
RECORD DAILY SNOWFALL WAS ESTABLISHED ON THE 3RD WITH 17.2 INCHES.
THE PREVIOUS RECORD WAS 6.0 INCHES IN 1949. THIS WAS THE SECOND GREATEST
ONE DAY SNOWFALL ON RECORD.
MONTHLY SNOWFALL OF 27.3 INCHES WAS THE THIRD HIGHEST ON RECORD
FOR JANUARY AND THE 6TH GREATEST OF ANY MONTH. THE RECORD FOR
JANUARY SNOWFALL WAS 31.0 INCHES IN 1910.
#FINAL-01-23#