000
CXUS53 KTOP 010810
CF6MHK
PRELIMINARY LOCAL CLIMATOLOGICAL DATA (WS FORM: F-6)
STATION: MANHATTAN KS
MONTH: JULY
YEAR: 2022
LATITUDE: 39 9 N
LONGITUDE: 96 40 W
TEMPERATURE IN F: :PCPN: SNOW: WIND :SUNSHINE: SKY :PK WND
================================================================================
1 2 3 4 5 6A 6B 7 8 9 10 11 12 13 14 15 16 17 18
12Z AVG MX 2MIN
DY MAX MIN AVG DEP HDD CDD WTR SNW DPTH SPD SPD DIR MIN PSBL S-S WX SPD DR
================================================================================
1 84 70 77 -1 0 12 1.26 M M 7.5 21 80 M M 4 13 29 40
2 79 69 74 -5 0 9 2.19 M M 7.1 16 70 M M 7 13 23 80
3 91 70 81 2 0 16 0.00 M M 7.8 22 150 M M 6 1 33 150
4 96 76 86 7 0 21 0.00 M M 11.2 21 200 M M 0 32 210
5 95 79 87 8 0 22 0.00 M M 7.6 20 180 M M 0 27 180
6 91 75 83 4 0 18 0.03 M M 9.5 18 50 M M 2 3 26 80
7 94 75 85 6 0 20 0.04 M M 6.9 15 110 M M 4 3 22 90
8 88 71 80 1 0 15 0.00 M M 4.7 14 40 M M 5 20 20
9 88 71 80 0 0 15 0.00 M M 4.8 16 60 M M 3 21 90
10 95 64 80 0 0 15 0.00 M M 6.8 16 170 M M 0 1 22 180
11 95 70 83 3 0 18 0.00 M M 7.5 17 20 M M 0 26 40
12 89 62 76 -4 0 11 0.00 M M 2.7 12 30 M M 0 21 60
13 94 59 77 -3 0 12 0.00 M M 4.1 13 170 M M 0 18 170
14 100 70 85 5 0 20 0.00 M M 8.8 18 180 M M 0 26 180
15 103 78 91 11 0 26 0.02 M M 6.6 20 220 M M 0 3 26 230
16 90 76 83 3 0 18 T M M 5.2 15 60 M M 1 22 10
17 91 69 80 0 0 15 0.01 M M 5.8 16 40 M M 4 23 30
18 94 62 78 -2 0 13 0.00 M M 1.4 8 110 M M 1 12 13 120
19 102 70 86 6 0 21 0.00 M M 5.7 18 210 M M 0 26 190
20 95 64 80 0 0 15 0.00 M M 4.9 14 30 M M 0 22 40
21 100 61 81 1 0 16 0.00 M M 2.5 10 70 M M 0 13 70
22 102 69 86 6 0 21 0.00 M M 7.5 18 210 M M 0 28 180
23 104 73 89 9 0 24 0.00 M M 12.7 25 210 M M 0 36 210
24 89 67 78 -2 0 13 0.21 M M 10.8 20 210 M M 2 13 25 60
25 76 66 71 -9 0 6 2.54 M M 10.5 21 100 M M 8 13 29 90
26 75 67 71 -9 0 6 0.06 M M 5.0 14 40 M M 6 13 20 20
27 90 70 80 0 0 15 0.01 M M 3.6 10 350 M M 3 1 21 340
28 86 66 76 -4 0 11 0.19 M M 5.1 14 30 M M 3 13 30 310
29 80 62 71 -9 0 6 0.00 M M 2.3 9 110 M M 1 12 110
30 85 58 72 -8 0 7 0.00 M M 3.6 13 210 M M 1 1 17 110
31 94 66 80 0 0 15 0.00 M M 4.1 15 220 M M 3 1 19 220
================================================================================
SM 2835 2125 0 472 6.56 M 194.3 M 64
================================================================================
AV 91.5 68.5 6.3 FASTST M M 2 MAX(MPH)
MISC ----> 25 210 36 210
================================================================================
NOTES:
# LAST OF SEVERAL OCCURRENCES
COLUMN 17 PEAK WIND IN M.P.H.
PRELIMINARY LOCAL CLIMATOLOGICAL DATA (WS FORM: F-6) , PAGE 2
STATION: MANHATTAN KS
MONTH: JULY
YEAR: 2022
LATITUDE: 39 9 N
LONGITUDE: 96 40 W
[TEMPERATURE DATA] [PRECIPITATION DATA] SYMBOLS USED IN COLUMN 16
AVERAGE MONTHLY: 80.0 TOTAL FOR MONTH: 6.56 1 = FOG OR MIST
DPTR FM NORMAL: 0.2 DPTR FM NORMAL: 2.55 2 = FOG REDUCING VISIBILITY
HIGHEST: 104 ON 23 GRTST 24HR 3.45 ON 1- 2 TO 1/4 MILE OR LESS
LOWEST: 58 ON 30 3 = THUNDER
SNOW, ICE PELLETS, HAIL 4 = ICE PELLETS
TOTAL MONTH: M 5 = HAIL
GRTST 24HR M ON M 6 = FREEZING RAIN OR DRIZZLE
GRTST DEPTH: M ON M 7 = DUSTSTORM OR SANDSTORM:
VSBY 1/2 MILE OR LESS
8 = SMOKE OR HAZE
[NO. OF DAYS WITH] [WEATHER - DAYS WITH] 9 = BLOWING SNOW
X = TORNADO
MAX 32 OR BELOW: 0 0.01 INCH OR MORE: 11
MAX 90 OR ABOVE: 20 0.10 INCH OR MORE: 5
MIN 32 OR BELOW: 0 0.50 INCH OR MORE: 3
MIN 0 OR BELOW: 0 1.00 INCH OR MORE: 3
[HDD (BASE 65) ]
TOTAL THIS MO. 0 CLEAR (SCALE 0-3) 23
DPTR FM NORMAL 0 PTCLDY (SCALE 4-7) 8
TOTAL FM JUL 1 0 CLOUDY (SCALE 8-10) 0
DPTR FM NORMAL 0
[CDD (BASE 65) ]
TOTAL THIS MO. 472
DPTR FM NORMAL 14 [PRESSURE DATA]
TOTAL FM JAN 1 1036 HIGHEST SLP M ON M
DPTR FM NORMAL 140 LOWEST SLP 29.67 ON 19
[REMARKS]
#FINAL-07-22#