000
CXUS53 KTOP 010810
CF6MHK
PRELIMINARY LOCAL CLIMATOLOGICAL DATA (WS FORM: F-6)
STATION: MANHATTAN KS
MONTH: OCTOBER
YEAR: 2021
LATITUDE: 39 9 N
LONGITUDE: 96 40 W
TEMPERATURE IN F: :PCPN: SNOW: WIND :SUNSHINE: SKY :PK WND
================================================================================
1 2 3 4 5 6A 6B 7 8 9 10 11 12 13 14 15 16 17 18
12Z AVG MX 2MIN
DY MAX MIN AVG DEP HDD CDD WTR SNW DPTH SPD SPD DIR MIN PSBL S-S WX SPD DR
================================================================================
1 75 54 65 2 0 0 0.00 M M 3.1 10 240 M M 3 1 15 160
2 74 56 65 3 0 0 0.00 M M 1.9 7 280 M M 4 18 13 290
3 83 48 66 4 0 1 0.00 M M 3.7 14 330 M M 2 1 23 330
4 86 44 65 4 0 0 0.00 M M 2.3 10 110 M M 0 17 70
5 82 46 64 3 1 0 0.00 M M 2.9 15 70 M M 1 20 80
6 78 52 65 5 0 0 0.00 M M 2.3 12 70 M M 4 12 15 70
7 84 50 67 7 0 2 0.00 M M 3.6 12 150 M M 2 12 16 160
8 89 60 75 15 0 10 0.00 M M 2.3 10 160 M M 0 16 160
9 94 64 79 20 0 14 T M M 7.6 25 210 M M 0 3 37 230
10 75 57 66 7 0 1 0.13 M M 4.5 12 360 M M 6 13 21 340
11 79 49 64 6 1 0 0.25 M M 5.0 14 20 M M 4 1 22 30
12 80 46 63 5 2 0 0.03 M M 8.7 30 140 M M 3 43 140
13 72 49 61 4 4 0 0.68 M M 8.6 22 220 M M 3 13 33 160
14 71 38 55 -2 10 0 0.00 M M 5.6 15 50 M M 4 24 360
15 66 43 55 -1 10 0 0.00 M M 6.0 15 10 M M 3 25 10
16 70 32 51 -5 14 0 0.00 M M 3.5 13 240 M M 0 19 250
17 79 34 57 1 8 0 0.00 M M 1.8 13 220 M M 0 20 210
18 76 39 58 3 7 0 0.00 M M 9.0 25 180 M M 0 35 210
19 81 56 69 14 0 4 0.00 M M 12.7 26 170 M M 0 37 170
20 67 43 55 1 10 0 0.00 M M 8.7 18 270 M M 2 30 270
21 65 37 51 -3 14 0 0.00 M M 3.6 13 280 M M 0 20 280
22 79 33 56 2 9 0 0.00 M M 3.8 16 230 M M 0 24 200
23 64 47 56 3 9 0 0.01 M M 10.3 18 70 M M 8 3 24 60
24 73 48 61 8 4 0 0.00 M M 8.0 25 240 M M 5 1 34 250
25 55 46 51 -1 14 0 0.00 M M 5.9 13 20 M M 8 1 20 20
26 69 46 58 6 7 0 T M M 12.7 22 150 M M 9 8 33 170
27 65 51 58 7 7 0 M M M 9.1 18 360 M M 10 13 35 350
28 60 50 55 4 10 0 0.06 M M 14.1 22 360 M M 7 41 350
29 65 35 50 0 15 0 0.00 M M 7.8 18 20 M M 0 31 20
30 72 28 50 0 15 0 0.00 M M 5.2 14 10 M M 0 28 10
31 58 39 49 -1 16 0 0.00 M M 8.1 20 40 M M 3 28 40
================================================================================
SM 2286 1420 187 32 1.16 M 192.4 M 91
================================================================================
AV 73.7 45.8 6.2 FASTST M M 3 MAX(MPH)
MISC ----> 30 140 43 140
================================================================================
NOTES:
# LAST OF SEVERAL OCCURRENCES
COLUMN 17 PEAK WIND IN M.P.H.
PRELIMINARY LOCAL CLIMATOLOGICAL DATA (WS FORM: F-6) , PAGE 2
STATION: MANHATTAN KS
MONTH: OCTOBER
YEAR: 2021
LATITUDE: 39 9 N
LONGITUDE: 96 40 W
[TEMPERATURE DATA] [PRECIPITATION DATA] SYMBOLS USED IN COLUMN 16
AVERAGE MONTHLY: 59.8 TOTAL FOR MONTH: 1.16 1 = FOG OR MIST
DPTR FM NORMAL: 3.7 DPTR FM NORMAL: -1.02 2 = FOG REDUCING VISIBILITY
HIGHEST: 94 ON 9 GRTST 24HR 1.65 ON 27-28 TO 1/4 MILE OR LESS
LOWEST: 28 ON 30 3 = THUNDER
SNOW, ICE PELLETS, HAIL 4 = ICE PELLETS
TOTAL MONTH: M 5 = HAIL
GRTST 24HR M ON M 6 = FREEZING RAIN OR DRIZZLE
GRTST DEPTH: M ON M 7 = DUSTSTORM OR SANDSTORM:
VSBY 1/2 MILE OR LESS
8 = SMOKE OR HAZE
[NO. OF DAYS WITH] [WEATHER - DAYS WITH] 9 = BLOWING SNOW
X = TORNADO
MAX 32 OR BELOW: 0 0.01 INCH OR MORE: 6
MAX 90 OR ABOVE: 1 0.10 INCH OR MORE: 3
MIN 32 OR BELOW: 2 0.50 INCH OR MORE: 1
MIN 0 OR BELOW: 0 1.00 INCH OR MORE: 0
[HDD (BASE 65) ]
TOTAL THIS MO. 187 CLEAR (SCALE 0-3) 20
DPTR FM NORMAL -119 PTCLDY (SCALE 4-7) 9
TOTAL FM JUL 1 199 CLOUDY (SCALE 8-10) 2
DPTR FM NORMAL -169
[CDD (BASE 65) ]
TOTAL THIS MO. 32
DPTR FM NORMAL 2 [PRESSURE DATA]
TOTAL FM JAN 1 1744 HIGHEST SLP M ON M
DPTR FM NORMAL 256 LOWEST SLP 29.47 ON 24
[REMARKS]
#FINAL-10-21#