000
CXUS53 KTOP 010810
CF6MHK
PRELIMINARY LOCAL CLIMATOLOGICAL DATA (WS FORM: F-6)
STATION: MANHATTAN KS
MONTH: MARCH
YEAR: 2021
LATITUDE: 39 9 N
LONGITUDE: 96 40 W
TEMPERATURE IN F: :PCPN: SNOW: WIND :SUNSHINE: SKY :PK WND
================================================================================
1 2 3 4 5 6A 6B 7 8 9 10 11 12 13 14 15 16 17 18
12Z AVG MX 2MIN
DY MAX MIN AVG DEP HDD CDD WTR SNW DPTH SPD SPD DIR MIN PSBL S-S WX SPD DR
================================================================================
1 57 17 37 0 28 0 0.00 M M 2.1 12 30 M M 0 22 30
2 67 19 43 5 22 0 0.00 M M 8.3 23 210 M M 0 35 220
3 74 20 47 9 18 0 0.00 M M 3.9 16 220 M M 0 21 220
4 74 24 49 11 16 0 0.00 M M 4.5 20 170 M M 0 8 26 170
5 62 36 49 10 16 0 0.00 M M 6.6 17 70 M M 1 8 24 60
6 70 27 49 10 16 0 0.00 M M 6.6 16 210 M M 0 18 26 220
7 69 40 55 15 10 0 0.00 M M 15.9 33 220 M M 0 47 220
8 75 43 59 19 6 0 0.00 M M 13.1 24 210 M M 0 34 200
9 78 55 67 27 0 2 0.00 M M 17.7 30 180 M M 0 45 220
10 80 41 61 20 4 0 0.00 M M 19.0 39 210 M M 3 52 220
11 61 26 44 3 21 0 0.00 M M 4.8 15 30 M M 1 22 30
12 45 37 41 -1 24 0 0.21 M M 11.1 23 80 M M 7 31 80
13 52 42 47 5 18 0 0.46 M M 13.3 21 90 M M 10 13 30 80
14 54 45 50 8 15 0 0.19 M M 15.0 25 80 M M 10 13 36 70
15 59 45 52 9 13 0 0.00 M M 7.5 15 90 M M 10 1 23 90
16 58 38 48 5 17 0 0.00 M M 8.4 20 40 M M 8 1 24 40
17 48 37 43 -1 22 0 0.92 M M 14.3 29 40 M M 10 138 39 40
18 55 35 45 1 20 0 0.00 M M 10.5 20 10 M M 5 31 10
19 58 25 42 -2 23 0 0.00 M M 3.1 12 140 M M 0 8 15 100
20 68 23 46 1 19 0 0.00 M M 10.4 25 160 M M 0 35 160
21 71 49 60 15 5 0 0.00 M M 16.0 30 210 M M 1 47 180
22 60 49 55 9 10 0 0.28 M M 6.8 21 150 M M 10 18 29 150
23 57 47 52 6 13 0 0.10 M M 7.9 18 90 M M 10 1 28 280
24 50 41 46 0 19 0 T M M 6.2 16 280 M M 10 8 25 280
25 50 31 41 -6 24 0 0.00 M M 4.0 13 60 M M 9 16 70
26 69 27 48 1 17 0 0.89 M M 7.0 32 190 M M 7 123 56 200
27 62 44 53 5 12 0 T M M 7.0 16 360 M M 5 13 30 330
28 65 29 47 -1 18 0 0.00 M M 6.4 18 210 M M 0 28 210
29 80 53 67 19 0 2 0.00 M M 23.2 35 200 M M 0 58 200
30 67 30 49 0 16 0 0.00 M M 12.3 31 210 M M 2 46 20
31 55 23 39 -10 26 0 0.00 M M 5.7 15 30 M M 2 26 340
================================================================================
SM 1950 1098 488 4 3.05 M 298.6 M 121
================================================================================
AV 62.9 35.4 9.6 FASTST M M 4 MAX(MPH)
MISC ----> 39 210 58 200
================================================================================
NOTES:
# LAST OF SEVERAL OCCURRENCES
COLUMN 17 PEAK WIND IN M.P.H.
PRELIMINARY LOCAL CLIMATOLOGICAL DATA (WS FORM: F-6) , PAGE 2
STATION: MANHATTAN KS
MONTH: MARCH
YEAR: 2021
LATITUDE: 39 9 N
LONGITUDE: 96 40 W
[TEMPERATURE DATA] [PRECIPITATION DATA] SYMBOLS USED IN COLUMN 16
AVERAGE MONTHLY: 49.2 TOTAL FOR MONTH: 3.05 1 = FOG OR MIST
DPTR FM NORMAL: 6.0 DPTR FM NORMAL: 0.85 2 = FOG REDUCING VISIBILITY
HIGHEST: 80 ON 29,10 GRTST 24HR 0.92 ON 17-17 TO 1/4 MILE OR LESS
LOWEST: 17 ON 1 3 = THUNDER
SNOW, ICE PELLETS, HAIL 4 = ICE PELLETS
TOTAL MONTH: M 5 = HAIL
GRTST 24HR M ON M 6 = FREEZING RAIN OR DRIZZLE
GRTST DEPTH: M ON M 7 = DUSTSTORM OR SANDSTORM:
VSBY 1/2 MILE OR LESS
8 = SMOKE OR HAZE
[NO. OF DAYS WITH] [WEATHER - DAYS WITH] 9 = BLOWING SNOW
X = TORNADO
MAX 32 OR BELOW: 0 0.01 INCH OR MORE: 7
MAX 90 OR ABOVE: 0 0.10 INCH OR MORE: 7
MIN 32 OR BELOW: 13 0.50 INCH OR MORE: 2
MIN 0 OR BELOW: 0 1.00 INCH OR MORE: 0
[HDD (BASE 65) ]
TOTAL THIS MO. 488 CLEAR (SCALE 0-3) 18
DPTR FM NORMAL -188 PTCLDY (SCALE 4-7) 5
TOTAL FM JUL 1 4491 CLOUDY (SCALE 8-10) 8
DPTR FM NORMAL -347
[CDD (BASE 65) ]
TOTAL THIS MO. 4
DPTR FM NORMAL 2 [PRESSURE DATA]
TOTAL FM JAN 1 4 HIGHEST SLP M ON M
DPTR FM NORMAL 2 LOWEST SLP 29.41 ON 23
[REMARKS]
#FINAL-03-21#