000
CXUS52 KMFL 011135
CLMMIA
CLIMATE REPORT
NATIONAL WEATHER SERVICE MIAMI, FL
735 AM EDT SAT APR 01 2023
...................................
...THE MIAMI CLIMATE SUMMARY FOR THE MONTH OF MARCH 2023...
CLIMATE NORMAL PERIOD: 1991 TO 2020
CLIMATE RECORD PERIOD: 1895 TO 2023
WEATHER OBSERVED NORMAL DEPART LAST YEAR`S
VALUE DATE(S) VALUE FROM VALUE
NORMAL
..............................................................
TEMPERATURE (F)
RECORD
HIGH 93 03/22/2003
LOW 32 03/03/1980
HIGHEST 91 03/06 90
03/07
LOWEST 59 03/16 52
03/20
AVG. MAXIMUM 84.7 80.6 4.1 82.7
AVG. MINIMUM 69.1 65.6 3.5 69.6
MEAN 76.9 73.1 3.8 76.2
DAYS MAX >= 90 4 1
DAYS MAX <= 32 0 0
DAYS MIN <= 32 0 0
DAYS MIN <= 0 0 0
PRECIPITATION (INCHES)
RECORD
MAXIMUM 10.57 1986
MINIMUM 0.00 1902
TOTALS 4.50 2.46 2.04 2.03
DAILY AVG. 0.15 0.08 0.07
DAYS >= .01 8 9
DAYS >= .10 4 4
DAYS >= .50 1 2
DAYS >= 1.00 1 0
GREATEST
24 HR. TOTAL 3.67 03/29 TO 03/30 1.06
DEGREE DAYS
HEATING TOTAL 0 8 -8 2
SINCE 7/1 67 95 -28 MM
COOLING TOTAL 362 260 102 354
SINCE 1/1 929 598 331 MM
..............................................................
WIND (MPH)
AVERAGE WIND SPEED 8.0
HIGHEST WIND SPEED/DIRECTION 23/160 DATE 03/03
HIGHEST GUST SPEED/DIRECTION 37/180 DATE 03/03
SKY COVER
POSSIBLE SUNSHINE (PERCENT) MM
AVERAGE SKY COVER 0.48
NUMBER OF DAYS FAIR 6
NUMBER OF DAYS PC 22
NUMBER OF DAYS CLOUDY 3
AVERAGE RH (PERCENT) 66
WEATHER CONDITIONS. NUMBER OF DAYS WITH
THUNDERSTORM 1 MIXED PRECIP 0
HEAVY RAIN 3 RAIN 2
LIGHT RAIN 6 FREEZING RAIN 0
LT FREEZING RAIN 0 HAIL 0
HEAVY SNOW 0 SNOW 0
LIGHT SNOW 0 SLEET 0
FOG 3 FOG W/VIS <= 1/4 MILE 0
HAZE 0
- INDICATES NEGATIVE NUMBERS.
R INDICATES RECORD WAS SET OR TIED.
MM INDICATES DATA IS MISSING.
T INDICATES TRACE AMOUNT.
$$