000
CXUS53 KIND 010600
CF6MIE
PRELIMINARY LOCAL CLIMATOLOGICAL DATA (WS FORM: F-6)
STATION: MUNCIE IN
MONTH: AUGUST
YEAR: 2023
LATITUDE: 40 13 N
LONGITUDE: 85 23 W
TEMPERATURE IN F: :PCPN: SNOW: WIND :SUNSHINE: SKY :PK WND
================================================================================
1 2 3 4 5 6A 6B 7 8 9 10 11 12 13 14 15 16 17 18
12Z AVG MX 2MIN
DY MAX MIN AVG DEP HDD CDD WTR SNW DPTH SPD SPD DIR MIN PSBL S-S WX SPD DR
================================================================================
1 83 54 69 -6 0 4 0.00 M M 1.4 8 110 M M 0 12 100
2 83 58 71 -4 0 6 0.00 M M 4.5 12 130 M M 0 17 190
3 87 58 73 -2 0 8 0.00 M M 1.9 9 350 M M 0 18 16 360
4 90 59 75 0 0 10 0.00 M M 2.1 10 20 M M 0 18 14 20
5 86 66 76 1 0 11 T M M 9.9 20 110 M M 4 18 29 110
6 76 68 72 -3 0 7 0.47 M M 6.4 15 280 M M 10 138 26 250
7 74 63 69 -6 0 4 0.54 M M 6.4 17 330 M M 8 13 25 340
8 82 60 71 -3 0 6 0.00 M M 5.3 14 310 M M 2 21 260
9 83 66 75 1 0 10 1.55 M M 5.4 23 200 M M 4 1238 23 200
10 81 66 74 0 0 9 0.01 M M 5.6 13 300 M M 5 1 22 250
11 85 69 77 3 0 12 T M M 7.1 16 240 M M 3 25 240
12 88 63 76 2 0 11 0.01 M M 7.2 20 270 M M 1 3 31 220
13 84 62 73 -1 0 8 0.00 M M 5.6 14 260 M M 0 21 290
14 73 66 70 -4 0 5 0.72 M M 5.4 14 200 M M 7 13 17 270
15 70 63 67 -7 0 2 0.01 M M 9.0 17 300 M M 8 1 27 280
16 80 57 69 -5 0 4 0.00 M M 4.0 8 290 M M 1 13 290
17 79 63 71 -3 0 6 0.19 M M 7.9 20 210 M M 3 13 33 210
18 76 52 64 -10 1 0 0.00 M M 4.3 14 330 M M 1 1 20 330
19 81 51 66 -8 0 1 0.00 M M 3.5 12 190 M M 0 18 17 190
20 88 65 77 3 0 12 0.00 M M 3.6 12 220 M M 5 1 16 190
21 90 70 80 7 0 15 0.00 M M 2.7 9 60 M M 3 128 13 30
22 85 68 77 4 0 12 0.00 M M 5.7 13 90 M M 0 18 17 100
23 92 70 81 8 0 16 0.00 M M 6.8 15 250 M M 2 23 250
24 92 72 82 9 0 17 T M M 9.2 33 110 M M 3 8 43 100
25 89 73 81 8 0 16 0.00 M M 5.7 13 260 M M 2 18 24 280
26 84 69 77 4 0 12 0.00 M M 5.5 15 30 M M 4 128 22 30
27 78 63 71 -2 0 6 0.00 M M 7.4 14 60 M M 5 20 80
28 78 52 65 -7 0 0 0.00 M M 4.8 13 40 M M 0 17 40
29 82 50 66 -6 0 1 0.16 M M 3.1 14 360 M M 1 128 20 330
30 74 52 63 -9 2 0 0.00 M M 5.9 15 20 M M 3 1 22 350
31 77 46 62 -10 3 0 0.00 M M 6.0 14 90 M M 1 128 20 50
================================================================================
SM 2550 1914 6 231 3.66 M 169.3 M 86
================================================================================
AV 82.3 61.7 5.5 FASTST M M 3 MAX(MPH)
MISC ----> 33 110 43 100
================================================================================
NOTES:
# LAST OF SEVERAL OCCURRENCES
COLUMN 17 PEAK WIND IN M.P.H.
PRELIMINARY LOCAL CLIMATOLOGICAL DATA (WS FORM: F-6) , PAGE 2
STATION: MUNCIE IN
MONTH: AUGUST
YEAR: 2023
LATITUDE: 40 13 N
LONGITUDE: 85 23 W
[TEMPERATURE DATA] [PRECIPITATION DATA] SYMBOLS USED IN COLUMN 16
AVERAGE MONTHLY: 72.0 TOTAL FOR MONTH: 3.66 1 = FOG OR MIST
DPTR FM NORMAL: -1.7 DPTR FM NORMAL: 0.28 2 = FOG REDUCING VISIBILITY
HIGHEST: 92 ON 24,23 GRTST 24HR 1.56 ON 9-10 TO 1/4 MILE OR LESS
LOWEST: 46 ON 31 3 = THUNDER
SNOW, ICE PELLETS, HAIL 4 = ICE PELLETS
TOTAL MONTH: M 5 = HAIL
GRTST 24HR M ON M 6 = FREEZING RAIN OR DRIZZLE
GRTST DEPTH: M ON M 7 = DUSTSTORM OR SANDSTORM:
VSBY 1/2 MILE OR LESS
8 = SMOKE OR HAZE
[NO. OF DAYS WITH] [WEATHER - DAYS WITH] 9 = BLOWING SNOW
X = TORNADO
MAX 32 OR BELOW: 0 0.01 INCH OR MORE: 9
MAX 90 OR ABOVE: 4 0.10 INCH OR MORE: 6
MIN 32 OR BELOW: 0 0.50 INCH OR MORE: 3
MIN 0 OR BELOW: 0 1.00 INCH OR MORE: 1
[HDD (BASE 65) ]
TOTAL THIS MO. 6 CLEAR (SCALE 0-3) 19
DPTR FM NORMAL 2 PTCLDY (SCALE 4-7) 11
TOTAL FM JUL 1 6 CLOUDY (SCALE 8-10) 1
DPTR FM NORMAL 5
[CDD (BASE 65) ]
TOTAL THIS MO. 231
DPTR FM NORMAL -44 [PRESSURE DATA]
TOTAL FM JAN 1 837 HIGHEST SLP M ON M
DPTR FM NORMAL -172 LOWEST SLP 29.70 ON 7
[REMARKS]
#FINAL-08-23#