000
CXUS53 KEAX 010736
CF6MKC
PRELIMINARY LOCAL CLIMATOLOGICAL DATA (WS FORM: F-6)
STATION: DOWNTOWN KANSAS CITY MO
MONTH: SEPTEMBER
YEAR: 2021
LATITUDE: 39 7 N
LONGITUDE: 94 36 W
TEMPERATURE IN F: :PCPN: SNOW: WIND :SUNSHINE: SKY :PK WND
================================================================================
1 2 3 4 5 6A 6B 7 8 9 10 11 12 13 14 15 16 17 18
12Z AVG MX 2MIN
DY MAX MIN AVG DEP HDD CDD WTR SNW DPTH SPD SPD DIR MIN PSBL S-S WX SPD DR
================================================================================
1 84 67 76 0 0 11 0.00 M M 9.0 15 70 M M 4 20 70
2 84 70 77 2 0 12 0.00 M M 9.8 16 150 M M 1 26 130
3 88 71 80 5 0 15 1.80 M M 7.4 16 200 M M 7 13 21 200
4 78 67 73 -2 0 8 0.53 M M 6.3 14 360 M M 7 13 18 360
5 82 61 72 -2 0 7 0.00 M M 2.3 9 270 M M 2 12 13 280
6 89 65 77 3 0 12 0.00 M M 7.1 15 200 M M 0 20 210
7 89 69 79 5 0 14 0.00 M M 11.3 23 220 M M 1 33 220
8 83 60 72 -2 0 7 0.00 M M 5.9 16 350 M M 0 23 360
9 84 62 73 0 0 8 0.00 M M 4.1 13 120 M M 2 17 150
10 88 66 77 4 0 12 0.00 M M 7.3 16 210 M M 0 21 190
11 88 72 80 8 0 15 0.00 M M 13.2 22 200 M M 0 31 190
12 88 73 81 9 0 16 0.00 M M 11.5 22 210 M M 0 30 210
13 89 69 79 7 0 14 0.00 M M 13.5 25 200 M M 0 35 210
14 82 69 76 5 0 11 T M M 9.9 18 220 M M 1 27 230
15 83 66 75 4 0 10 0.00 M M 5.9 13 120 M M 0 19 120
16 89 68 79 8 0 14 0.00 M M 8.2 16 150 M M 1 23 120
17 90 70 80 10 0 15 0.00 M M 4.6 23 350 M M 0 36 330
18 89 65 77 7 0 12 0.00 M M 3.9 10 150 M M 0 15 120
19 89 71 80 10 0 15 0.00 M M 8.5 16 150 M M 1 25 170
20 88 63 76 7 0 11 0.05 M M 10.4 22 320 M M 3 13 34 340
21 75 58 67 -2 0 2 0.00 M M 9.5 18 350 M M 0 29 350
22 72 50 61 -7 4 0 0.00 M M 5.4 16 330 M M 0 23 300
23 78 48 63 -5 2 0 0.00 M M 4.7 13 190 M M 0 16 170
24 81 59 70 2 0 5 T M M 10.4 25 230 M M 1 38 250
25 77 49 63 -4 2 0 0.00 M M 5.0 13 200 M M 0 17 210
26 93 59 76 9 0 11 0.00 M M 13.5 30 210 M M 0 40 210
27 92 71 82 16 0 17 0.00 M M 13.3 25 230 M M 0 34 240
28 90 67 79 13 0 14 0.00 M M 6.3 16 160 M M 0 22 180
29 81 68 75 9 0 10 T M M 5.8 10 130 M M 1 15 140
30 87 68 78 13 0 13 0.00 M M 6.3 22 120 M M 3 31 130
================================================================================
SM 2550 1941 8 311 2.38 M 240.3 M 35
================================================================================
AV 85.0 64.7 8.0 FASTST M M 1 MAX(MPH)
MISC ----> 30 210 40 210
================================================================================
NOTES:
# LAST OF SEVERAL OCCURRENCES
COLUMN 17 PEAK WIND IN M.P.H.
PRELIMINARY LOCAL CLIMATOLOGICAL DATA (WS FORM: F-6) , PAGE 2
STATION: DOWNTOWN KANSAS CITY MO
MONTH: SEPTEMBER
YEAR: 2021
LATITUDE: 39 7 N
LONGITUDE: 94 36 W
[TEMPERATURE DATA] [PRECIPITATION DATA] SYMBOLS USED IN COLUMN 16
AVERAGE MONTHLY: 74.9 TOTAL FOR MONTH: 2.38 1 = FOG OR MIST
DPTR FM NORMAL: 4.2 DPTR FM NORMAL: -1.40 2 = FOG REDUCING VISIBILITY
HIGHEST: 93 ON 26 GRTST 24HR 2.03 ON 3- 4 TO 1/4 MILE OR LESS
LOWEST: 48 ON 23 3 = THUNDER
SNOW, ICE PELLETS, HAIL 4 = ICE PELLETS
TOTAL MONTH: M 5 = HAIL
GRTST 24HR M ON M 6 = FREEZING RAIN OR DRIZZLE
GRTST DEPTH: M ON M 7 = DUSTSTORM OR SANDSTORM:
VSBY 1/2 MILE OR LESS
8 = SMOKE OR HAZE
[NO. OF DAYS WITH] [WEATHER - DAYS WITH] 9 = BLOWING SNOW
X = TORNADO
MAX 32 OR BELOW: 0 0.01 INCH OR MORE: 3
MAX 90 OR ABOVE: 4 0.10 INCH OR MORE: 2
MIN 32 OR BELOW: 0 0.50 INCH OR MORE: 2
MIN 0 OR BELOW: 0 1.00 INCH OR MORE: 1
[HDD (BASE 65) ]
TOTAL THIS MO. 8 CLEAR (SCALE 0-3) 26
DPTR FM NORMAL -27 PTCLDY (SCALE 4-7) 4
TOTAL FM JUL 1 8 CLOUDY (SCALE 8-10) 0
DPTR FM NORMAL -26
[CDD (BASE 65) ]
TOTAL THIS MO. 311
DPTR FM NORMAL 105 [PRESSURE DATA]
TOTAL FM JAN 1 1798 HIGHEST SLP M ON M
DPTR FM NORMAL 136 LOWEST SLP 29.70 ON 20
[REMARKS]
#FINAL-09-21#