000
CXUS53 KMKX 011519
CLMMKE
CLIMATE REPORT
NATIONAL WEATHER SERVICE MILWAUKEE/SULLIVAN WI
919 AM CST THU FEB 01 2024
...................................
...THE MILWAUKEE WI CLIMATE SUMMARY FOR THE MONTH OF JANUARY 2024...
CLIMATE NORMAL PERIOD 1991 TO 2020
CLIMATE RECORD PERIOD 1871 TO 2024
WEATHER OBSERVED NORMAL DEPART LAST YEAR`S
VALUE DATE(S) VALUE FROM VALUE DATE(S)
NORMAL
................................................................
TEMPERATURE (F)
RECORD
HIGH 63 01/07/2008
LOW -26 01/17/1982
HIGHEST 44 01/29 46 -2 49 01/16
01/17
LOWEST -5 01/15 -9 4 -3 01/31
01/16
AVG. MAXIMUM 31.8 30.9 0.9 36.6
AVG. MINIMUM 23.7 17.2 6.5 27.1
MEAN 27.8 24.0 3.8 31.9
DAYS MAX >= 90 0 0.0 0.0 0
DAYS MAX <= 32 8 17.9 -9.9 6
DAYS MIN <= 32 20 28.4 -8.4 20
DAYS MIN <= 0 3 3.5 -0.5 1
PRECIPITATION (INCHES)
RECORD
MAXIMUM 5.38 1918
MINIMUM 0.15 1919
TOTALS 3.32 1.79 1.53 2.03
DAILY AVG. 0.11 0.06 0.05 0.07
DAYS >= .01 14 11.4 2.6 17
DAYS >= .10 8 5.0 3.0 6
DAYS >= .50 2 0.7 1.3 1
DAYS >= 1.00 0 0.1 -0.1 0
GREATEST
24 HR. TOTAL 0.99 01/12 TO 01/13 0.60 01/28 TO 01/29
SNOWFALL (INCHES)
RECORDS
TOTAL 52.6 1918
TOTALS 16.6 14.9 1.7 13.6
SINCE 7/1 21.0 28.1 -7.1 20.7
SNOWDEPTH AVG. 3 1
DAYS >= 1.0 5 4.5 0.5 5
GREATEST
SNOW DEPTH 6 01/21 8 01/29
01/22 01/30
01/23
24 HR TOTAL 7.3 01/12 TO 01/13 7.9 01/28 TO 01/29
DEGREE DAYS
HEATING TOTAL 1145 1269 -124 1019
SINCE 7/1 2963 3598 -635 3223
COOLING TOTAL 0 0 0 0
SINCE 1/1 0 0 0 0
................................................................
WIND (MPH)
AVERAGE WIND SPEED 10.0
HIGHEST WIND SPEED/DIRECTION 35/090 DATE 01/12
HIGHEST GUST SPEED/DIRECTION 48/100 DATE 01/12
SKY COVER
AVERAGE SKY COVER 0.85
NUMBER OF DAYS FAIR 2
NUMBER OF DAYS PC 5
NUMBER OF DAYS CLOUDY 24
AVERAGE RH (PERCENT) 71
WEATHER CONDITIONS. NUMBER OF DAYS WITH
THUNDERSTORM 0 MIXED PRECIP 0
HEAVY RAIN 0 RAIN 1
LIGHT RAIN 11 FREEZING RAIN 0
LT FREEZING RAIN 2 HAIL 0
HEAVY SNOW 1 SNOW 2
LIGHT SNOW 15 SLEET 2
FOG 14 FOG W/VIS <= 1/4 MILE 5
HAZE 16
- INDICATES NEGATIVE NUMBERS.
R INDICATES RECORD WAS SET OR TIED.
MM INDICATES DATA IS MISSING.
T INDICATES TRACE AMOUNT.
$$
2%