000
CXUS53 KMKX 011635
CLSMKE
CLIMATE REPORT
NATIONAL WEATHER SERVICE MILWAUKEE/SULLIVAN WI
1035 AM CST WED DEC 01 2021
...................................
...THE MILWAUKEE WI CLIMATE SUMMARY FOR THE SEASON, FROM
9/1/2021 TO 11/30/2021...
CLIMATE NORMAL PERIOD 1991 TO 2020
CLIMATE RECORD PERIOD 1871 TO 2021
WEATHER OBSERVED NORMAL DEPART LAST YEAR`S
VALUE DATE(S) VALUE FROM VALUE DATE(S)
NORMAL
................................................................
TEMPERATURE (F)
RECORD
HIGH 99 09/15/1939
LOW -14 11/29/1875
HIGHEST 89 09/17 88 1 83 09/02
LOWEST 18 11/26 13 5 24 10/31
AVG. MAXIMUM 63.8 60.9 2.9 61.3
AVG. MINIMUM 48.1 44.7 3.4 44.7
MEAN 56.0 52.8 3.2 55.4
DAYS MAX >= 90 0 0.7 -0.7 0
DAYS MAX <= 32 1 2.5 -1.5 0
DAYS MIN <= 32 16 16.5 -0.5 9
DAYS MIN <= 0 0 0.0 0.0 0
PRECIPITATION (INCHES)
RECORD
MAXIMUM 15.94 1985
MINIMUM 2.07 1956
TOTALS 5.77 8.18 -2.41 7.48
DAILY AVG. 0.06 0.09 -0.03 0.08
DAYS >= .01 26 29.1 -3.1 26
DAYS >= .10 13 16.3 -3.3 21
DAYS >= .50 4 5.2 -1.2 5
DAYS >= 1.00 1 1.8 -0.8 2
GREATEST
24 HR. TOTAL 1.49 10/24 TO 10/25 1.44
SNOWFALL (INCHES)
RECORDS
TOTAL 18.7 1896
TOTALS T 2.7 -2.7 0.1
SINCE 7/1 T 2.7 -2.7 0.1
SNOWDEPTH AVG. 0
DAYS >= 1.0 0 0
GREATEST
SNOW DEPTH 0 0
24 HR TOTAL T 11/29 TO 11/29 0.1 10/26 TO 10/26
DEGREE DAYS
HEATING TOTAL 960 1214 -254 1148
SINCE 7/1 963 1227 -264 642
COOLING TOTAL 166 104 62 75
SINCE 1/1 1075 780 295 82
FREEZE DATES
RECORD
EARLIEST 09/20/1956
LATEST 05/27/1961
EARLIEST 11/02
LATEST 04/22
................................................................
WIND (MPH)
AVERAGE WIND SPEED 9.3
RESULTANT WIND SPEED/DIRECTION 2/260
HIGHEST WIND SPEED/DIRECTION 32/220 DATE 09/24
32/080 10/24
32/080 10/25
HIGHEST GUST SPEED/DIRECTION 52/300 DATE 09/13
SKY COVER
POSSIBLE SUNSHINE (PERCENT) MM
AVERAGE SKY COVER 0.56
NUMBER OF DAYS FAIR 25
NUMBER OF DAYS PC 34
NUMBER OF DAYS CLOUDY 32
AVERAGE RH (PERCENT) 65
WEATHER CONDITIONS. NUMBER OF DAYS WITH
THUNDERSTORM 9 MIXED PRECIP 0
HEAVY RAIN 5 RAIN 12
LIGHT RAIN 31 FREEZING RAIN 0
LT FREEZING RAIN 0 HAIL 0
HEAVY SNOW 0 SNOW 0
LIGHT SNOW 7 SLEET 0
FOG 29 FOG W/VIS <= 1/4 MILE 3
HAZE 15
- INDICATES NEGATIVE NUMBERS.
R INDICATES RECORD WAS SET OR TIED.
MM INDICATES DATA IS MISSING.
T INDICATES TRACE AMOUNT.
$$