198
CXUS54 KFWD 010731
CF6MKN
PRELIMINARY LOCAL CLIMATOLOGICAL DATA (WS FORM: F-6)
STATION: COMANCHE
MONTH: JULY
YEAR: 2020
LATITUDE: 31 55 N
LONGITUDE: 98 36 W
TEMPERATURE IN F: :PCPN: SNOW: WIND :SUNSHINE: SKY :PK WND
================================================================================
1 2 3 4 5 6A 6B 7 8 9 10 11 12 13 14 15 16 17 18
12Z AVG MX 2MIN
DY MAX MIN AVG DEP HDD CDD WTR SNW DPTH SPD SPD DIR MIN PSBL S-S WX SPD DR
================================================================================
1 97 77 87 M 0 22 0.00 0.0 0 11.3 16 150 M M 2 23 190
2 99 75 87 M 0 22 0.00 0.0 0 7.6 16 80 M M 1 27 80
3 100 73 87 M 0 22 0.00 0.0 0 5.4 12 190 M M 0 16 240
4 102 70 86 M 0 21 0.00 0.0 0 5.1 9 180 M M 1 M M
5 91 77 84 M 0 19 0.00 0.0 0 5.6 15 220 M M 2 21 220
6 91 70 81 M 0 16 0.00 0.0 0 3.5 9 30 M M 3 3 18 310
7 88 72 80 M 0 15 0.00 0.0 0 3.3 12 100 M M 4 3 18 140
8 99 70 85 M 0 20 0.00 0.0 0 6.7 16 140 M M 1 1 22 170
9 100 77 89 M 0 24 0.00 0.0 0 11.0 16 150 M M 0 22 190
10 100 73 87 M 0 22 0.00 0.0 0 8.4 14 180 M M 0 17 90
11 104 77 91 M 0 26 0.00 0.0 0 7.4 14 130 M M 0 17 170
12 106 75 91 M 0 26 0.00 0.0 0 8.9 21 160 M M 0 27 160
13 109 79 94 M 0 29 0.00 0.0 0 10.5 15 150 M M 0 24 190
14 109 81 95 M 0 30 0.00 0.0 0 13.6 20 190 M M 0 27 200
15 102 79 91 M 0 26 0.00 0.0 0 11.1 17 200 M M 0 23 180
16 104 79 92 M 0 27 0.00 0.0 0 8.7 15 140 M M 0 23 140
17 100 73 87 M 0 22 0.00 0.0 0 7.8 14 110 M M 0 22 110
18 97 72 85 M 0 20 0.00 0.0 0 8.0 14 160 M M 1 21 180
19 99 72 86 M 0 21 0.00 0.0 0 7.3 14 190 M M 1 8 16 150
20 100 72 86 M 0 21 0.00 0.0 0 7.1 16 120 M M 1 8 27 120
21 M 72 M M M M 0.00 0.0 0 7.3 14 120 M M 2 18 100
22 100 72 86 M 0 21 0.00 0.0 0 6.3 14 110 M M 2 3 20 110
23 99 73 86 M 0 21 0.00 0.0 0 7.8 14 140 M M 1 20 100
24 99 73 86 M 0 21 0.00 0.0 0 7.1 15 80 M M 2 21 50
25 93 73 83 M 0 18 0.00 0.0 0 6.9 13 150 M M 7 18 80
26 97 72 85 M 0 20 0.00 0.0 0 6.8 15 140 M M 5 22 140
27 100 70 85 M 0 20 0.00 0.0 0 6.0 17 130 M M 3 23 130
28 90 73 82 M 0 17 0.10 0.0 0 6.4 10 140 M M 3 16 210
29 100 77 89 M 0 24 0.00 0.0 0 8.6 17 190 M M 1 18 170
30 102 75 89 M 0 24 0.00 0.0 0 13.2 18 220 M M 0 27 220
31 93 75 84 M 0 19 0.00 0.0 0 7.2 13 350 M M 3 22 210
================================================================================
SM 2970 2298 0 656 0.10 0.0 241.9 M 46
================================================================================
AV 99.0 74.1 7.8 FASTST M M 1 MAX(MPH)
MISC ----> # 21 160 # 27 80
================================================================================
NOTES:
# LAST OF SEVERAL OCCURRENCES
COLUMN 17 PEAK WIND IN M.P.H.
PRELIMINARY LOCAL CLIMATOLOGICAL DATA (WS FORM: F-6) , PAGE 2
STATION: COMANCHE
MONTH: JULY
YEAR: 2020
LATITUDE: 31 55 N
LONGITUDE: 98 36 W
[TEMPERATURE DATA] [PRECIPITATION DATA] SYMBOLS USED IN COLUMN 16
AVERAGE MONTHLY: 86.6 TOTAL FOR MONTH: 0.10 1 = FOG OR MIST
DPTR FM NORMAL: M DPTR FM NORMAL: -1.88 2 = FOG REDUCING VISIBILITY
HIGHEST: 109 ON 14,13 GRTST 24HR 0.10 ON 28-28 TO 1/4 MILE OR LESS
LOWEST: 70 ON 27, 8 3 = THUNDER
SNOW, ICE PELLETS, HAIL 4 = ICE PELLETS
TOTAL MONTH: 0.0 INCH 5 = HAIL
GRTST 24HR 0.0 6 = FREEZING RAIN OR DRIZZLE
GRTST DEPTH: 0 7 = DUSTSTORM OR SANDSTORM:
VSBY 1/2 MILE OR LESS
8 = SMOKE OR HAZE
[NO. OF DAYS WITH] [WEATHER - DAYS WITH] 9 = BLOWING SNOW
X = TORNADO
MAX 32 OR BELOW: 0 0.01 INCH OR MORE: 1
MAX 90 OR ABOVE: 29 0.10 INCH OR MORE: 1
MIN 32 OR BELOW: 0 0.50 INCH OR MORE: 0
MIN 0 OR BELOW: 0 1.00 INCH OR MORE: 0
[HDD (BASE 65) ]
TOTAL THIS MO. 0 CLEAR (SCALE 0-3) 27
DPTR FM NORMAL M PTCLDY (SCALE 4-7) 4
TOTAL FM JUL 1 0 CLOUDY (SCALE 8-10) 0
DPTR FM NORMAL M
[CDD (BASE 65) ]
TOTAL THIS MO. 656
DPTR FM NORMAL M [PRESSURE DATA]
TOTAL FM JAN 1 1517 HIGHEST SLP M ON M
DPTR FM NORMAL M LOWEST SLP M ON M
[REMARKS]
#FINAL-07-20#