000
CXUS56 KPQR 011155
CF6MMV
PRELIMINARY LOCAL CLIMATOLOGICAL DATA (WS FORM: F-6)
STATION: MCMINNVILLE OR
MONTH: SEPTEMBER
YEAR: 2021
LATITUDE: 45 11 N
LONGITUDE: 123 8 W
TEMPERATURE IN F: :PCPN: SNOW: WIND :SUNSHINE: SKY :PK WND
================================================================================
1 2 3 4 5 6A 6B 7 8 9 10 11 12 13 14 15 16 17 18
12Z AVG MX 2MIN
DY MAX MIN AVG DEP HDD CDD WTR SNW DPTH SPD SPD DIR MIN PSBL S-S WX SPD DR
================================================================================
1 80 41 61 -5 4 0 0.00 M M 5.7 15 340 M M 0 26 30
2 86 44 65 -1 0 0 0.00 M M 3.8 13 340 M M 0 18 10
3 85 45 65 0 0 0 0.00 M M 2.5 8 360 M M 0 12 360
4 88 49 69 4 0 4 0.00 M M 4.0 14 210 M M 0 17 220
5 85 55 70 5 0 5 0.00 M M 4.6 18 250 M M 1 21 260
6 87 57 72 7 0 7 0.00 M M 6.0 14 20 M M 4 19 10
7 87 48 68 3 0 3 T M M 3.6 15 240 M M 0 18 19 240
8 90 54 72 8 0 7 T M M 3.7 10 50 M M 1 8 13 10
9 86 53 70 6 0 5 0.00 M M 5.7 17 220 M M 0 20 220
10 72 51 62 -2 3 0 0.00 M M 5.1 15 220 M M 6 18 18 240
11 82 48 65 1 0 0 0.00 M M 2.7 9 10 M M 2 1 13 40
12 77 54 66 2 0 1 0.00 M M 3.3 15 10 M M 6 21 10
13 77 45 61 -3 4 0 0.00 M M 5.1 14 360 M M 1 17 360
14 85 44 65 2 0 0 0.00 M M 2.7 14 310 M M 1 1 17 310
15 74 43 59 -4 6 0 0.00 M M 6.9 20 10 M M 3 24 10
16 77 36 57 -6 8 0 0.00 M M 5.1 13 360 M M 0 8 19 20
17 78 47 63 1 2 0 0.17 M M 8.6 29 250 M M 5 1 36 240
18 68 57 63 1 2 0 0.83 M M 9.0 20 220 M M 9 1 24 210
19 67 53 60 -2 5 0 0.05 M M 7.8 21 260 M M 7 18 28 240
20 73 47 60 -2 5 0 0.00 M M 5.0 14 330 M M 3 12 17 20
21 84 47 66 5 0 1 0.00 M M 4.8 12 340 M M 0 13 340
22 74 51 63 2 2 0 0.01 M M 4.2 14 100 M M 5 1 16 90
23 78 52 65 4 0 0 0.00 M M 6.2 13 10 M M 2 16 360
24 91 50 71 11 0 6 0.00 M M 4.3 12 350 M M 0 14 330
25 81 50 66 6 0 1 0.00 M M 6.8 20 220 M M 0 24 230
26 76 55 66 6 0 1 T M M 11.6 25 200 M M 6 33 190
27 66 52 59 -1 6 0 0.61 M M 8.6 23 190 M M 8 1 30 190
28 64 46 55 -4 10 0 0.33 M M 8.3 20 250 M M 7 1 24 270
29 69 42 56 -3 9 0 0.02 M M 2.5 13 160 M M 8 12 15 150
30 65 46 56 -2 9 0 0.03 M M 2.8 9 30 M M 8 128 11 360
================================================================================
SM 2352 1462 75 41 2.05 M 161.0 M 93
================================================================================
AV 78.4 48.7 5.4 FASTST M M 3 MAX(MPH)
MISC ----> 29 250 36 240
================================================================================
NOTES:
# LAST OF SEVERAL OCCURRENCES
COLUMN 17 PEAK WIND IN M.P.H.
PRELIMINARY LOCAL CLIMATOLOGICAL DATA (WS FORM: F-6) , PAGE 2
STATION: MCMINNVILLE OR
MONTH: SEPTEMBER
YEAR: 2021
LATITUDE: 45 11 N
LONGITUDE: 123 8 W
[TEMPERATURE DATA] [PRECIPITATION DATA] SYMBOLS USED IN COLUMN 16
AVERAGE MONTHLY: 63.6 TOTAL FOR MONTH: 2.05 1 = FOG OR MIST
DPTR FM NORMAL: 1.0 DPTR FM NORMAL: 0.75 2 = FOG REDUCING VISIBILITY
HIGHEST: 91 ON 24 GRTST 24HR 0.99 ON 17-18 TO 1/4 MILE OR LESS
LOWEST: 36 ON 16 3 = THUNDER
SNOW, ICE PELLETS, HAIL 4 = ICE PELLETS
TOTAL MONTH: M 5 = HAIL
GRTST 24HR M ON M 6 = FREEZING RAIN OR DRIZZLE
GRTST DEPTH: M ON M 7 = DUSTSTORM OR SANDSTORM:
VSBY 1/2 MILE OR LESS
8 = SMOKE OR HAZE
[NO. OF DAYS WITH] [WEATHER - DAYS WITH] 9 = BLOWING SNOW
X = TORNADO
MAX 32 OR BELOW: 0 0.01 INCH OR MORE: 8
MAX 90 OR ABOVE: 2 0.10 INCH OR MORE: 4
MIN 32 OR BELOW: 0 0.50 INCH OR MORE: 2
MIN 0 OR BELOW: 0 1.00 INCH OR MORE: 0
[HDD (BASE 65) ]
TOTAL THIS MO. 75 CLEAR (SCALE 0-3) 18
DPTR FM NORMAL -37 PTCLDY (SCALE 4-7) 11
TOTAL FM JUL 1 106 CLOUDY (SCALE 8-10) 1
DPTR FM NORMAL -65
[CDD (BASE 65) ]
TOTAL THIS MO. 41
DPTR FM NORMAL 1 [PRESSURE DATA]
TOTAL FM JAN 1 564 HIGHEST SLP 30.37 ON 20
DPTR FM NORMAL 282 LOWEST SLP 29.67 ON 17
[REMARKS]
#FINAL-09-21#