000
CXUS54 KMOB 010638
CF6MOB
PRELIMINARY LOCAL CLIMATOLOGICAL DATA (WS FORM: F-6)
STATION: MOBILE
MONTH: MARCH
YEAR: 2023
LATITUDE: 30 40 N
LONGITUDE: 88 15 W
TEMPERATURE IN F: :PCPN: SNOW: WIND :SUNSHINE: SKY :PK WND
================================================================================
1 2 3 4 5 6A 6B 7 8 9 10 11 12 13 14 15 16 17 18
12Z AVG MX 2MIN
DY MAX MIN AVG DEP HDD CDD WTR SNW DPTH SPD SPD DIR MIN PSBL S-S WX SPD DR
================================================================================
1 83 71 77 19 0 12 0.00 0.0 0 10.9 21 170 M M 9 18 30 190
2 81 71 76 18 0 11 0.15 0.0 0 9.9 21 160 M M 9 18 30 160
3 84 59 72 14 0 7 T 0.0 0 14.3 35 210 M M 6 18 46 210
4 80 53 67 8 0 2 0.00 0.0 0 4.2 13 210 M M 2 23 200
5 83 53 68 9 0 3 0.00 0.0 0 4.7 12 130 M M 1 8 20 100
6 82 55 69 10 0 4 T 0.0 0 5.6 15 170 M M 8 128 22 220
7 86 70 78 19 0 13 0.00 0.0 0 4.6 12 200 M M 7 18 18 320
8 85 69 77 18 0 12 0.01 0.0 0 7.2 15 90 M M 7 128 20 150
9 80 68 74 14 0 9 0.13 0.0 0 7.2 14 200 M M 7 128 19 150
10 79 60 70 10 0 5 0.01 0.0 0 5.8 14 320 M M 7 128 21 320
11 74 54 64 4 1 0 0.00 0.0 0 6.7 16 170 M M 8 21 180
12 75 57 66 6 0 1 0.77 0.0 0 9.5 26 20 M M 9 138 34 360
13 68 48 58 -2 7 0 0.00 0.0 0 11.8 23 10 M M 6 33 10
14 63 41 52 -9 13 0 0.00 0.0 0 10.9 18 10 M M 4 25 330
15 66 38 52 -9 13 0 0.00 0.0 0 4.4 15 50 M M 1 20 40
16 75 38 57 -4 8 0 0.00 0.0 0 8.7 20 160 M M 3 28 160
17 76 46 61 0 4 0 1.07 0.0 0 8.6 22 350 M M 6 13 28 360
18 59 45 52 -9 13 0 0.00 0.0 0 12.3 25 20 M M 7 34 350
19 54 36 45 -17 20 0 0.00 0.0 0 11.4 22 340 M M 4 29 350
20 60 29 45 -17 20 0 0.00 0.0 0 5.8 15 20 M M 2 8 22 360
21 68 34 51 -11 14 0 0.00 0.0 0 6.8 20 120 M M 4 31 130
22 78 48 63 1 2 0 0.00 0.0 0 5.1 14 210 M M 5 22 180
23 82 55 69 7 0 4 0.00 0.0 0 8.3 17 190 M M 8 128 24 200
24 81 62 72 10 0 7 T 0.0 0 12.6 22 190 M M 9 1 38 210
25 87 73 80 17 0 15 0.02 0.0 0 12.1 20 200 M M 7 1 28 200
26 83 73 78 15 0 13 0.58 0.0 0 12.2 22 190 M M 10 18 35 210
27 81 71 76 13 0 11 0.21 0.0 0 5.5 15 190 M M 9 138 21 200
28 79 60 70 7 0 5 2.10 0.0 0 8.4 24 280 M M 8 123 45 270
29 69 50 60 -3 5 0 0.01 0.0 0 6.0 21 360 M M 5 26 10
30 78 47 63 -1 2 0 0.00 0.0 0 6.1 17 120 M M 2 29 120
31 78 63 71 7 0 6 0.00 0.0 0 12.2 24 150 M M 8 18 33 150
================================================================================
SM 2357 1697 122 140 5.06 0.0 259.8 M 188
================================================================================
AV 76.0 54.7 8.4 FASTST M M 6 MAX(MPH)
MISC ----> 35 210 46 210
================================================================================
NOTES:
# LAST OF SEVERAL OCCURRENCES
COLUMN 17 PEAK WIND IN M.P.H.
PRELIMINARY LOCAL CLIMATOLOGICAL DATA (WS FORM: F-6) , PAGE 2
STATION: MOBILE
MONTH: MARCH
YEAR: 2023
LATITUDE: 30 40 N
LONGITUDE: 88 15 W
[TEMPERATURE DATA] [PRECIPITATION DATA] SYMBOLS USED IN COLUMN 16
AVERAGE MONTHLY: 65.4 TOTAL FOR MONTH: 5.06 1 = FOG OR MIST
DPTR FM NORMAL: 4.5 DPTR FM NORMAL: -0.38 2 = FOG REDUCING VISIBILITY
HIGHEST: 87 ON 25 GRTST 24HR 2.30 ON 27-28 TO 1/4 MILE OR LESS
LOWEST: 29 ON 20 3 = THUNDER
SNOW, ICE PELLETS, HAIL 4 = ICE PELLETS
TOTAL MONTH: 0.0 INCH 5 = HAIL
GRTST 24HR 0.0 6 = FREEZING RAIN OR DRIZZLE
GRTST DEPTH: 0 7 = DUSTSTORM OR SANDSTORM:
VSBY 1/2 MILE OR LESS
8 = SMOKE OR HAZE
[NO. OF DAYS WITH] [WEATHER - DAYS WITH] 9 = BLOWING SNOW
X = TORNADO
MAX 32 OR BELOW: 0 0.01 INCH OR MORE: 11
MAX 90 OR ABOVE: 0 0.10 INCH OR MORE: 7
MIN 32 OR BELOW: 1 0.50 INCH OR MORE: 4
MIN 0 OR BELOW: 0 1.00 INCH OR MORE: 2
[HDD (BASE 65) ]
TOTAL THIS MO. 122 CLEAR (SCALE 0-3) 6
DPTR FM NORMAL -53 PTCLDY (SCALE 4-7) 19
TOTAL FM JUL 1 1050 CLOUDY (SCALE 8-10) 6
DPTR FM NORMAL -508
[CDD (BASE 65) ]
TOTAL THIS MO. 140
DPTR FM NORMAL 93 [PRESSURE DATA]
TOTAL FM JAN 1 285 HIGHEST SLP 30.44 ON 20
DPTR FM NORMAL 214 LOWEST SLP 29.54 ON 3
[REMARKS]
#FINAL-03-23#