000
CXUS51 KPHI 010915
CF6MPO
PRELIMINARY LOCAL CLIMATOLOGICAL DATA (WS FORM: F-6)
STATION: MOUNT POCONO PA
MONTH: FEBRUARY
YEAR: 2024
LATITUDE: 41 8 N
LONGITUDE: 75 24 W
TEMPERATURE IN F: :PCPN: SNOW: WIND :SUNSHINE: SKY :PK WND
================================================================================
1 2 3 4 5 6A 6B 7 8 9 10 11 12 13 14 15 16 17 18
12Z AVG MX 2MIN
DY MAX MIN AVG DEP HDD CDD WTR SNW DPTH SPD SPD DIR MIN PSBL S-S WX SPD DR
================================================================================
1 35 25 30 7 35 0 0.01 M M 6.2 17 270 M M 8 1 23 270
2 37 30 34 11 31 0 0.02 M M 10.4 20 330 M M 10 1 26 320
3 36 25 31 8 34 0 0.00 M M 12.6 20 340 M M 6 27 340
4 41 24 33 10 32 0 0.00 M M 9.2 16 330 M M 2 22 330
5 41 23 32 9 33 0 0.00 M M 7.6 14 360 M M 0 18 330
6 39 19 29 5 36 0 0.00 M M 7.4 17 350 M M 0 22 350
7 44 17 31 7 34 0 0.00 M M 2.7 10 310 M M 0 13 300
8 49 24 37 13 28 0 0.00 M M 3.6 10 210 M M 0 14 130
9 52 33 43 19 22 0 0.00 M M 5.8 10 210 M M 2 16 200
10 54 38 46 22 19 0 0.07 M M 9.5 21 280 M M 3 1 27 290
11 44 27 36 12 29 0 0.00 M M 8.5 20 310 M M 4 25 310
12 41 23 32 8 33 0 T M M 5.9 13 310 M M 4 16 260
13 33 26 30 5 35 0 1.13 M M 13.8 28 310 M M 9 12 36 310
14 27 18 23 -2 42 0 0.01 M M 18.4 30 310 M M 4 19 40 280
15 30 9 20 -5 45 0 T M M 9.2 25 280 M M 4 1 33 260
16 31 24 28 3 37 0 0.02 M M 15.0 33 300 M M 4 19 47 290
17 25 11 18 -8 47 0 0.23 M M 10.6 25 310 M M 7 19 35 290
18 30 5 18 -8 47 0 T M M 14.8 26 240 M M 1 36 240
19 28 16 22 -4 43 0 0.00 M M 10.7 23 320 M M 3 31 320
20 33 5 19 -7 46 0 0.00 M M 3.7 9 120 M M 0 12 130
21 32 9 21 -5 44 0 0.00 M M 7.2 14 150 M M 2 19 130
22 35 25 30 3 35 0 0.09 M M 7.3 15 210 M M 10 12 21 230
23 41 27 34 7 31 0 0.04 M M 6.2 14 300 M M 6 12 16 310
24 34 14 24 -3 41 0 0.00 M M 16.4 25 320 M M 4 1 34 300
25 37 10 24 -3 41 0 0.00 M M 7.6 16 210 M M 1 22 200
26 53 30 42 14 23 0 T M M 6.7 16 230 M M 4 4 22 240
27 53 31 42 14 23 0 0.29 M M 8.4 18 130 M M 3 12 25 150
28 53 27 40 12 25 0 0.82 M M 15.3 38 280 M M 10 12 51 270
29 31 20 26 -2 39 0 T M M 17.2 36 310 M M 5 48 320
================================================================================
SM 1119 615 1010 0 2.73 M 277.9 M 116
================================================================================
AV 38.6 21.2 9.6 FASTST M M 4 MAX(MPH)
MISC ----> 38 280 51 270
================================================================================
NOTES:
# LAST OF SEVERAL OCCURRENCES
COLUMN 17 PEAK WIND IN M.P.H.
PRELIMINARY LOCAL CLIMATOLOGICAL DATA (WS FORM: F-6) , PAGE 2
STATION: MOUNT POCONO PA
MONTH: FEBRUARY
YEAR: 2024
LATITUDE: 41 8 N
LONGITUDE: 75 24 W
[TEMPERATURE DATA] [PRECIPITATION DATA] SYMBOLS USED IN COLUMN 16
AVERAGE MONTHLY: 29.9 TOTAL FOR MONTH: 2.73 1 = FOG OR MIST
DPTR FM NORMAL: 4.7 DPTR FM NORMAL: 0.28 2 = FOG REDUCING VISIBILITY
HIGHEST: 54 ON 10 GRTST 24HR 1.13 ON 13-13 TO 1/4 MILE OR LESS
LOWEST: 5 ON 20,18 3 = THUNDER
SNOW, ICE PELLETS, HAIL 4 = ICE PELLETS
TOTAL MONTH: M 5 = HAIL
GRTST 24HR M ON M 6 = FREEZING RAIN OR DRIZZLE
GRTST DEPTH: M ON M 7 = DUSTSTORM OR SANDSTORM:
VSBY 1/2 MILE OR LESS
8 = SMOKE OR HAZE
[NO. OF DAYS WITH] [WEATHER - DAYS WITH] 9 = BLOWING SNOW
X = TORNADO
MAX 32 OR BELOW: 8 0.01 INCH OR MORE: 11
MAX 90 OR ABOVE: 0 0.10 INCH OR MORE: 4
MIN 32 OR BELOW: 27 0.50 INCH OR MORE: 2
MIN 0 OR BELOW: 0 1.00 INCH OR MORE: 1
[HDD (BASE 65) ]
TOTAL THIS MO. 1010 CLEAR (SCALE 0-3) 13
DPTR FM NORMAL -106 PTCLDY (SCALE 4-7) 11
TOTAL FM JUL 1 4492 CLOUDY (SCALE 8-10) 5
DPTR FM NORMAL -778
[CDD (BASE 65) ]
TOTAL THIS MO. 0
DPTR FM NORMAL 0 [PRESSURE DATA]
TOTAL FM JAN 1 0 HIGHEST SLP 30.49 ON 20
DPTR FM NORMAL 0 LOWEST SLP 29.46 ON 23
[REMARKS]
#FINAL-02-24#