000
CXUS51 KBTV 010700
CF6MPV
PRELIMINARY LOCAL CLIMATOLOGICAL DATA (WS FORM: F-6)
STATION: MONTPELIER VT
MONTH: MAY
YEAR: 2023
LATITUDE: 44 12 N
LONGITUDE: 72 34 W
TEMPERATURE IN F: :PCPN: SNOW: WIND :SUNSHINE: SKY :PK WND
================================================================================
1 2 3 4 5 6A 6B 7 8 9 10 11 12 13 14 15 16 17 18
12Z AVG MX 2MIN
DY MAX MIN AVG DEP HDD CDD WTR SNW DPTH SPD SPD DIR MIN PSBL S-S WX SPD DR
================================================================================
1 55 35 45 -3 20 0 0.65 M M 6.7 18 200 M M 9 1 28 240
2 54 33 44 -5 21 0 0.16 M M 5.4 21 120 M M 9 12 28 110
3 49 41 45 -4 20 0 0.09 M M 4.5 14 130 M M 10 20 130
4 49 40 45 -4 20 0 T M M 3.3 14 10 M M 10 18 20
5 59 39 49 -1 16 0 T M M 3.3 14 300 M M 8 19 310
6 67 36 52 2 13 0 0.00 M M 7.2 20 290 M M 0 30 340
7 70 45 58 7 7 0 T M M 7.6 18 330 M M 3 27 360
8 60 37 49 -2 16 0 0.00 M M 8.3 24 290 M M 0 33 300
9 57 30 44 -7 21 0 0.00 M M 4.6 20 350 M M 0 26 30
10 69 29 49 -3 16 0 0.00 M M 5.7 21 310 M M 0 27 310
11 73 41 57 5 8 0 0.00 M M 5.3 23 340 M M 0 30 10
12 76 47 62 10 3 0 0.01 M M 5.9 20 340 M M 5 27 350
13 66 44 55 2 10 0 0.00 M M 11.0 28 310 M M 1 39 300
14 57 34 46 -7 19 0 0.00 M M 9.1 21 320 M M 1 28 310
15 69 34 52 -1 13 0 0.00 M M 6.0 17 290 M M 1 28 260
16 71 39 55 1 10 0 T M M 8.8 25 340 M M 5 35 340
17 42 27 35 -19 30 0 T M M 10.2 22 310 M M 7 31 340
18 60 24 42 -12 23 0 0.00 M M 4.4 17 340 M M 0 26 340
19 72 35 54 0 11 0 0.00 M M 9.3 20 180 M M 1 29 170
20 66 51 59 4 6 0 0.29 M M 7.6 24 150 M M 7 1 32 170
21 66 50 58 3 7 0 0.02 M M 6.8 18 310 M M 6 1 25 310
22 67 41 54 -1 11 0 0.00 M M 3.0 12 330 M M 1 15 350
23 73 37 55 -1 10 0 0.00 M M 6.8 18 180 M M 2 23 180
24 67 38 53 -3 12 0 0.19 M M 5.8 17 320 M M 7 1 24 310
25 57 36 47 -9 18 0 0.00 M M 6.1 17 330 M M 7 26 310
26 66 32 49 -7 16 0 0.00 M M 5.3 18 320 M M 1 128 25 300
27 77 37 57 0 8 0 0.00 M M 2.7 13 340 M M 0 18 330
28 84 45 65 8 0 0 0.00 M M 4.5 17 350 M M 0 22 340
29 78 50 64 7 1 0 0.00 M M 3.1 12 170 M M 0 15 180
30 81 47 64 6 1 0 0.00 M M 4.7 15 160 M M 0 18 160
31 85 49 67 9 0 2 0.00 M M 2.7 12 310 M M 0 16 300
================================================================================
SM 2042 1203 387 2 1.41 M 185.7 M 101
================================================================================
AV 65.9 38.8 6.0 FASTST M M 3 MAX(MPH)
MISC ----> 28 310 39 300
================================================================================
NOTES:
# LAST OF SEVERAL OCCURRENCES
COLUMN 17 PEAK WIND IN M.P.H.
PRELIMINARY LOCAL CLIMATOLOGICAL DATA (WS FORM: F-6) , PAGE 2
STATION: MONTPELIER VT
MONTH: MAY
YEAR: 2023
LATITUDE: 44 12 N
LONGITUDE: 72 34 W
[TEMPERATURE DATA] [PRECIPITATION DATA] SYMBOLS USED IN COLUMN 16
AVERAGE MONTHLY: 52.3 TOTAL FOR MONTH: 1.41 1 = FOG OR MIST
DPTR FM NORMAL: -1.0 DPTR FM NORMAL: -2.11 2 = FOG REDUCING VISIBILITY
HIGHEST: 85 ON 31 GRTST 24HR 0.82 ON 30- 1 TO 1/4 MILE OR LESS
LOWEST: 24 ON 18 3 = THUNDER
SNOW, ICE PELLETS, HAIL 4 = ICE PELLETS
TOTAL MONTH: M 5 = HAIL
GRTST 24HR M ON M 6 = FREEZING RAIN OR DRIZZLE
GRTST DEPTH: M ON M 7 = DUSTSTORM OR SANDSTORM:
VSBY 1/2 MILE OR LESS
8 = SMOKE OR HAZE
[NO. OF DAYS WITH] [WEATHER - DAYS WITH] 9 = BLOWING SNOW
X = TORNADO
MAX 32 OR BELOW: 0 0.01 INCH OR MORE: 7
MAX 90 OR ABOVE: 0 0.10 INCH OR MORE: 4
MIN 32 OR BELOW: 5 0.50 INCH OR MORE: 1
MIN 0 OR BELOW: 0 1.00 INCH OR MORE: 0
[HDD (BASE 65) ]
TOTAL THIS MO. 387 CLEAR (SCALE 0-3) 19
DPTR FM NORMAL 18 PTCLDY (SCALE 4-7) 8
TOTAL FM JUL 1 6723 CLOUDY (SCALE 8-10) 4
DPTR FM NORMAL -1489
[CDD (BASE 65) ]
TOTAL THIS MO. 2
DPTR FM NORMAL -6 [PRESSURE DATA]
TOTAL FM JAN 1 3 HIGHEST SLP M ON M
DPTR FM NORMAL -6 LOWEST SLP 29.01 ON 1
[REMARKS]
#FINAL-05-23#