000
CXUS51 KBTV 010700
CF6MPV
PRELIMINARY LOCAL CLIMATOLOGICAL DATA (WS FORM: F-6)
STATION: MONTPELIER VT
MONTH: JUNE
YEAR: 2021
LATITUDE: 44 12 N
LONGITUDE: 72 34 W
TEMPERATURE IN F: :PCPN: SNOW: WIND :SUNSHINE: SKY :PK WND
================================================================================
1 2 3 4 5 6A 6B 7 8 9 10 11 12 13 14 15 16 17 18
12Z AVG MX 2MIN
DY MAX MIN AVG DEP HDD CDD WTR SNW DPTH SPD SPD DIR MIN PSBL S-S WX SPD DR
================================================================================
1 73 40 57 -1 8 0 0.00 M M 3.3 15 290 M M 5 128 22 300
2 79 43 61 3 4 0 T M M 3.8 13 190 M M 3 8 19 210
3 72 61 67 9 0 2 0.14 M M 7.0 16 180 M M 9 1 21 220
4 80 58 69 10 0 4 0.11 M M 2.7 13 220 M M 6 12 22 230
5 85 56 71 12 0 6 0.04 M M 5.0 14 290 M M 3 13 20 250
6 90 66 78 19 0 13 0.01 M M 5.7 14 250 M M 2 20 280
7 89 63 76 16 0 11 0.00 M M 4.9 16 200 M M 2 23 260
8 81 69 75 15 0 10 0.02 M M 3.7 12 300 M M 4 1 16 310
9 83 56 70 10 0 5 0.01 M M 6.0 18 320 M M 2 13 23 310
10 73 50 62 2 3 0 0.00 M M 2.6 12 30 M M 0 16 10
11 64 52 58 -3 7 0 T M M 4.1 14 180 M M 7 18 170
12 77 48 63 2 2 0 0.00 M M 2.5 13 300 M M 3 12 17 310
13 81 47 64 3 1 0 0.00 M M 2.2 12 310 M M 1 16 10
14 66 56 61 -1 4 0 0.19 M M 8.9 21 180 M M 8 1 28 160
15 76 56 66 4 0 1 0.09 M M 6.1 22 300 M M 8 3 32 310
16 67 50 59 -3 6 0 0.00 M M 8.0 21 300 M M 5 29 320
17 74 44 59 -3 6 0 0.00 M M 5.4 18 300 M M 0 26 360
18 79 43 61 -2 4 0 0.01 M M 5.3 14 200 M M 2 19 200
19 83 60 72 9 0 7 0.04 M M 5.9 23 300 M M 5 31 300
20 83 57 70 7 0 5 0.00 M M 3.9 13 270 M M 4 18 330
21 93 60 77 14 0 12 0.21 M M 7.8 24 180 M M 4 13 33 180
22 70 53 62 -2 3 0 T M M 6.5 15 310 M M 8 1 21 310
23 70 48 59 -5 6 0 0.00 M M 5.8 17 340 M M 2 23 310
24 79 43 61 -3 4 0 0.00 M M 8.2 20 150 M M 1 12 27 160
25 80 55 68 4 0 3 0.00 M M 8.2 18 170 M M 0 22 160
26 78 62 70 6 0 5 0.08 M M 8.0 18 180 M M 3 24 190
27 89 72 81 16 0 16 0.00 M M 9.6 18 220 M M 2 27 200
28 91 75 83 18 0 18 0.08 M M 6.6 20 350 M M 5 3 26 350
29 90 70 80 15 0 15 T M M 5.2 15 340 M M 3 21 350
30 86 67 77 12 0 12 0.07 M M 5.8 20 300 M M 2 13 25 300
================================================================================
SM 2381 1680 58 145 1.10 M 168.7 M 109
================================================================================
AV 79.4 56.0 5.6 FASTST M M 4 MAX(MPH)
MISC ----> 24 180 33 180
================================================================================
NOTES:
# LAST OF SEVERAL OCCURRENCES
COLUMN 17 PEAK WIND IN M.P.H.
PRELIMINARY LOCAL CLIMATOLOGICAL DATA (WS FORM: F-6) , PAGE 2
STATION: MONTPELIER VT
MONTH: JUNE
YEAR: 2021
LATITUDE: 44 12 N
LONGITUDE: 72 34 W
[TEMPERATURE DATA] [PRECIPITATION DATA] SYMBOLS USED IN COLUMN 16
AVERAGE MONTHLY: 67.7 TOTAL FOR MONTH: 1.10 1 = FOG OR MIST
DPTR FM NORMAL: 5.9 DPTR FM NORMAL: -3.11 2 = FOG REDUCING VISIBILITY
HIGHEST: 93 ON 21 GRTST 24HR 0.21 ON 21-21 TO 1/4 MILE OR LESS
LOWEST: 40 ON 1 3 = THUNDER
SNOW, ICE PELLETS, HAIL 4 = ICE PELLETS
TOTAL MONTH: M 5 = HAIL
GRTST 24HR M ON M 6 = FREEZING RAIN OR DRIZZLE
GRTST DEPTH: M ON M 7 = DUSTSTORM OR SANDSTORM:
VSBY 1/2 MILE OR LESS
8 = SMOKE OR HAZE
[NO. OF DAYS WITH] [WEATHER - DAYS WITH] 9 = BLOWING SNOW
X = TORNADO
MAX 32 OR BELOW: 0 0.01 INCH OR MORE: 14
MAX 90 OR ABOVE: 4 0.10 INCH OR MORE: 4
MIN 32 OR BELOW: 0 0.50 INCH OR MORE: 0
MIN 0 OR BELOW: 0 1.00 INCH OR MORE: 0
[HDD (BASE 65) ]
TOTAL THIS MO. 58 CLEAR (SCALE 0-3) 14
DPTR FM NORMAL -78 PTCLDY (SCALE 4-7) 14
TOTAL FM JUL 1 7671 CLOUDY (SCALE 8-10) 2
DPTR FM NORMAL -677
[CDD (BASE 65) ]
TOTAL THIS MO. 145
DPTR FM NORMAL 104 [PRESSURE DATA]
TOTAL FM JAN 1 177 HIGHEST SLP M ON M
DPTR FM NORMAL 127 LOWEST SLP 29.52 ON 21
[REMARKS]
#FINAL-06-21#