000
CXUS53 KMQT 010900
CF6MQT
PRELIMINARY LOCAL CLIMATOLOGICAL DATA (WS FORM: F-6)
STATION: MARQUETTE MI
MONTH: APRIL
YEAR: 2023
LATITUDE: 46 31 N
LONGITUDE: 87 33 W
TEMPERATURE IN F: :PCPN: SNOW: WIND :SUNSHINE: SKY :PK WND
================================================================================
1 2 3 4 5 6A 6B 7 8 9 10 11 12 13 14 15 16 17 18
12Z AVG MX 2MIN
DY MAX MIN AVG DEP HDD CDD WTR SNW DPTH SPD SPD DIR MIN PSBL S-S WX SPD DR
================================================================================
1 30 11 21 -10 44 0 1.62 9.6 44 M M M M M M 49 M M
2 35 8 22 -9 43 0 0.05 1.3 40 M M M M M M 30 180
3 42 26 34 3 31 0 T T 41 M M M M M M 25 270
4 30 26 28 -4 37 0 0.44 1.4 37 M M M M M M 12346 26 45
5 41 28 35 3 30 0 0.32 0.4 38 M M M M M M 12346 39 225
6 28 20 24 -9 41 0 T 0.1 37 M M M M M M 9 42 270
7 38 12 25 -8 40 0 T T 37 M M M M M M 15 90
8 47 20 34 1 31 0 0.00 0.0 37 M M M M M M 13 225
9 60 31 46 12 19 0 T 0.0 35 M M M M M M 26 270
10 65 42 54 20 11 0 T 0.0 31 M M M M M M 24 225
11 69 47 58 23 7 0 0.00 0.0 26 M M M M M M 22 270
12 77 51 64 29 1 0 0.00 0.0 21 M M M M M M 25 270
13 68 37 53 17 12 0 0.00 0.0 14 M M M M M M 15 45
14 80 36 58 22 7 0 0.00 0.0 10 M M M M M M 21 180
15 79 44 62 26 3 0 0.21 0.0 3 M M M M M M 25 270
16 44 31 38 1 27 0 1.03 T T M M M M M M 124 28 360
17 31 24 28 -9 37 0 0.11 0.9 T M M M M M M 9 M M
18 38 24 31 -7 34 0 0.08 1.6 1 M M M M M M 27 315
19 35 27 31 -7 34 0 0.00 0.0 T M M M M M M 15 45
20 37 31 34 -5 31 0 0.34 0.1 T M M M M M M 14 22 45
21 47 34 41 2 24 0 T 0.0 T M M M M M M 24 225
22 44 28 36 -4 29 0 0.01 0.3 T M M M M M M 20 360
23 35 24 30 -10 35 0 T T T M M M M M M 20 325
24 40 22 31 -10 34 0 T T T M M M M M M 19 315
25 37 29 33 -8 32 0 T 0.2 0 M M M M M M 21 315
26 45 31 38 -4 27 0 0.00 0.0 0 M M M M M M 15 315
27 51 31 41 -1 24 0 0.46 3.6 3 M M M M M M 24 180
28 44 37 41 -2 24 0 0.03 0.0 0 M M M M M M 12 45
29 45 36 41 -2 24 0 0.62 0.0 0 M M M M M M 12 360
30 42 32 37 -7 28 0 1.31 2.5 T M M M M M M 12 31 315
================================================================================
SM 1404 880 801 0 6.63 22.0 M M M
================================================================================
AV 46.8 29.3 M FASTST M M M MAX(MPH)
MISC ----> M M 42 270
================================================================================
NOTES:
# LAST OF SEVERAL OCCURRENCES
COLUMN 17 PEAK WIND IN M.P.H.
PRELIMINARY LOCAL CLIMATOLOGICAL DATA (WS FORM: F-6) , PAGE 2
STATION: MARQUETTE MI
MONTH: APRIL
YEAR: 2023
LATITUDE: 46 31 N
LONGITUDE: 87 33 W
[TEMPERATURE DATA] [PRECIPITATION DATA] SYMBOLS USED IN COLUMN 16
AVERAGE MONTHLY: 38.1 TOTAL FOR MONTH: 6.63 1 = FOG OR MIST
DPTR FM NORMAL: 1.3 DPTR FM NORMAL: 3.28 2 = FOG REDUCING VISIBILITY
HIGHEST: 80 ON 14 GRTST 24HR 1.62 ON 1- 1 TO 1/4 MILE OR LESS
LOWEST: 8 ON 2 3 = THUNDER
SNOW, ICE PELLETS, HAIL 4 = ICE PELLETS
TOTAL MONTH: 24.6 INCHES 5 = HAIL
GRTST 24HR 9.6 ON 1- 1 6 = FREEZING RAIN OR DRIZZLE
GRTST DEPTH: 44 ON 1 7 = DUSTSTORM OR SANDSTORM:
VSBY 1/2 MILE OR LESS
8 = SMOKE OR HAZE
[NO. OF DAYS WITH] [WEATHER - DAYS WITH] 9 = BLOWING SNOW
X = TORNADO
MAX 32 OR BELOW: 4 0.01 INCH OR MORE: 14
MAX 90 OR ABOVE: 0 0.10 INCH OR MORE: 10
MIN 32 OR BELOW: 21 0.50 INCH OR MORE: 4
MIN 0 OR BELOW: 0 1.00 INCH OR MORE: 3
[HDD (BASE 65) ]
TOTAL THIS MO. 801 CLEAR (SCALE 0-3) 0
DPTR FM NORMAL -45 PTCLDY (SCALE 4-7) 0
TOTAL FM JUL 1 7875 CLOUDY (SCALE 8-10) 30
DPTR FM NORMAL -711
[CDD (BASE 65) ]
TOTAL THIS MO. 0
DPTR FM NORMAL 0 [PRESSURE DATA]
TOTAL FM JAN 1 0 HIGHEST SLP M ON M
DPTR FM NORMAL 0 LOWEST SLP M ON M
[REMARKS]
#FINAL-04-23#