000
CXUS51 KLWX 010815
CF6MRB
PRELIMINARY LOCAL CLIMATOLOGICAL DATA (WS FORM: F-6)
STATION: MARTINSBURG WV
MONTH: SEPTEMBER
YEAR: 2023
LATITUDE: 39 24 N
LONGITUDE: 77 58 W
TEMPERATURE IN F: :PCPN: SNOW: WIND :SUNSHINE: SKY :PK WND
================================================================================
1 2 3 4 5 6A 6B 7 8 9 10 11 12 13 14 15 16 17 18
12Z AVG MX 2MIN
DY MAX MIN AVG DEP HDD CDD WTR SNW DPTH SPD SPD DIR MIN PSBL S-S WX SPD DR
================================================================================
1 79 48 64 -7 1 0 0.00 M M 2.9 10 130 M M 0 15 140
2 88 48 68 -3 0 3 0.00 M M 2.4 10 320 M M 0 15 270
3 93 63 78 7 0 13 0.00 M M 5.9 17 280 M M 0 23 250
4 96 66 81 10 0 16 0.00 M M 7.6 16 330 M M 0 21 270
5 95 64 80 10 0 15 0.00 M M 5.0 14 10 M M 0 20 310
6 95 63 79 9 0 14 0.00 M M 2.5 14 350 M M 0 1 20 320
7 90 66 78 8 0 13 0.10 M M 2.5 25 280 M M 5 13 33 270
8 83 62 73 3 0 8 0.51 M M 3.0 15 190 M M 3 123 23 200
9 86 63 75 6 0 10 0.20 M M 4.0 23 130 M M 5 123 33 140
10 75 62 69 0 0 4 0.08 M M 1.4 7 300 M M 5 1 13 180
11 83 60 72 4 0 7 0.41 M M 4.5 15 330 M M 5 12 20 330
12 84 55 70 2 0 5 0.10 M M 2.3 13 340 M M 2 1 16 230
13 78 61 70 2 0 5 0.00 M M 4.2 13 300 M M 8 16 310
14 75 50 63 -5 2 0 0.00 M M 6.9 15 340 M M 1 20 340
15 74 50 62 -5 3 0 0.00 M M 6.6 15 340 M M 0 21 360
16 77 43 60 -7 5 0 0.00 M M 2.5 12 320 M M 0 15 320
17 57 51 54 -12 11 0 0.68 0.0 0 2.0 8 20 M M 8 1 14 170
18 74 52 63 -3 2 0 0.06 M M 7.7 18 310 M M 5 1 25 290
19 72 48 60 -6 5 0 0.00 M M 5.9 17 280 M M 1 26 340
20 74 47 61 -4 4 0 0.00 M M 1.3 10 310 M M 3 14 320
21 76 45 61 -4 4 0 0.00 M M 3.0 9 20 M M 0 1 12 320
22 70 51 61 -3 4 0 0.00 M M 6.4 14 90 M M 1 21 70
23 59 53 56 -8 9 0 1.19 M M 12.5 21 10 M M 9 1 29 10
24 64 56 60 -4 5 0 0.52 M M 9.6 17 10 M M 10 1 24 20
25 67 56 62 -1 3 0 0.02 M M 6.0 13 60 M M 10 1 17 70
26 57 53 55 -8 10 0 0.01 M M 5.8 12 20 M M 10 1 18 360
27 68 48 58 -4 7 0 0.00 M M 3.5 12 70 M M 5 16 70
28 69 44 57 -5 8 0 T M M 3.3 9 70 M M 5 1 14 350
29 66 57 62 0 3 0 0.00 M M 5.4 10 340 M M 10 1 13 350
30 76 54 65 4 0 0 0.00 M M 4.3 15 30 M M 5 21 40
================================================================================
SM 2300 1639 86 113 3.88 0.0 140.9 M 116
================================================================================
AV 76.7 54.6 4.7 FASTST M M 4 MAX(MPH)
MISC ----> 25 280 # 33 270
================================================================================
NOTES:
# LAST OF SEVERAL OCCURRENCES
COLUMN 17 PEAK WIND IN M.P.H.
PRELIMINARY LOCAL CLIMATOLOGICAL DATA (WS FORM: F-6) , PAGE 2
STATION: MARTINSBURG WV
MONTH: SEPTEMBER
YEAR: 2023
LATITUDE: 39 24 N
LONGITUDE: 77 58 W
[TEMPERATURE DATA] [PRECIPITATION DATA] SYMBOLS USED IN COLUMN 16
AVERAGE MONTHLY: 65.7 TOTAL FOR MONTH: 3.88 1 = FOG OR MIST
DPTR FM NORMAL: -1.0 DPTR FM NORMAL: -0.15 2 = FOG REDUCING VISIBILITY
HIGHEST: 96 ON 4 GRTST 24HR 1.49 ON 23-24 TO 1/4 MILE OR LESS
LOWEST: 43 ON 16 3 = THUNDER
SNOW, ICE PELLETS, HAIL 4 = ICE PELLETS
TOTAL MONTH: 0.0 INCH 5 = HAIL
GRTST 24HR 0.0 6 = FREEZING RAIN OR DRIZZLE
GRTST DEPTH: 0 7 = DUSTSTORM OR SANDSTORM:
VSBY 1/2 MILE OR LESS
8 = SMOKE OR HAZE
[NO. OF DAYS WITH] [WEATHER - DAYS WITH] 9 = BLOWING SNOW
X = TORNADO
MAX 32 OR BELOW: 0 0.01 INCH OR MORE: 12
MAX 90 OR ABOVE: 5 0.10 INCH OR MORE: 8
MIN 32 OR BELOW: 0 0.50 INCH OR MORE: 4
MIN 0 OR BELOW: 0 1.00 INCH OR MORE: 1
[HDD (BASE 65) ]
TOTAL THIS MO. 86 CLEAR (SCALE 0-3) 14
DPTR FM NORMAL 23 PTCLDY (SCALE 4-7) 11
TOTAL FM JUL 1 87 CLOUDY (SCALE 8-10) 5
DPTR FM NORMAL 22
[CDD (BASE 65) ]
TOTAL THIS MO. 113
DPTR FM NORMAL -1 [PRESSURE DATA]
TOTAL FM JAN 1 749 HIGHEST SLP 30.34 ON 27
DPTR FM NORMAL -249 LOWEST SLP 29.76 ON 7
[REMARKS]
#FINAL-09-23#