000
CXUS52 KMHX 011337
CF6MRH
PRELIMINARY LOCAL CLIMATOLOGICAL DATA (WS FORM: F-6)
STATION: BEAUFORT/SMITH FIELD NC
MONTH: JANUARY
YEAR: 2023
LATITUDE: 34 43 N
LONGITUDE: 76 39 W
TEMPERATURE IN F: :PCPN: SNOW: WIND :SUNSHINE: SKY :PK WND
================================================================================
1 2 3 4 5 6A 6B 7 8 9 10 11 12 13 14 15 16 17 18
12Z AVG MX 2MIN
DY MAX MIN AVG DEP HDD CDD WTR SNW DPTH SPD SPD DIR MIN PSBL S-S WX SPD DR
================================================================================
1 70 50 60 13 5 0 0.00 0.0 0 4.8 10 240 M M 3 12 15 230
2 65 46 56 9 9 0 0.00 0.0 0 2.9 9 220 M M 1 12 13 240
3 72 49 61 14 4 0 0.00 0.0 0 6.7 14 210 M M 1 12 17 210
4 72 62 67 20 0 2 0.17 0.0 0 11.9 25 210 M M 3 123 37 230
5 67 57 62 15 3 0 0.00 0.0 0 9.9 18 220 M M 3 24 220
6 62 47 55 8 10 0 0.00 0.0 0 9.5 16 280 M M 0 20 250
7 56 37 47 1 18 0 0.00 0.0 0 4.4 13 340 M M 1 16 10
8 59 33 46 0 19 0 0.10 0.0 0 4.2 9 130 M M 5 1 12 100
9 58 38 48 2 17 0 0.07 0.0 0 6.9 23 330 M M 4 1 29 320
10 55 32 44 -2 21 0 0.00 0.0 0 2.3 9 210 M M 0 10 210
11 59 35 47 1 18 0 0.00 0.0 0 M 9 120 M M M M M
12 71 51 61 15 4 0 0.28 0.0 0 M 18 180 M M 9 1 M M
13 66 49 58 12 7 0 0.09 0.0 0 10.4 32 250 M M 8 13 47 240
14 49 36 43 -3 22 0 0.00 0.0 0 15.0 29 330 M M 8 36 330
15 47 33 40 -6 25 0 0.00 0.0 0 12.4 22 330 M M 2 28 340
16 56 34 45 -1 20 0 0.00 0.0 0 8.6 15 330 M M 0 18 330
17 59 39 49 3 16 0 0.03 0.0 0 10.6 21 220 M M 4 25 230
18 61 48 55 9 10 0 0.00 0.0 0 7.1 14 220 M M 3 12 16 220
19 67 48 58 12 7 0 0.00 0.0 0 10.6 23 230 M M 4 12 31 230
20 65 45 55 9 10 0 0.00 0.0 0 10.8 23 230 M M 0 29 240
21 51 38 45 -1 20 0 0.00 0.0 0 8.1 15 10 M M 0 8 20 10
22 63 43 53 7 12 0 1.74 0.0 0 9.6 16 230 M M 8 1 23 70
23 61 42 52 6 13 0 0.06 0.0 0 14.6 24 300 M M 5 1 42 260
24 50 35 43 -3 22 0 0.00 0.0 0 5.6 13 310 M M 0 16 320
25 68 35 52 6 13 0 0.64 0.0 0 12.6 33 210 M M 6 13 51 220
26 62 48 55 9 10 0 0.09 0.0 0 13.2 22 280 M M 2 1 27 220
27 51 36 44 -2 21 0 0.00 0.0 0 7.2 14 290 M M 0 16 220
28 56 31 44 -2 21 0 0.00 0.0 0 4.0 10 190 M M 0 12 190
29 67 38 53 7 12 0 0.01 0.0 0 3.3 8 130 M M 2 12 130
30 59 55 57 11 8 0 1.04 0.0 0 4.6 10 330 M M 10 1 13 330
31 59 53 56 10 9 0 0.02 0.0 0 2.8 9 220 M M 10 1 10 220
================================================================================
SM 1883 1323 406 2 4.34 0.0 234.6 M 102
================================================================================
AV 60.7 42.7 8.1 FASTST M M 3 MAX(MPH)
MISC ----> 33 210 51 220
================================================================================
NOTES:
# LAST OF SEVERAL OCCURRENCES
COLUMN 17 PEAK WIND IN M.P.H.
PRELIMINARY LOCAL CLIMATOLOGICAL DATA (WS FORM: F-6) , PAGE 2
STATION: BEAUFORT/SMITH FIELD NC
MONTH: JANUARY
YEAR: 2023
LATITUDE: 34 43 N
LONGITUDE: 76 39 W
[TEMPERATURE DATA] [PRECIPITATION DATA] SYMBOLS USED IN COLUMN 16
AVERAGE MONTHLY: 51.7 TOTAL FOR MONTH: 4.34 1 = FOG OR MIST
DPTR FM NORMAL: 5.5 DPTR FM NORMAL: 0.17 2 = FOG REDUCING VISIBILITY
HIGHEST: 72 ON 4, 3 GRTST 24HR 1.80 ON 22-23 TO 1/4 MILE OR LESS
LOWEST: 31 ON 28 3 = THUNDER
SNOW, ICE PELLETS, HAIL 4 = ICE PELLETS
TOTAL MONTH: 0.0 INCH 5 = HAIL
GRTST 24HR 0.0 6 = FREEZING RAIN OR DRIZZLE
GRTST DEPTH: 0 7 = DUSTSTORM OR SANDSTORM:
VSBY 1/2 MILE OR LESS
8 = SMOKE OR HAZE
[NO. OF DAYS WITH] [WEATHER - DAYS WITH] 9 = BLOWING SNOW
X = TORNADO
MAX 32 OR BELOW: 0 0.01 INCH OR MORE: 13
MAX 90 OR ABOVE: 0 0.10 INCH OR MORE: 6
MIN 32 OR BELOW: 2 0.50 INCH OR MORE: 3
MIN 0 OR BELOW: 0 1.00 INCH OR MORE: 2
[HDD (BASE 65) ]
TOTAL THIS MO. 406 CLEAR (SCALE 0-3) 18
DPTR FM NORMAL -177 PTCLDY (SCALE 4-7) 9
TOTAL FM JUL 1 1150 CLOUDY (SCALE 8-10) 4
DPTR FM NORMAL -253
[CDD (BASE 65) ]
TOTAL THIS MO. 2
DPTR FM NORMAL 2 [PRESSURE DATA]
TOTAL FM JAN 1 2 HIGHEST SLP 30.47 ON 28
DPTR FM NORMAL 2 LOWEST SLP 29.58 ON 13
[REMARKS]
#FINAL-01-23#