000
CXUS54 KHUN 021435
CF6MSL
PRELIMINARY LOCAL CLIMATOLOGICAL DATA (WS FORM: F-6)
STATION: MUSCLE SHOALS
MONTH: NOVEMBER
YEAR: 2022
LATITUDE: 34 45 N
LONGITUDE: 87 37 W
TEMPERATURE IN F: :PCPN: SNOW: WIND :SUNSHINE: SKY :PK WND
================================================================================
1 2 3 4 5 6A 6B 7 8 9 10 11 12 13 14 15 16 17 18
12Z AVG MX 2MIN
DY MAX MIN AVG DEP HDD CDD WTR SNW DPTH SPD SPD DIR MIN PSBL S-S WX SPD DR
================================================================================
1 76 49 63 6 2 0 0.00 0.0 0 1.5 8 350 M M 3 12 12 280
2 78 51 65 8 0 0 0.00 0.0 0 2.0 10 20 M M 2 15 30
3 79 46 63 7 2 0 0.00 0.0 0 2.5 9 140 M M 0 1 14 110
4 80 53 67 11 0 2 0.00 0.0 0 8.8 18 140 M M 2 28 150
5 69 63 66 10 0 1 0.27 0.0 0 11.4 29 150 M M 8 1 42 150
6 74 63 69 14 0 4 0.06 0.0 0 3.1 10 190 M M 10 1 16 190
7 82 64 73 18 0 8 0.03 0.0 0 4.8 13 40 M M 6 1 19 50
8 83 60 72 17 0 7 0.00 0.0 0 3.3 10 40 M M 4 1 14 30
9 76 54 65 11 0 0 0.00 0.0 0 5.8 14 140 M M 0 8 18 110
10 73 47 60 6 5 0 0.00 0.0 0 5.2 13 80 M M 5 19 110
11 76 57 67 13 0 2 0.19 0.0 0 6.3 15 290 M M 6 1 20 290
12 58 34 46 -7 19 0 0.12 T 0 9.5 20 320 M M 10 1 26 320
13 42 30 36 -17 29 0 0.00 0.0 0 8.2 16 20 M M 6 25 140
14 56 28 42 -11 23 0 0.00 0.0 0 5.6 13 70 M M 1 18 150
15 50 43 47 -5 18 0 0.23 0.0 0 7.2 14 310 M M 10 1 20 330
16 51 33 42 -10 23 0 0.00 0.0 0 6.2 17 280 M M M 23 280
17 46 25 36 -16 29 0 0.00 0.0 0 5.1 15 280 M M 0 22 300
18 52 22 37 -15 28 0 0.00 0.0 0 4.0 17 290 M M 1 24 290
19 46 25 36 -15 29 0 0.00 0.0 0 4.6 15 280 M M 2 20 290
20 46 22 34 -17 31 0 0.00 0.0 0 4.6 16 40 M M 0 21 40
21 55 20 38 -13 27 0 0.00 0.0 0 0.5 7 140 M M 3 10 120
22 61 30 46 -4 19 0 0.00 0.0 0 0.9 7 180 M M 2 11 190
23 67 29 48 -2 17 0 0.00 0.0 0 1.2 8 70 M M 0 8 11 40
24 71 38 55 5 10 0 0.01 0.0 0 4.6 16 150 M M 2 19 150
25 70 52 61 11 4 0 0.01 0.0 0 5.2 16 30 M M 6 1 22 30
26 65 45 55 6 10 0 0.40 0.0 0 6.5 21 160 M M 5 1 27 160
27 67 49 58 9 7 0 0.02 0.0 0 13.8 30 250 M M 9 1 42 270
28 64 40 52 3 13 0 0.00 0.0 0 2.2 8 320 M M 2 13 230
29 68 41 55 6 10 0 2.61 0.0 0 8.7 25 280 M M 4 13 34 280
30 65 36 51 3 14 0 0.24 0.0 0 8.2 25 310 M M 4 13 44 300
================================================================================
SM 1946 1249 369 24 4.19 T 161.5 M 113
================================================================================
AV 64.9 41.6 5.4 FASTST M M 4 MAX(MPH)
MISC ----> 30 250 44 300
================================================================================
NOTES:
# LAST OF SEVERAL OCCURRENCES
COLUMN 17 PEAK WIND IN M.P.H.
PRELIMINARY LOCAL CLIMATOLOGICAL DATA (WS FORM: F-6) , PAGE 2
STATION: MUSCLE SHOALS
MONTH: NOVEMBER
YEAR: 2022
LATITUDE: 34 45 N
LONGITUDE: 87 37 W
[TEMPERATURE DATA] [PRECIPITATION DATA] SYMBOLS USED IN COLUMN 16
AVERAGE MONTHLY: 53.3 TOTAL FOR MONTH: 4.19 1 = FOG OR MIST
DPTR FM NORMAL: 0.8 DPTR FM NORMAL: 0.04 2 = FOG REDUCING VISIBILITY
HIGHEST: 83 ON 8 GRTST 24HR 2.85 ON 29-30 TO 1/4 MILE OR LESS
LOWEST: 20 ON 21 3 = THUNDER
SNOW, ICE PELLETS, HAIL 4 = ICE PELLETS
TOTAL MONTH: T 5 = HAIL
GRTST 24HR T ON 12-12 6 = FREEZING RAIN OR DRIZZLE
GRTST DEPTH: 0 7 = DUSTSTORM OR SANDSTORM:
VSBY 1/2 MILE OR LESS
8 = SMOKE OR HAZE
[NO. OF DAYS WITH] [WEATHER - DAYS WITH] 9 = BLOWING SNOW
X = TORNADO
MAX 32 OR BELOW: 0 0.01 INCH OR MORE: 12
MAX 90 OR ABOVE: 0 0.10 INCH OR MORE: 7
MIN 32 OR BELOW: 9 0.50 INCH OR MORE: 1
MIN 0 OR BELOW: 0 1.00 INCH OR MORE: 1
[HDD (BASE 65) ]
TOTAL THIS MO. 369 CLEAR (SCALE 0-3) 14
DPTR FM NORMAL -15 PTCLDY (SCALE 4-7) 11
TOTAL FM JUL 1 532 CLOUDY (SCALE 8-10) 5
DPTR FM NORMAL 14
[CDD (BASE 65) ]
TOTAL THIS MO. 24
DPTR FM NORMAL 15 [PRESSURE DATA]
TOTAL FM JAN 1 2194 HIGHEST SLP 30.51 ON 20
DPTR FM NORMAL 101 LOWEST SLP 29.59 ON 27
[REMARKS]
#FINAL-11-22#